-- Data for Name: horilla_automations_mailautomation_also_sent_to; Type: TABLE DATA; Schema: public; Owner: horilla
--

COPY public.horilla_automations_mailautomation_also_sent_to (id, mailautomation_id, employee_id) FROM stdin;
1	1	13
\.


--
-- Data for Name: horilla_automations_mailautomation_template_attachments; Type: TABLE DATA; Schema: public; Owner: horilla
--

COPY public.horilla_automations_mailautomation_template_attachments (id, mailautomation_id, horillamailtemplate_id) FROM stdin;
\.


--
-- Data for Name: horilla_backup_googledrivebackup; Type: TABLE DATA; Schema: public; Owner: horilla
--

COPY public.horilla_backup_googledrivebackup (id, service_account_file, gdrive_folder_id, backup_media, backup_db, "interval", fixed, seconds, hour, minute, active) FROM stdin;
\.


--
-- Data for Name: horilla_backup_localbackup; Type: TABLE DATA; Schema: public; Owner: horilla
--

COPY public.horilla_backup_localbackup (id, backup_path, backup_media, backup_db, "interval", fixed, seconds, hour, minute, active) FROM stdin;
\.


--
-- Data for Name: horilla_documents_document; Type: TABLE DATA; Schema: public; Owner: horilla
--

COPY public.horilla_documents_document (id, created_at, is_active, title, document, status, reject_reason, issue_date, expiry_date, notify_before, is_digital_asset, created_by_id, document_request_id_id, employee_id_id, modified_by_id) FROM stdin;
1	2025-06-21 10:49:33.102+05:30	t	Upload Passport		requested	\N	\N	\N	1	f	1	1	12	1
2	2025-06-21 10:49:33.109+05:30	t	Upload Passport		requested	\N	\N	\N	1	f	1	1	13	1
3	2025-06-21 10:49:33.114+05:30	t	Upload Passport		requested	\N	\N	\N	1	f	1	1	11	1
4	2025-06-21 10:49:33.118+05:30	t	Upload Passport		requested	\N	\N	\N	1	f	1	1	16	1
5	2025-06-21 10:49:33.123+05:30	t	Upload Passport		requested	\N	\N	\N	1	f	1	1	18	1
6	2025-06-21 10:49:33.129+05:30	t	Upload Passport		requested	\N	\N	\N	1	f	1	1	14	1
7	2025-06-21 10:49:33.134+05:30	t	Upload Passport		requested	\N	\N	\N	1	f	1	1	15	1
8	2025-06-21 10:49:33.138+05:30	t	Upload Passport		requested	\N	\N	\N	1	f	1	1	10	1
9	2025-06-21 10:49:33.144+05:30	t	Upload Passport		requested	\N	\N	\N	1	f	1	1	17	1
10	2025-06-21 10:49:33.149+05:30	t	Upload Passport		requested	\N	\N	\N	1	f	1	1	19	1
11	2025-06-21 10:50:12.181+05:30	t	Upload PAN CARD		requested	\N	\N	\N	1	f	1	2	37	1
12	2025-06-21 10:50:12.186+05:30	t	Upload PAN CARD		requested	\N	\N	\N	1	f	1	2	40	1
13	2025-06-21 10:50:12.193+05:30	t	Upload PAN CARD		requested	\N	\N	\N	1	f	1	2	36	1
14	2025-06-21 10:50:12.197+05:30	t	Upload PAN CARD		requested	\N	\N	\N	1	f	1	2	44	1
15	2025-06-21 10:50:12.201+05:30	t	Upload PAN CARD		requested	\N	\N	\N	1	f	1	2	39	1
16	2025-06-21 10:50:12.206+05:30	t	Upload PAN CARD		requested	\N	\N	\N	1	f	1	2	43	1
17	2025-06-21 10:50:12.211+05:30	t	Upload PAN CARD		requested	\N	\N	\N	1	f	1	2	45	1
18	2025-06-21 10:50:12.216+05:30	t	Upload PAN CARD		requested	\N	\N	\N	1	f	1	2	38	1
19	2025-06-21 10:50:12.22+05:30	t	Upload PAN CARD		requested	\N	\N	\N	1	f	1	2	42	1
20	2025-06-21 10:50:12.227+05:30	t	Upload PAN CARD		requested	\N	\N	\N	1	f	1	2	46	1
21	2025-06-21 10:50:12.231+05:30	t	Upload PAN CARD		requested	\N	\N	\N	1	f	1	2	35	1
22	2025-06-21 10:50:12.235+05:30	t	Upload PAN CARD		requested	\N	\N	\N	1	f	1	2	41	1
\.


--
-- Data for Name: horilla_documents_documentrequest; Type: TABLE DATA; Schema: public; Owner: horilla
--

COPY public.horilla_documents_documentrequest (id, created_at, is_active, title, format, max_size, description, created_by_id, modified_by_id) FROM stdin;
1	2025-06-21 10:49:33.069+05:30	t	Passport	pdf	150	Provide your passport	1	1
2	2025-06-21 10:50:12.15+05:30	t	PAN CARD	pdf	150	Provide you pan card	1	1
\.


--
-- Data for Name: horilla_documents_documentrequest_employee_id; Type: TABLE DATA; Schema: public; Owner: horilla
--

COPY public.horilla_documents_documentrequest_employee_id (id, documentrequest_id, employee_id) FROM stdin;
1	1	10
2	1	11
3	1	12
4	1	13
5	1	14
6	1	15
7	1	16
8	1	17
9	1	18
10	1	19
11	2	35
12	2	36
13	2	37
14	2	38
15	2	39
16	2	40
17	2	41
18	2	42
19	2	43
20	2	44
21	2	45
22	2	46
\.


--
-- Data for Name: horilla_views_activegroup; Type: TABLE DATA; Schema: public; Owner: horilla
--

COPY public.horilla_views_activegroup (id, created_at, is_active, path, group_target, group_by_field, created_by_id, modified_by_id) FROM stdin;
1	2025-07-22 12:00:07.046979+05:30	t	/pms/employee-bonus-point-list-view	[data-group="1"][data-field="employee_id"][data-path="/pms/employee-bonus-point-list-view"][data-open="false"]	employee_id	129	129
2	2025-07-29 11:46:17.234847+05:30	t	/project/time-sheet-list/	[data-group="1"][data-field="employee_id"][data-path="/project/time-sheet-list/"][data-open="false"]	employee_id	1	1
\.


--
-- Data for Name: horilla_views_activetab; Type: TABLE DATA; Schema: public; Owner: horilla
--

COPY public.horilla_views_activetab (id, created_at, is_active, path, tab_target, created_by_id, modified_by_id) FROM stdin;
\.


--
-- Data for Name: horilla_views_activeview; Type: TABLE DATA; Schema: public; Owner: horilla
--

COPY public.horilla_views_activeview (id, created_at, is_active, path, type, created_by_id, modified_by_id) FROM stdin;
\.


--
-- Data for Name: horilla_views_savedfilter; Type: TABLE DATA; Schema: public; Owner: horilla
--

COPY public.horilla_views_savedfilter (id, created_at, is_active, title, color, is_default, filter, urlencode, path, referrer, created_by_id, modified_by_id) FROM stdin;
\.


--
-- Data for Name: horilla_views_togglecolumn; Type: TABLE DATA; Schema: public; Owner: horilla
--

COPY public.horilla_views_togglecolumn (id, created_at, is_active, path, excluded_columns, created_by_id, modified_by_id, user_id_id) FROM stdin;
\.


--
-- Data for Name: leave_availableleave; Type: TABLE DATA; Schema: public; Owner: horilla
--

COPY public.leave_availableleave (id, created_at, is_active, available_days, carryforward_days, total_leave_days, assigned_date, reset_date, expired_date, created_by_id, employee_id_id, leave_type_id_id, modified_by_id) FROM stdin;
1	2025-06-22 16:05:05.363+05:30	t	10	0	10	2025-06-22	2025-06-01	\N	1	12	3	1
2	2025-06-22 16:05:05.58+05:30	t	1	0	1	2025-06-22	2025-06-01	\N	1	12	2	1
3	2025-06-22 16:05:05.678+05:30	t	10	0	10	2025-06-22	2025-06-01	\N	1	1	3	1
4	2025-06-22 16:05:05.755+05:30	t	1	0	1	2025-06-22	2025-06-01	\N	1	1	2	1
5	2025-06-22 16:05:05.828+05:30	t	10	0	10	2025-06-22	2025-06-01	\N	1	37	3	1
6	2025-06-22 16:05:05.911+05:30	t	1	0	1	2025-06-22	2025-06-01	\N	1	37	2	1
7	2025-06-22 16:05:06.018+05:30	t	10	0	10	2025-06-22	2025-06-01	\N	1	13	3	1
8	2025-06-22 16:05:06.122+05:30	t	1	0	1	2025-06-22	2025-06-01	\N	1	13	2	1
9	2025-06-22 16:05:06.213+05:30	t	10	0	10	2025-06-22	2025-06-01	\N	1	63	3	1
10	2025-06-22 16:05:06.281+05:30	t	1	0	1	2025-06-22	2025-06-01	\N	1	63	2	1
11	2025-06-22 16:05:06.35+05:30	t	10	0	10	2025-06-22	2025-06-01	\N	1	22	3	1
12	2025-06-22 16:05:06.422+05:30	t	1	0	1	2025-06-22	2025-06-01	\N	1	22	2	1
13	2025-06-22 16:05:06.494+05:30	t	10	0	10	2025-06-22	2025-06-01	\N	1	68	3	1
14	2025-06-22 16:05:06.564+05:30	t	1	0	1	2025-06-22	2025-06-01	\N	1	68	2	1
15	2025-06-22 16:05:06.639+05:30	t	10	0	10	2025-06-22	2025-06-01	\N	1	40	3	1
16	2025-06-22 16:05:06.714+05:30	t	1	0	1	2025-06-22	2025-06-01	\N	1	40	2	1
17	2025-06-22 16:05:06.785+05:30	t	10	0	10	2025-06-22	2025-06-01	\N	1	28	3	1
18	2025-06-22 16:05:06.85+05:30	t	1	0	1	2025-06-22	2025-06-01	\N	1	28	2	1
19	2025-06-22 16:05:06.911+05:30	t	10	0	10	2025-06-22	2025-06-01	\N	1	11	3	1
20	2025-06-22 16:05:06.981+05:30	t	1	0	1	2025-06-22	2025-06-01	\N	1	11	2	1
21	2025-06-22 16:05:07.04+05:30	t	10	0	10	2025-06-22	2025-06-01	\N	1	62	3	1
22	2025-06-22 16:05:07.103+05:30	t	1	0	1	2025-06-22	2025-06-01	\N	1	62	2	1
23	2025-06-22 16:05:07.161+05:30	t	10	0	10	2025-06-22	2025-06-01	\N	1	47	3	1
24	2025-06-22 16:05:07.23+05:30	t	1	0	1	2025-06-22	2025-06-01	\N	1	47	2	1
25	2025-06-22 16:05:07.288+05:30	t	10	0	10	2025-06-22	2025-06-01	\N	1	16	3	1
26	2025-06-22 16:05:07.344+05:30	t	1	0	1	2025-06-22	2025-06-01	\N	1	16	2	1
27	2025-06-22 16:05:07.411+05:30	t	10	0	10	2025-06-22	2025-06-01	\N	1	36	3	1
28	2025-06-22 16:05:07.464+05:30	t	1	0	1	2025-06-22	2025-06-01	\N	1	36	2	1
29	2025-06-22 16:05:07.614+05:30	t	10	0	10	2025-06-22	2025-06-01	\N	1	9	3	1
30	2025-06-22 16:05:07.801+05:30	t	1	0	1	2025-06-22	2025-06-01	\N	1	9	2	1
31	2025-06-22 16:05:07.881+05:30	t	10	0	10	2025-06-22	2025-06-01	\N	1	71	3	1
32	2025-06-22 16:05:07.955+05:30	t	1	0	1	2025-06-22	2025-06-01	\N	1	71	2	1
33	2025-06-22 16:05:08.035+05:30	t	10	0	10	2025-06-22	2025-06-01	\N	1	7	3	1
34	2025-06-22 16:05:08.101+05:30	t	1	0	1	2025-06-22	2025-06-01	\N	1	7	2	1
35	2025-06-22 16:05:08.161+05:30	t	10	0	10	2025-06-22	2025-06-01	\N	1	76	3	1
36	2025-06-22 16:05:08.214+05:30	t	1	0	1	2025-06-22	2025-06-01	\N	1	76	2	1
37	2025-06-22 16:05:08.28+05:30	t	10	0	10	2025-06-22	2025-06-01	\N	1	58	3	1
38	2025-06-22 16:05:08.344+05:30	t	1	0	1	2025-06-22	2025-06-01	\N	1	58	2	1
39	2025-06-22 16:05:08.405+05:30	t	10	0	10	2025-06-22	2025-06-01	\N	1	30	3	1
40	2025-06-22 16:05:08.461+05:30	t	1	0	1	2025-06-22	2025-06-01	\N	1	30	2	1
41	2025-06-22 16:05:08.531+05:30	t	10	0	10	2025-06-22	2025-06-01	\N	1	44	3	1
42	2025-06-22 16:05:08.587+05:30	t	1	0	1	2025-06-22	2025-06-01	\N	1	44	2	1
43	2025-06-22 16:05:08.644+05:30	t	10	0	10	2025-06-22	2025-06-01	\N	1	4	3	1
44	2025-06-22 16:05:08.711+05:30	t	1	0	1	2025-06-22	2025-06-01	\N	1	4	2	1
45	2025-06-22 16:05:08.765+05:30	t	10	0	10	2025-06-22	2025-06-01	\N	1	8	3	1
46	2025-06-22 16:05:08.831+05:30	t	1	0	1	2025-06-22	2025-06-01	\N	1	8	2	1
47	2025-06-22 16:05:08.887+05:30	t	10	0	10	2025-06-22	2025-06-01	\N	1	27	3	1
48	2025-06-22 16:05:08.958+05:30	t	1	0	1	2025-06-22	2025-06-01	\N	1	27	2	1
49	2025-06-22 16:05:09.021+05:30	t	10	0	10	2025-06-22	2025-06-01	\N	1	26	3	1
50	2025-06-22 16:05:09.095+05:30	t	1	0	1	2025-06-22	2025-06-01	\N	1	26	2	1
51	2025-06-22 16:05:09.23+05:30	t	10	0	10	2025-06-22	2025-06-01	\N	1	39	3	1
52	2025-06-22 16:05:09.315+05:30	t	1	0	1	2025-06-22	2025-06-01	\N	1	39	2	1
53	2025-06-22 16:05:09.398+05:30	t	10	0	10	2025-06-22	2025-06-01	\N	1	18	3	1
54	2025-06-22 16:05:09.464+05:30	t	1	0	1	2025-06-22	2025-06-01	\N	1	18	2	1
55	2025-06-22 16:05:09.535+05:30	t	10	0	10	2025-06-22	2025-06-01	\N	1	55	3	1
56	2025-06-22 16:05:09.614+05:30	t	1	0	1	2025-06-22	2025-06-01	\N	1	55	2	1
57	2025-06-22 16:05:09.683+05:30	t	10	0	10	2025-06-22	2025-06-01	\N	1	24	3	1
58	2025-06-22 16:05:09.746+05:30	t	1	0	1	2025-06-22	2025-06-01	\N	1	24	2	1
59	2025-06-22 16:05:09.806+05:30	t	10	0	10	2025-06-22	2025-06-01	\N	1	51	3	1
60	2025-06-22 16:05:09.882+05:30	t	1	0	1	2025-06-22	2025-06-01	\N	1	51	2	1
61	2025-06-22 16:05:09.95+05:30	t	10	0	10	2025-06-22	2025-06-01	\N	1	33	3	1
62	2025-06-22 16:05:10.016+05:30	t	1	0	1	2025-06-22	2025-06-01	\N	1	33	2	1
63	2025-06-22 16:05:10.078+05:30	t	10	0	10	2025-06-22	2025-06-01	\N	1	56	3	1
64	2025-06-22 16:05:10.147+05:30	t	1	0	1	2025-06-22	2025-06-01	\N	1	56	2	1
65	2025-06-22 16:05:10.213+05:30	t	10	0	10	2025-06-22	2025-06-01	\N	1	75	3	1
66	2025-06-22 16:05:10.278+05:30	t	1	0	1	2025-06-22	2025-06-01	\N	1	75	2	1
67	2025-06-22 16:05:10.339+05:30	t	10	0	10	2025-06-22	2025-06-01	\N	1	14	3	1
68	2025-06-22 16:05:10.396+05:30	t	1	0	1	2025-06-22	2025-06-01	\N	1	14	2	1
69	2025-06-22 16:05:10.461+05:30	t	10	0	10	2025-06-22	2025-06-01	\N	1	43	3	1
70	2025-06-22 16:05:10.53+05:30	t	1	0	1	2025-06-22	2025-06-01	\N	1	43	2	1
71	2025-06-22 16:05:10.594+05:30	t	10	0	10	2025-06-22	2025-06-01	\N	1	15	3	1
72	2025-06-22 16:05:10.67+05:30	t	1	0	1	2025-06-22	2025-06-01	\N	1	15	2	1
73	2025-06-22 16:05:10.737+05:30	t	10	0	10	2025-06-22	2025-06-01	\N	1	70	3	1
74	2025-06-22 16:05:10.794+05:30	t	1	0	1	2025-06-22	2025-06-01	\N	1	70	2	1
75	2025-06-22 16:05:10.865+05:30	t	10	0	10	2025-06-22	2025-06-01	\N	1	5	3	1
76	2025-06-22 16:05:10.94+05:30	t	1	0	1	2025-06-22	2025-06-01	\N	1	5	2	1
77	2025-06-22 16:05:11.029+05:30	t	10	0	10	2025-06-22	2025-06-01	\N	1	66	3	1
78	2025-06-22 16:05:11.111+05:30	t	1	0	1	2025-06-22	2025-06-01	\N	1	66	2	1
79	2025-06-22 16:05:11.178+05:30	t	10	0	10	2025-06-22	2025-06-01	\N	1	60	3	1
80	2025-06-22 16:05:11.258+05:30	t	1	0	1	2025-06-22	2025-06-01	\N	1	60	2	1
81	2025-06-22 16:05:11.315+05:30	t	10	0	10	2025-06-22	2025-06-01	\N	1	52	3	1
82	2025-06-22 16:05:11.382+05:30	t	1	0	1	2025-06-22	2025-06-01	\N	1	52	2	1
83	2025-06-22 16:05:11.434+05:30	t	10	0	10	2025-06-22	2025-06-01	\N	1	65	3	1
84	2025-06-22 16:05:11.496+05:30	t	1	0	1	2025-06-22	2025-06-01	\N	1	65	2	1
85	2025-06-22 16:05:11.566+05:30	t	10	0	10	2025-06-22	2025-06-01	\N	1	45	3	1
86	2025-06-22 16:05:11.64+05:30	t	1	0	1	2025-06-22	2025-06-01	\N	1	45	2	1
87	2025-06-22 16:05:11.697+05:30	t	10	0	10	2025-06-22	2025-06-01	\N	1	20	3	1
88	2025-06-22 16:05:11.774+05:30	t	1	0	1	2025-06-22	2025-06-01	\N	1	20	2	1
89	2025-06-22 16:05:11.838+05:30	t	10	0	10	2025-06-22	2025-06-01	\N	1	25	3	1
90	2025-06-22 16:05:11.961+05:30	t	1	0	1	2025-06-22	2025-06-01	\N	1	25	2	1
91	2025-06-22 16:05:12.038+05:30	t	10	0	10	2025-06-22	2025-06-01	\N	1	21	3	1
92	2025-06-22 16:05:12.111+05:30	t	1	0	1	2025-06-22	2025-06-01	\N	1	21	2	1
93	2025-06-22 16:05:12.182+05:30	t	10	0	10	2025-06-22	2025-06-01	\N	1	59	3	1
94	2025-06-22 16:05:12.241+05:30	t	1	0	1	2025-06-22	2025-06-01	\N	1	59	2	1
95	2025-06-22 16:05:12.312+05:30	t	10	0	10	2025-06-22	2025-06-01	\N	1	32	3	1
96	2025-06-22 16:05:12.371+05:30	t	1	0	1	2025-06-22	2025-06-01	\N	1	32	2	1
97	2025-06-22 16:05:12.43+05:30	t	10	0	10	2025-06-22	2025-06-01	\N	1	23	3	1
98	2025-06-22 16:05:12.496+05:30	t	1	0	1	2025-06-22	2025-06-01	\N	1	23	2	1
99	2025-06-22 16:05:12.566+05:30	t	10	0	10	2025-06-22	2025-06-01	\N	1	6	3	1
100	2025-06-22 16:05:12.631+05:30	t	1	0	1	2025-06-22	2025-06-01	\N	1	6	2	1
101	2025-06-22 16:05:12.694+05:30	t	10	0	10	2025-06-22	2025-06-01	\N	1	10	3	1
102	2025-06-22 16:05:12.749+05:30	t	1	0	1	2025-06-22	2025-06-01	\N	1	10	2	1
103	2025-06-22 16:05:12.822+05:30	t	10	0	10	2025-06-22	2025-06-01	\N	1	2	3	1
104	2025-06-22 16:05:12.902+05:30	t	1	0	1	2025-06-22	2025-06-01	\N	1	2	2	1
105	2025-06-22 16:05:12.961+05:30	t	10	0	10	2025-06-22	2025-06-01	\N	1	38	3	1
106	2025-06-22 16:05:13.028+05:30	t	1	0	1	2025-06-22	2025-06-01	\N	1	38	2	1
107	2025-06-22 16:05:13.099+05:30	t	10	0	10	2025-06-22	2025-06-01	\N	1	50	3	1
108	2025-06-22 16:05:13.161+05:30	t	1	0	1	2025-06-22	2025-06-01	\N	1	50	2	1
109	2025-06-22 16:05:13.244+05:30	t	10	0	10	2025-06-22	2025-06-01	\N	1	64	3	1
110	2025-06-22 16:05:13.297+05:30	t	1	0	1	2025-06-22	2025-06-01	\N	1	64	2	1
111	2025-06-22 16:05:13.364+05:30	t	10	0	10	2025-06-22	2025-06-01	\N	1	17	3	1
112	2025-06-22 16:05:13.428+05:30	t	1	0	1	2025-06-22	2025-06-01	\N	1	17	2	1
113	2025-06-22 16:05:13.48+05:30	t	10	0	10	2025-06-22	2025-06-01	\N	1	42	3	1
114	2025-06-22 16:05:13.547+05:30	t	1	0	1	2025-06-22	2025-06-01	\N	1	42	2	1
115	2025-06-22 16:05:13.606+05:30	t	10	0	10	2025-06-22	2025-06-01	\N	1	72	3	1
116	2025-06-22 16:05:13.663+05:30	t	1	0	1	2025-06-22	2025-06-01	\N	1	72	2	1
117	2025-06-22 16:05:13.727+05:30	t	10	0	10	2025-06-22	2025-06-01	\N	1	31	3	1
118	2025-06-22 16:05:13.779+05:30	t	1	0	1	2025-06-22	2025-06-01	\N	1	31	2	1
119	2025-06-22 16:05:13.837+05:30	t	10	0	10	2025-06-22	2025-06-01	\N	1	46	3	1
120	2025-06-22 16:05:13.897+05:30	t	1	0	1	2025-06-22	2025-06-01	\N	1	46	2	1
121	2025-06-22 16:05:13.974+05:30	t	10	0	10	2025-06-22	2025-06-01	\N	1	74	3	1
122	2025-06-22 16:05:14.031+05:30	t	1	0	1	2025-06-22	2025-06-01	\N	1	74	2	1
123	2025-06-22 16:05:14.099+05:30	t	10	0	10	2025-06-22	2025-06-01	\N	1	57	3	1
124	2025-06-22 16:05:14.163+05:30	t	1	0	1	2025-06-22	2025-06-01	\N	1	57	2	1
125	2025-06-22 16:05:14.246+05:30	t	10	0	10	2025-06-22	2025-06-01	\N	1	54	3	1
126	2025-06-22 16:05:14.312+05:30	t	1	0	1	2025-06-22	2025-06-01	\N	1	54	2	1
127	2025-06-22 16:05:14.378+05:30	t	10	0	10	2025-06-22	2025-06-01	\N	1	61	3	1
128	2025-06-22 16:05:14.428+05:30	t	1	0	1	2025-06-22	2025-06-01	\N	1	61	2	1
129	2025-06-22 16:05:14.493+05:30	t	10	0	10	2025-06-22	2025-06-01	\N	1	19	3	1
130	2025-06-22 16:05:14.547+05:30	t	1	0	1	2025-06-22	2025-06-01	\N	1	19	2	1
131	2025-06-22 16:05:14.594+05:30	t	10	0	10	2025-06-22	2025-06-01	\N	1	3	3	1
132	2025-06-22 16:05:14.646+05:30	t	1	0	1	2025-06-22	2025-06-01	\N	1	3	2	1
133	2025-06-22 16:05:14.696+05:30	t	10	0	10	2025-06-22	2025-06-01	\N	1	34	3	1
134	2025-06-22 16:05:14.744+05:30	t	1	0	1	2025-06-22	2025-06-01	\N	1	34	2	1
135	2025-06-22 16:05:14.794+05:30	t	10	0	10	2025-06-22	2025-06-01	\N	1	35	3	1
136	2025-06-22 16:05:14.846+05:30	t	1	0	1	2025-06-22	2025-06-01	\N	1	35	2	1
137	2025-06-22 16:05:14.896+05:30	t	10	0	10	2025-06-22	2025-06-01	\N	1	69	3	1
138	2025-06-22 16:05:14.944+05:30	t	1	0	1	2025-06-22	2025-06-01	\N	1	69	2	1
139	2025-06-22 16:05:15.011+05:30	t	10	0	10	2025-06-22	2025-06-01	\N	1	73	3	1
140	2025-06-22 16:05:15.061+05:30	t	1	0	1	2025-06-22	2025-06-01	\N	1	73	2	1
141	2025-06-22 16:05:15.113+05:30	t	10	0	10	2025-06-22	2025-06-01	\N	1	53	3	1
142	2025-06-22 16:05:15.162+05:30	t	1	0	1	2025-06-22	2025-06-01	\N	1	53	2	1
143	2025-06-22 16:05:15.212+05:30	t	10	0	10	2025-06-22	2025-06-01	\N	1	48	3	1
144	2025-06-22 16:05:15.278+05:30	t	1	0	1	2025-06-22	2025-06-01	\N	1	48	2	1
145	2025-06-22 16:05:15.338+05:30	t	10	0	10	2025-06-22	2025-06-01	\N	1	67	3	1
146	2025-06-22 16:05:15.388+05:30	t	1	0	1	2025-06-22	2025-06-01	\N	1	67	2	1
147	2025-06-22 16:05:15.444+05:30	t	10	0	10	2025-06-22	2025-06-01	\N	1	29	3	1
148	2025-06-22 16:05:15.504+05:30	t	1	0	1	2025-06-22	2025-06-01	\N	1	29	2	1
149	2025-06-22 16:05:15.578+05:30	t	10	0	10	2025-06-22	2025-06-01	\N	1	41	3	1
150	2025-06-22 16:05:15.628+05:30	t	1	0	1	2025-06-22	2025-06-01	\N	1	41	2	1
151	2025-06-22 16:05:15.685+05:30	t	10	0	10	2025-06-22	2025-06-01	\N	1	49	3	1
152	2025-06-22 16:05:15.743+05:30	t	1	0	1	2025-06-22	2025-06-01	\N	1	49	2	1
155	2025-07-17 14:56:50.420339+05:30	t	14	0	14	2025-07-17	\N	\N	1	127	7	129
154	2025-07-17 14:53:57.575147+05:30	t	13.5	0	13.5	2025-07-17	\N	\N	1	127	6	1
\.


--
-- Data for Name: leave_companyleave; Type: TABLE DATA; Schema: public; Owner: horilla
--

COPY public.leave_companyleave (id, created_at, is_active, based_on_week, based_on_week_day, company_id_id, created_by_id, modified_by_id) FROM stdin;
\.


--
-- Data for Name: leave_compensatoryleaverequest; Type: TABLE DATA; Schema: public; Owner: horilla
--

COPY public.leave_compensatoryleaverequest (id, created_at, is_active, requested_days, requested_date, description, status, reject_reason, created_by_id, employee_id_id, leave_type_id_id, modified_by_id) FROM stdin;
\.


--
-- Data for Name: leave_compensatoryleaverequest_attendance_id; Type: TABLE DATA; Schema: public; Owner: horilla
--

COPY public.leave_compensatoryleaverequest_attendance_id (id, compensatoryleaverequest_id, attendance_id) FROM stdin;
\.


--
-- Data for Name: leave_compensatoryleaverequestcomment; Type: TABLE DATA; Schema: public; Owner: horilla
--

COPY public.leave_compensatoryleaverequestcomment (id, created_at, is_active, comment, created_by_id, employee_id_id, modified_by_id, request_id_id) FROM stdin;
\.


--
-- Data for Name: leave_compensatoryleaverequestcomment_files; Type: TABLE DATA; Schema: public; Owner: horilla
--

COPY public.leave_compensatoryleaverequestcomment_files (id, compensatoryleaverequestcomment_id, leaverequestfile_id) FROM stdin;
\.


--
-- Data for Name: leave_employeepastleaverestrict; Type: TABLE DATA; Schema: public; Owner: horilla
--

COPY public.leave_employeepastleaverestrict (id, created_at, is_active, enabled, created_by_id, modified_by_id) FROM stdin;
1	2025-06-21 10:10:18.153+05:30	t	t	\N	\N
\.


--
-- Data for Name: leave_historicalavailableleave; Type: TABLE DATA; Schema: public; Owner: horilla
--

COPY public.leave_historicalavailableleave (id, created_at, is_active, history_title, history_description, history_highlight, available_days, carryforward_days, total_leave_days, assigned_date, reset_date, expired_date, history_id, history_date, history_change_reason, history_type, created_by_id, employee_id_id, history_relation_id, history_user_id, leave_type_id_id, modified_by_id) FROM stdin;
153	2025-07-17 14:50:24.258875+05:30	t	\N	\N	f	11	0	11	2025-07-17	2026-01-01	\N	1	2025-07-17 14:50:24.26154+05:30	\N	+	1	127	153	1	5	1
153	2025-07-17 14:50:24.258875+05:30	f	\N	\N	f	20	0	20	2025-07-17	2026-01-01	\N	2	2025-07-17 14:52:33.318602+05:30	\N	~	1	127	153	1	5	1
154	2025-07-17 14:53:57.575147+05:30	t	\N	\N	f	20	0	20	2025-07-17	\N	\N	3	2025-07-17 14:53:57.580593+05:30	\N	+	1	127	154	1	6	1
153	2025-07-17 14:50:24.258875+05:30	f	\N	\N	f	20	0	20	2025-07-17	2026-01-01	\N	4	2025-07-17 14:56:24.084089+05:30	\N	-	1	127	153	1	5	1
155	2025-07-17 14:56:50.420339+05:30	t	\N	\N	f	20	0	20	2025-07-17	\N	\N	5	2025-07-17 14:56:50.426923+05:30	\N	+	1	127	155	1	7	1
155	2025-07-17 14:56:50.420339+05:30	t	\N	\N	f	20	0	20	2025-07-17	\N	\N	6	2025-07-17 16:03:37.054586+05:30	\N	~	1	127	155	1	7	1
154	2025-07-17 14:53:57.575147+05:30	t	\N	\N	f	19	0	19	2025-07-17	\N	\N	7	2025-07-17 16:03:40.183603+05:30	\N	~	1	127	154	1	6	1
154	2025-07-17 14:53:57.575147+05:30	t	\N	\N	f	18.5	0	18.5	2025-07-17	\N	\N	8	2025-07-17 16:04:07.658491+05:30	\N	~	1	127	154	1	6	1
155	2025-07-17 14:56:50.420339+05:30	t	\N	\N	f	19	0	19	2025-07-17	\N	\N	9	2025-07-18 16:11:17.162433+05:30	\N	~	1	127	155	1	7	1
154	2025-07-17 14:53:57.575147+05:30	t	\N	\N	f	17.5	0	17.5	2025-07-17	\N	\N	10	2025-07-18 17:18:58.988125+05:30	\N	~	1	127	154	1	6	1
155	2025-07-17 14:56:50.420339+05:30	t	\N	\N	f	18	0	18	2025-07-17	\N	\N	11	2025-07-18 17:19:02.865657+05:30	\N	~	1	127	155	1	7	1
155	2025-07-17 14:56:50.420339+05:30	t	\N	\N	f	16	0	16	2025-07-17	\N	\N	12	2025-07-18 17:56:37.74269+05:30	\N	~	1	127	155	129	7	129
155	2025-07-17 14:56:50.420339+05:30	t	\N	\N	f	14	0	14	2025-07-17	\N	\N	13	2025-07-18 17:56:38.866733+05:30	\N	~	1	127	155	129	7	129
154	2025-07-17 14:53:57.575147+05:30	t	\N	\N	f	16.5	0	16.5	2025-07-17	\N	\N	14	2025-07-18 17:58:11.027846+05:30	\N	~	1	127	154	129	6	129
154	2025-07-17 14:53:57.575147+05:30	t	\N	\N	f	14.5	0	14.5	2025-07-17	\N	\N	15	2025-07-23 11:32:12.286153+05:30	\N	~	1	127	154	1	6	1
154	2025-07-17 14:53:57.575147+05:30	t	\N	\N	f	13.5	0	13.5	2025-07-17	\N	\N	16	2025-07-29 17:36:23.710756+05:30	\N	~	1	127	154	1	6	1
\.


--
-- Data for Name: leave_historicalavailableleave_history_tags; Type: TABLE DATA; Schema: public; Owner: horilla
--

COPY public.leave_historicalavailableleave_history_tags (id, historicalavailableleave_id, audittag_id) FROM stdin;
\.


--
-- Data for Name: leave_historicalcompensatoryleaverequest; Type: TABLE DATA; Schema: public; Owner: horilla
--

COPY public.leave_historicalcompensatoryleaverequest (id, created_at, is_active, history_title, history_description, history_highlight, requested_days, requested_date, description, status, reject_reason, history_id, history_date, history_change_reason, history_type, created_by_id, employee_id_id, history_relation_id, history_user_id, leave_type_id_id, modified_by_id) FROM stdin;
\.


--
-- Data for Name: leave_historicalcompensatoryleaverequest_history_tags; Type: TABLE DATA; Schema: public; Owner: horilla
--

COPY public.leave_historicalcompensatoryleaverequest_history_tags (id, historicalcompensatoryleaverequest_id, audittag_id) FROM stdin;
\.


--
-- Data for Name: leave_historicalleaveallocationrequest; Type: TABLE DATA; Schema: public; Owner: horilla
--

COPY public.leave_historicalleaveallocationrequest (id, created_at, is_active, history_title, history_description, history_highlight, requested_days, requested_date, description, attachment, status, reject_reason, history_id, history_date, history_change_reason, history_type, created_by_id, employee_id_id, history_relation_id, history_user_id, leave_type_id_id, modified_by_id) FROM stdin;
4	2025-07-18 17:32:21.34565+05:30	t	\N	\N	f	12	2025-07-18	test		requested		1	2025-07-18 17:32:21.34782+05:30	\N	+	129	127	4	129	7	129
5	2025-07-18 17:48:37.172942+05:30	t	\N	\N	f	2	2025-07-18	test	leave/leave_attachment/Screenshot_from_2025-07-17_13-18-32.png	requested		2	2025-07-18 17:48:37.175031+05:30	\N	+	1	127	5	1	7	1
6	2025-07-18 17:51:46.438663+05:30	t	\N	\N	f	12	2025-07-18	test		requested		3	2025-07-18 17:51:46.442404+05:30	\N	+	129	127	6	129	7	129
\.


--
-- Data for Name: leave_historicalleaveallocationrequest_history_tags; Type: TABLE DATA; Schema: public; Owner: horilla
--

COPY public.leave_historicalleaveallocationrequest_history_tags (id, historicalleaveallocationrequest_id, audittag_id) FROM stdin;
\.


--
-- Data for Name: leave_historicalleaverequest; Type: TABLE DATA; Schema: public; Owner: horilla
--

COPY public.leave_historicalleaverequest (id, created_at, is_active, history_title, history_description, history_highlight, start_date, start_date_breakdown, end_date, end_date_breakdown, requested_days, leave_clashes_count, description, attachment, status, requested_date, approved_available_days, approved_carryforward_days, reject_reason, history_id, history_date, history_change_reason, history_type, created_by_id, employee_id_id, history_relation_id, history_user_id, leave_type_id_id, modified_by_id) FROM stdin;
14	2025-07-17 14:54:19.910337+05:30	t	\N	\N	f	2025-07-18	full_day	2025-07-18	full_day	1	0	test		requested	2025-07-17	0	0		1	2025-07-17 14:54:19.912759+05:30	\N	+	1	127	14	1	6	1
15	2025-07-17 14:57:24.537807+05:30	t	\N	\N	f	2025-07-26	full_day	2025-07-26	full_day	0	0	test		requested	2025-07-17	0	0		2	2025-07-17 14:57:24.539604+05:30	\N	+	1	127	15	1	7	1
15	2025-07-17 14:57:24.537807+05:30	t	\N	\N	f	2025-07-26	full_day	2025-07-26	full_day	0	0	test		approved	2025-07-17	0	0		3	2025-07-17 16:03:36.975521+05:30	\N	~	1	127	15	1	7	1
14	2025-07-17 14:54:19.910337+05:30	t	\N	\N	f	2025-07-18	full_day	2025-07-18	full_day	1	0	test		approved	2025-07-17	1	0		4	2025-07-17 16:03:40.118087+05:30	\N	~	1	127	14	1	6	1
16	2025-07-17 16:04:02.167426+05:30	t	\N	\N	f	2025-07-28	second_half	2025-07-28	second_half	0.5	0	test		requested	2025-07-17	0	0		5	2025-07-17 16:04:02.170571+05:30	\N	+	1	127	16	1	6	1
16	2025-07-17 16:04:02.167426+05:30	t	\N	\N	f	2025-07-28	second_half	2025-07-28	second_half	0.5	0	test		approved	2025-07-17	0.5	0		6	2025-07-17 16:04:07.611701+05:30	\N	~	1	127	16	1	6	1
17	2025-07-18 16:11:01.300892+05:30	t	\N	\N	f	2025-07-22	full_day	2025-07-22	full_day	1	0	test		requested	2025-07-18	0	0		7	2025-07-18 16:11:01.305304+05:30	\N	+	1	127	17	1	7	1
17	2025-07-18 16:11:01.300892+05:30	t	\N	\N	f	2025-07-22	full_day	2025-07-22	full_day	1	0	test		approved	2025-07-18	1	0		8	2025-07-18 16:11:17.062166+05:30	\N	~	1	127	17	1	7	1
18	2025-07-18 17:15:26.432601+05:30	t	\N	\N	f	2025-07-23	full_day	2025-07-23	full_day	1	0	test		requested	2025-07-18	0	0		9	2025-07-18 17:15:26.436578+05:30	\N	+	1	127	18	1	7	1
19	2025-07-18 17:18:19.034858+05:30	t	\N	\N	f	2025-08-27	full_day	2025-08-27	full_day	1	0	tyest		requested	2025-07-18	0	0		10	2025-07-18 17:18:19.036507+05:30	\N	+	1	127	19	1	6	1
19	2025-07-18 17:18:19.034858+05:30	t	\N	\N	f	2025-08-27	full_day	2025-08-27	full_day	1	0	tyest		approved	2025-07-18	1	0		11	2025-07-18 17:18:58.788034+05:30	\N	~	1	127	19	1	6	1
18	2025-07-18 17:15:26.432601+05:30	t	\N	\N	f	2025-07-23	full_day	2025-07-23	full_day	1	0	test		approved	2025-07-18	1	0		12	2025-07-18 17:19:02.636319+05:30	\N	~	1	127	18	1	7	1
20	2025-07-18 17:19:28.419967+05:30	t	\N	\N	f	2025-07-19	full_day	2025-07-19	full_day	1	0	test		requested	2025-07-18	0	0		13	2025-07-18 17:19:28.42171+05:30	\N	+	1	127	20	1	6	1
21	2025-07-18 17:20:01.106504+05:30	t	\N	\N	f	2025-07-30	full_day	2025-07-30	full_day	1	0	tets		requested	2025-07-18	0	0		14	2025-07-18 17:20:01.108301+05:30	\N	+	1	127	21	1	6	1
22	2025-07-18 17:31:49.462987+05:30	t	\N	\N	f	2025-09-30	full_day	2025-09-30	full_day	1	0	tets		requested	2025-07-18	0	0		15	2025-07-18 17:31:49.465662+05:30	\N	+	127	127	22	129	7	129
23	2025-07-18 17:51:20.636793+05:30	t	\N	\N	f	2025-07-29	full_day	2025-07-29	full_day	1	0	test		requested	2025-07-18	0	0		16	2025-07-18 17:51:20.638403+05:30	\N	+	127	127	23	129	7	129
24	2025-07-21 12:05:19.571097+05:30	t	\N	\N	f	2025-08-13	full_day	2025-08-14	full_day	2	0	tets		requested	2025-07-21	0	0		17	2025-07-21 12:05:19.574882+05:30	\N	+	1	127	24	1	7	1
25	2025-07-21 12:07:52.476688+05:30	t	\N	\N	f	2025-07-21	full_day	2025-07-21	full_day	1	0	test		requested	2025-07-21	0	0		18	2025-07-21 12:07:52.478291+05:30	\N	+	1	127	25	1	6	1
26	2025-07-21 12:10:08.813649+05:30	t	\N	\N	f	2025-08-24	full_day	2025-08-25	full_day	2	0	test		requested	2025-07-21	0	0		19	2025-07-21 12:10:08.815344+05:30	\N	+	1	127	26	1	6	1
26	2025-07-21 12:10:08.813649+05:30	t	\N	\N	f	2025-08-24	full_day	2025-08-25	full_day	2	0	test		approved	2025-07-21	2	0		20	2025-07-23 11:32:12.140835+05:30	\N	~	1	127	26	1	6	1
25	2025-07-21 12:07:52.476688+05:30	t	\N	\N	f	2025-07-21	full_day	2025-07-21	full_day	1	0	test		approved	2025-07-21	1	0		21	2025-07-29 17:36:23.534979+05:30	\N	~	1	127	25	1	6	1
\.


--
-- Data for Name: leave_historicalleaverequest_history_tags; Type: TABLE DATA; Schema: public; Owner: horilla
--

COPY public.leave_historicalleaverequest_history_tags (id, historicalleaverequest_id, audittag_id) FROM stdin;
\.


--
-- Data for Name: leave_holiday; Type: TABLE DATA; Schema: public; Owner: horilla
--

COPY public.leave_holiday (id, created_at, is_active, name, start_date, end_date, recurring, company_id_id, created_by_id, modified_by_id) FROM stdin;
\.


--
-- Data for Name: leave_leaveallocationrequest; Type: TABLE DATA; Schema: public; Owner: horilla
--

COPY public.leave_leaveallocationrequest (id, created_at, is_active, requested_days, requested_date, description, attachment, status, reject_reason, created_by_id, employee_id_id, leave_type_id_id, modified_by_id) FROM stdin;
1	2025-06-16 13:30:42.965+05:30	t	10	2025-06-16	Kindly request to allocate this leave type		requested		1	12	4	1
2	2025-06-16 13:31:28.674+05:30	t	10	2025-06-16	Request to allcoate some additional available leaves for this leave type		requested		1	63	3	1
3	2025-06-16 13:31:53.526+05:30	t	30	2025-06-16	Kindly request to allocate this leave type		requested		1	8	4	1
4	2025-07-18 17:32:21.34565+05:30	t	12	2025-07-18	test		requested		129	127	7	129
5	2025-07-18 17:48:37.172942+05:30	t	2	2025-07-18	test	leave/leave_attachment/Screenshot_from_2025-07-17_13-18-32.png	requested		1	127	7	1
6	2025-07-18 17:51:46.438663+05:30	t	12	2025-07-18	test		requested		129	127	7	129
\.


--
-- Data for Name: leave_leaveallocationrequestcomment; Type: TABLE DATA; Schema: public; Owner: horilla
--

COPY public.leave_leaveallocationrequestcomment (id, created_at, is_active, comment, created_by_id, employee_id_id, modified_by_id, request_id_id) FROM stdin;
\.


--
-- Data for Name: leave_leaveallocationrequestcomment_files; Type: TABLE DATA; Schema: public; Owner: horilla
--

COPY public.leave_leaveallocationrequestcomment_files (id, leaveallocationrequestcomment_id, leaverequestfile_id) FROM stdin;
\.


--
-- Data for Name: leave_leavegeneralsetting; Type: TABLE DATA; Schema: public; Owner: horilla
--

COPY public.leave_leavegeneralsetting (id, created_at, is_active, compensatory_leave, company_id_id, created_by_id, modified_by_id) FROM stdin;
\.


--
-- Data for Name: leave_leaverequest; Type: TABLE DATA; Schema: public; Owner: horilla
--

COPY public.leave_leaverequest (id, created_at, is_active, start_date, start_date_breakdown, end_date, end_date_breakdown, requested_days, leave_clashes_count, description, attachment, status, requested_date, approved_available_days, approved_carryforward_days, reject_reason, created_by_id, employee_id_id, leave_type_id_id, modified_by_id) FROM stdin;
1	2025-06-23 17:32:05.62+05:30	t	2025-06-08	full_day	2025-06-08	full_day	1	0	i have to go to the bank		requested	2025-06-23	0	0		1	13	2	1
2	2025-06-23 17:32:42.988+05:30	t	2025-06-15	full_day	2025-06-15	full_day	1	0	i need a break		requested	2025-06-23	0	0		1	68	2	1
4	2025-06-23 17:35:56.346+05:30	t	2025-06-14	full_day	2025-06-14	full_day	1	0	leave		requested	2025-06-23	0	0		1	36	2	1
19	2025-07-18 17:18:19.034858+05:30	t	2025-08-27	full_day	2025-08-27	full_day	1	0	tyest		approved	2025-07-18	1	0		1	127	6	1
18	2025-07-18 17:15:26.432601+05:30	t	2025-07-23	full_day	2025-07-23	full_day	1	0	test		approved	2025-07-18	1	0		1	127	7	1
20	2025-07-18 17:19:28.419967+05:30	t	2025-07-19	full_day	2025-07-19	full_day	1	0	test		requested	2025-07-18	0	0		1	127	6	1
3	2025-06-23 17:35:12.635+05:30	t	2025-06-10	full_day	2025-06-10	full_day	1	0	i have a fever	leave/leave_attachment/prescription.webp	requested	2025-06-23	0	0		1	62	3	1
5	2025-06-23 17:36:39.604+05:30	t	2025-06-13	full_day	2025-06-13	full_day	1	0	leave		requested	2025-06-23	0	0		1	65	2	1
6	2025-06-23 17:37:03.89+05:30	t	2025-06-30	full_day	2025-06-30	full_day	1	0	i need a leave		requested	2025-06-23	0	0		1	39	2	1
7	2025-06-23 17:37:27.352+05:30	t	2025-06-28	full_day	2025-06-28	full_day	1	0	hello		requested	2025-06-23	0	0		1	13	2	1
8	2025-06-23 17:37:48.842+05:30	t	2025-06-17	full_day	2025-06-17	full_day	1	0	hello		requested	2025-06-23	0	0		1	63	2	1
9	2025-06-23 17:38:17.706+05:30	t	2025-06-08	full_day	2025-06-08	full_day	1	0	hello	leave/leave_attachment/prescription_KXla4rB.webp	requested	2025-06-23	0	0		1	61	3	1
10	2025-06-23 17:38:45.359+05:30	t	2025-06-29	full_day	2025-06-29	full_day	1	0	leave		requested	2025-06-23	0	0		1	42	2	1
11	2025-06-23 17:39:26.321+05:30	t	2025-06-28	full_day	2025-06-28	full_day	1	0	leave		requested	2025-06-23	0	0		1	3	2	1
13	2025-06-23 17:40:23.607+05:30	t	2025-06-29	full_day	2025-06-29	full_day	1	0	leave		requested	2025-06-23	0	0		1	66	2	1
25	2025-07-21 12:07:52.476688+05:30	t	2025-07-21	full_day	2025-07-21	full_day	1	0	test		approved	2025-07-21	1	0		1	127	6	1
24	2025-07-21 12:05:19.571097+05:30	t	2025-08-13	full_day	2025-08-14	full_day	2	0	tets		requested	2025-07-21	0	0		1	127	7	1
15	2025-07-17 14:57:24.537807+05:30	t	2025-07-26	full_day	2025-07-26	full_day	0	0	test		approved	2025-07-17	0	0		1	127	7	1
16	2025-07-17 16:04:02.167426+05:30	t	2025-07-28	second_half	2025-07-28	second_half	0.5	0	test		approved	2025-07-17	0.5	0		1	127	6	1
21	2025-07-18 17:20:01.106504+05:30	t	2025-07-30	full_day	2025-07-30	full_day	1	0	tets		requested	2025-07-18	0	0		1	127	6	1
12	2025-06-23 17:39:58.526+05:30	t	2025-06-25	full_day	2025-06-25	full_day	0	0	on a trip		requested	2025-06-23	0	0		1	1	2	1
14	2025-07-17 14:54:19.910337+05:30	t	2025-07-18	full_day	2025-07-18	full_day	1	0	test		approved	2025-07-17	1	0		1	127	6	1
26	2025-07-21 12:10:08.813649+05:30	t	2025-08-24	full_day	2025-08-25	full_day	2	0	test		approved	2025-07-21	2	0		1	127	6	1
23	2025-07-18 17:51:20.636793+05:30	t	2025-07-29	full_day	2025-07-29	full_day	1	0	test		requested	2025-07-18	0	0		127	127	7	129
17	2025-07-18 16:11:01.300892+05:30	t	2025-07-22	full_day	2025-07-22	full_day	1	0	test		approved	2025-07-18	1	0		1	127	7	1
22	2025-07-18 17:31:49.462987+05:30	t	2025-09-30	full_day	2025-09-30	full_day	1	0	tets		requested	2025-07-18	0	0		127	127	7	129
\.


--
-- Data for Name: leave_leaverequestcomment; Type: TABLE DATA; Schema: public; Owner: horilla
--

COPY public.leave_leaverequestcomment (id, created_at, is_active, comment, created_by_id, employee_id_id, modified_by_id, request_id_id) FROM stdin;
\.


--
-- Data for Name: leave_leaverequestcomment_files; Type: TABLE DATA; Schema: public; Owner: horilla
--

COPY public.leave_leaverequestcomment_files (id, leaverequestcomment_id, leaverequestfile_id) FROM stdin;
\.


--
-- Data for Name: leave_leaverequestconditionapproval; Type: TABLE DATA; Schema: public; Owner: horilla
--

COPY public.leave_leaverequestconditionapproval (id, sequence, is_approved, is_rejected, leave_request_id_id, manager_id_id) FROM stdin;
\.


--
-- Data for Name: leave_leaverequestfile; Type: TABLE DATA; Schema: public; Owner: horilla
--

COPY public.leave_leaverequestfile (id, file) FROM stdin;
\.


--
-- Data for Name: leave_leavetype; Type: TABLE DATA; Schema: public; Owner: horilla
--

COPY public.leave_leavetype (id, created_at, is_active, icon, name, color, payment, count, period_in, limit_leave, total_days, reset, is_encashable, reset_based, reset_month, reset_day, reset_weekend, carryforward_type, carryforward_max, carryforward_expire_in, carryforward_expire_period, carryforward_expire_date, require_approval, require_attachment, exclude_company_leave, exclude_holiday, is_compensatory_leave, company_id_id, created_by_id, modified_by_id) FROM stdin;
1	2025-06-22 14:10:47.352+05:30	t		Compensatory Leave Type	\N	paid	1	day	t	1	f	f	\N		\N	\N	no carryforward	\N	\N	\N	\N	yes	no	no	no	t	\N	1	1
2	2025-06-22 15:52:18.995+05:30	t		Casual Leave	#000000	paid	1	day	t	1	t	t	monthly		1	\N	carryforward	Infinity	\N	\N	\N	yes	no	yes	yes	f	\N	1	1
3	2025-06-22 15:53:27.333+05:30	t		Sick Leave	#000000	paid	10	day	t	10	t	f	monthly		1	\N	no carryforward	\N	\N	\N	\N	yes	yes	yes	yes	f	\N	1	1
4	2025-06-22 15:54:19.925+05:30	t		Maternity Leave	#000000	unpaid	90	day	t	90	f	f	\N		\N	\N	no carryforward	\N	\N	\N	\N	yes	yes	no	no	f	\N	1	1
6	2025-07-17 14:53:57.547395+05:30	t		new leave 2	#000000	paid	20	day	t	20	f	t	\N		\N	\N	no carryforward	\N	\N	\N	\N	yes	no	no	no	f	4	1	1
7	2025-07-17 14:56:50.41203+05:30	t		New Leave	#000000	paid	20	day	t	20	f	t	\N		\N	\N	no carryforward	\N	\N	\N	\N	yes	no	yes	yes	f	4	1	1
\.


--
-- Data for Name: leave_overrideleaverequests; Type: TABLE DATA; Schema: public; Owner: horilla
--

COPY public.leave_overrideleaverequests (leaverequest_ptr_id) FROM stdin;
\.


--
-- Data for Name: leave_restrictleave; Type: TABLE DATA; Schema: public; Owner: horilla
--

COPY public.leave_restrictleave (id, created_at, is_active, title, start_date, end_date, include_all, description, company_id_id, created_by_id, department_id, modified_by_id) FROM stdin;
2	2025-06-16 13:36:27.474+05:30	t	Critical Projects	2025-06-16	2025-06-16	t	Horilla Project Installation	1	1	1	1
3	2025-06-16 13:37:02.327+05:30	t	Product launch week	2025-06-23	2025-06-27	t	Luanch Horilla	1	1	2	1
4	2025-06-16 13:37:48.937+05:30	t	Sales Days	2025-06-24	2025-06-26	t	Chirstmas Sales	1	1	2	1
5	2025-06-12 15:55:21.388+05:30	t	S/W Dept. Restriction	2025-06-01	2025-06-30	t	Description	1	1	1	1
\.


--
-- Data for Name: leave_restrictleave_exclued_leave_types; Type: TABLE DATA; Schema: public; Owner: horilla
--

COPY public.leave_restrictleave_exclued_leave_types (id, restrictleave_id, leavetype_id) FROM stdin;
1	4	3
2	5	3
\.


--
-- Data for Name: leave_restrictleave_job_position; Type: TABLE DATA; Schema: public; Owner: horilla
--

COPY public.leave_restrictleave_job_position (id, restrictleave_id, jobposition_id) FROM stdin;
\.


--
-- Data for Name: leave_restrictleave_spesific_leave_types; Type: TABLE DATA; Schema: public; Owner: horilla
--

COPY public.leave_restrictleave_spesific_leave_types (id, restrictleave_id, leavetype_id) FROM stdin;
\.


--
-- Data for Name: notifications_notification; Type: TABLE DATA; Schema: public; Owner: horilla
--

COPY public.notifications_notification (id, level, unread, actor_object_id, verb, description, target_object_id, action_object_object_id, "timestamp", public, deleted, emailed, data, verb_en, verb_ar, verb_de, verb_es, verb_fr, action_object_content_type_id, actor_content_type_id, recipient_id, target_content_type_id) FROM stdin;
1	info	t	1	Your work details has been updated.	\N	\N	\N	2025-07-17 13:38:41.946596+05:30	t	f	f	{"icon": "briefcase", "verb_ar": "تم تحديث تفاصيل عملك.", "verb_de": "Ihre Arbeitsdetails wurden aktualisiert.", "verb_es": "Se han actualizado los detalles de su trabajo.", "verb_fr": "Vos informations professionnelles ont été mises à jour.", "redirect": "/employee/employee-profile/"}		تم تحديث تفاصيل عملك.	Ihre Arbeitsdetails wurden aktualisiert.	Se han actualizado los detalles de su trabajo.	Vos informations professionnelles ont été mises à jour.	\N	53	129	\N
2	info	t	1	Your New Leave leave type updated.	\N	\N	\N	2025-07-17 14:52:33.325929+05:30	t	f	f	{"icon": "people-circle", "verb_ar": "تم تحديث نوع الإجازة New Leave الخاص بك.", "verb_de": "Ihr Urlaubstyp New Leave wurde aktualisiert.", "verb_es": "Se ha actualizado su tipo de permiso New Leave.", "verb_fr": "Votre type de congé New Leave a été mis à jour.", "redirect": "/leave/user-request-view/"}		تم تحديث نوع الإجازة New Leave الخاص بك.	Ihr Urlaubstyp New Leave wurde aktualisiert.	Se ha actualizado su tipo de permiso New Leave.	Votre type de congé New Leave a été mis à jour.	\N	53	129	\N
3	info	t	1	Payslip has been generated for you.	\N	\N	\N	2025-07-17 15:01:23.717071+05:30	t	f	f	{"icon": "close", "verb_ar": "تم إصدار كشف راتب لك.", "verb_de": "Gehaltsabrechnung wurde für Sie erstellt.", "verb_es": "Se ha generado la nómina para usted.", "verb_fr": "La fiche de paie a été générée pour vous.", "redirect": "/payroll/view-payslip/1/"}		تم إصدار كشف راتب لك.	Gehaltsabrechnung wurde für Sie erstellt.	Se ha generado la nómina para usted.	La fiche de paie a été générée pour vous.	\N	53	3	\N
4	info	t	1	Your Leave request has been approved	\N	\N	\N	2025-07-17 16:03:37.074909+05:30	t	f	f	{"icon": "people-circle", "verb_ar": "تمت الموافقة على طلب الإجازة الخاص بك", "verb_de": "Ihr Urlaubsantrag wurde genehmigt", "verb_es": "Se ha aprobado su solicitud de permiso", "verb_fr": "Votre demande de congé a été approuvée", "redirect": "/leave/user-request-view/?id=15"}		تمت الموافقة على طلب الإجازة الخاص بك	Ihr Urlaubsantrag wurde genehmigt	Se ha aprobado su solicitud de permiso	Votre demande de congé a été approuvée	\N	53	129	\N
5	info	t	1	Your Leave request has been approved	\N	\N	\N	2025-07-17 16:03:40.195297+05:30	t	f	f	{"icon": "people-circle", "verb_ar": "تمت الموافقة على طلب الإجازة الخاص بك", "verb_de": "Ihr Urlaubsantrag wurde genehmigt", "verb_es": "Se ha aprobado su solicitud de permiso", "verb_fr": "Votre demande de congé a été approuvée", "redirect": "/leave/user-request-view/?id=14"}		تمت الموافقة على طلب الإجازة الخاص بك	Ihr Urlaubsantrag wurde genehmigt	Se ha aprobado su solicitud de permiso	Votre demande de congé a été approuvée	\N	53	129	\N
6	info	t	1	Your Leave request has been approved	\N	\N	\N	2025-07-17 16:04:07.66556+05:30	t	f	f	{"icon": "people-circle", "verb_ar": "تمت الموافقة على طلب الإجازة الخاص بك", "verb_de": "Ihr Urlaubsantrag wurde genehmigt", "verb_es": "Se ha aprobado su solicitud de permiso", "verb_fr": "Votre demande de congé a été approuvée", "redirect": "/leave/user-request-view/?id=16"}		تمت الموافقة على طلب الإجازة الخاص بك	Ihr Urlaubsantrag wurde genehmigt	Se ha aprobado su solicitud de permiso	Votre demande de congé a été approuvée	\N	53	129	\N
7	info	t	1	Your work details has been updated.	\N	\N	\N	2025-07-17 16:05:35.169819+05:30	t	f	f	{"icon": "briefcase", "verb_ar": "تم تحديث تفاصيل عملك.", "verb_de": "Ihre Arbeitsdetails wurden aktualisiert.", "verb_es": "Se han actualizado los detalles de su trabajo.", "verb_fr": "Vos informations professionnelles ont été mises à jour.", "redirect": "/employee/employee-profile/"}		تم تحديث تفاصيل عملك.	Ihre Arbeitsdetails wurden aktualisiert.	Se han actualizado los detalles de su trabajo.	Vos informations professionnelles ont été mises à jour.	\N	53	1	\N
8	info	t	1	Your Leave request has been approved	\N	\N	\N	2025-07-18 16:11:17.17875+05:30	t	f	f	{"icon": "people-circle", "verb_ar": "تمت الموافقة على طلب الإجازة الخاص بك", "verb_de": "Ihr Urlaubsantrag wurde genehmigt", "verb_es": "Se ha aprobado su solicitud de permiso", "verb_fr": "Votre demande de congé a été approuvée", "redirect": "/leave/user-request-view/?id=17"}		تمت الموافقة على طلب الإجازة الخاص بك	Ihr Urlaubsantrag wurde genehmigt	Se ha aprobado su solicitud de permiso	Votre demande de congé a été approuvée	\N	53	129	\N
9	info	t	1	Your work details has been updated.	\N	\N	\N	2025-07-18 17:18:48.164029+05:30	t	f	f	{"icon": "briefcase", "verb_ar": "تم تحديث تفاصيل عملك.", "verb_de": "Ihre Arbeitsdetails wurden aktualisiert.", "verb_es": "Se han actualizado los detalles de su trabajo.", "verb_fr": "Vos informations professionnelles ont été mises à jour.", "redirect": "/employee/employee-profile/"}		تم تحديث تفاصيل عملك.	Ihre Arbeitsdetails wurden aktualisiert.	Se han actualizado los detalles de su trabajo.	Vos informations professionnelles ont été mises à jour.	\N	53	1	\N
10	info	t	1	Your Leave request has been approved	\N	\N	\N	2025-07-18 17:18:59.003155+05:30	t	f	f	{"icon": "people-circle", "verb_ar": "تمت الموافقة على طلب الإجازة الخاص بك", "verb_de": "Ihr Urlaubsantrag wurde genehmigt", "verb_es": "Se ha aprobado su solicitud de permiso", "verb_fr": "Votre demande de congé a été approuvée", "redirect": "/leave/user-request-view/?id=19"}		تمت الموافقة على طلب الإجازة الخاص بك	Ihr Urlaubsantrag wurde genehmigt	Se ha aprobado su solicitud de permiso	Votre demande de congé a été approuvée	\N	53	129	\N
11	info	t	1	Your Leave request has been approved	\N	\N	\N	2025-07-18 17:19:02.874816+05:30	t	f	f	{"icon": "people-circle", "verb_ar": "تمت الموافقة على طلب الإجازة الخاص بك", "verb_de": "Ihr Urlaubsantrag wurde genehmigt", "verb_es": "Se ha aprobado su solicitud de permiso", "verb_fr": "Votre demande de congé a été approuvée", "redirect": "/leave/user-request-view/?id=18"}		تمت الموافقة على طلب الإجازة الخاص بك	Ihr Urlaubsantrag wurde genehmigt	Se ha aprobado su solicitud de permiso	Votre demande de congé a été approuvée	\N	53	129	\N
12	info	t	1	Your work details has been updated.	\N	\N	\N	2025-07-18 17:50:31.338756+05:30	t	f	f	{"icon": "briefcase", "verb_ar": "تم تحديث تفاصيل عملك.", "verb_de": "Ihre Arbeitsdetails wurden aktualisiert.", "verb_es": "Se han actualizado los detalles de su trabajo.", "verb_fr": "Vos informations professionnelles ont été mises à jour.", "redirect": "/employee/employee-profile/"}		تم تحديث تفاصيل عملك.	Ihre Arbeitsdetails wurden aktualisiert.	Se han actualizado los detalles de su trabajo.	Vos informations professionnelles ont été mises à jour.	\N	53	129	\N
13	info	t	127	New leave request created for Aashutosh Kumar (PEP0002).	\N	\N	\N	2025-07-18 17:51:20.748414+05:30	t	f	f	{"icon": "people-circle", "verb_ar": "تم إنشاء طلب إجازة جديد لـ Aashutosh Kumar (PEP0002).", "verb_de": "Neuer Urlaubsantrag erstellt für Aashutosh Kumar (PEP0002).", "verb_es": "Nueva solicitud de permiso creada para Aashutosh Kumar (PEP0002).", "verb_fr": "Nouvelle demande de congé créée pour Aashutosh Kumar (PEP0002).", "redirect": "/leave/request-view/?id=23"}		تم إنشاء طلب إجازة جديد لـ Aashutosh Kumar (PEP0002).	Neuer Urlaubsantrag erstellt für Aashutosh Kumar (PEP0002).	Nueva solicitud de permiso creada para Aashutosh Kumar (PEP0002).	Nouvelle demande de congé créée pour Aashutosh Kumar (PEP0002).	\N	53	129	\N
14	info	t	127	New leave allocation request created for Aashutosh Kumar (PEP0002).	\N	\N	\N	2025-07-18 17:51:46.47571+05:30	t	f	f	{"icon": "people-cicle", "verb_ar": "تم إنشاء طلب تخصيص إجازة جديد لـ Aashutosh Kumar (PEP0002).", "verb_de": "Neue Anfrage zur Urlaubszuweisung erstellt für Aashutosh Kumar (PEP0002).", "verb_es": "Nueva solicitud de asignación de permisos creada para Aashutosh Kumar (PEP0002).", "verb_fr": "Nouvelle demande d'allocation de congé créée pour Aashutosh Kumar (PEP0002).", "redirect": "/leave/leave-allocation-request-view/?id=6"}		تم إنشاء طلب تخصيص إجازة جديد لـ Aashutosh Kumar (PEP0002).	Neue Anfrage zur Urlaubszuweisung erstellt für Aashutosh Kumar (PEP0002).	Nueva solicitud de asignación de permisos creada para Aashutosh Kumar (PEP0002).	Nouvelle demande d'allocation de congé créée pour Aashutosh Kumar (PEP0002).	\N	53	129	\N
15	info	t	127	Your attendance for the date 2025-07-17 is validated	\N	\N	\N	2025-07-18 18:03:11.727556+05:30	t	f	f	{"icon": "checkmark", "verb_ar": "تم تحقيق حضورك في تاريخ 2025-07-17", "verb_de": "Deine Anwesenheit für das Datum 2025-07-17 ist bestätigt.", "verb_es": "Se valida tu asistencia para la fecha 2025-07-17.", "verb_fr": "Votre présence pour la date 2025-07-17 est validée.", "redirect": "/attendance/view-my-attendance/?id=300"}		تم تحقيق حضورك في تاريخ 2025-07-17	Deine Anwesenheit für das Datum 2025-07-17 ist bestätigt.	Se valida tu asistencia para la fecha 2025-07-17.	Votre présence pour la date 2025-07-17 est validée.	\N	53	129	\N
16	info	t	127	Your 2025-07-17's attendance                     overtime approved.	\N	\N	\N	2025-07-18 18:03:26.977709+05:30	t	f	f	{"icon": "checkmark", "verb_ar": "تمت الموافقة على إضافة ساعات العمل الإضافية لتاريخ                     2025-07-17.", "verb_de": "Die Überstunden für den 2025-07-17                      wurden genehmigt.", "verb_es": "Se ha aprobado el tiempo extra de asistencia para el                     2025-07-17.", "verb_fr": "Les heures supplémentaires pour la date                      2025-07-17 ont été approuvées.", "redirect": "/attendance/attendance-overtime-view/?id=300"}		تمت الموافقة على إضافة ساعات العمل الإضافية لتاريخ                     2025-07-17.	Die Überstunden für den 2025-07-17                      wurden genehmigt.	Se ha aprobado el tiempo extra de asistencia para el                     2025-07-17.	Les heures supplémentaires pour la date                      2025-07-17 ont été approuvées.	\N	53	129	\N
17	info	t	127	You have a new reimbursement request to approve for Aashutosh Kumar (PEP0002).	\N	\N	\N	2025-07-21 11:24:35.162547+05:30	t	f	f	{"icon": "information", "verb_ar": "لديك طلب استرداد نفقات جديد يتعين عليك الموافقة عليه لـ Aashutosh Kumar (PEP0002).", "verb_de": "Sie haben einen neuen Rückerstattungsantrag zur Genehmigung für Aashutosh Kumar (PEP0002).", "verb_es": "Tienes una nueva solicitud de reembolso para aprobar para Aashutosh Kumar (PEP0002).", "verb_fr": "Vous avez une nouvelle demande de remboursement à approuver pour Aashutosh Kumar (PEP0002).", "redirect": "/payroll/view-reimbursement?id=22"}		لديك طلب استرداد نفقات جديد يتعين عليك الموافقة عليه لـ Aashutosh Kumar (PEP0002).	Sie haben einen neuen Rückerstattungsantrag zur Genehmigung für Aashutosh Kumar (PEP0002).	Tienes una nueva solicitud de reembolso para aprobar para Aashutosh Kumar (PEP0002).	Vous avez une nouvelle demande de remboursement à approuver pour Aashutosh Kumar (PEP0002).	\N	53	129	\N
18	info	t	127	You have a new reimbursement request to approve for Aashutosh Kumar (PEP0002).	\N	\N	\N	2025-07-21 11:25:17.106908+05:30	t	f	f	{"icon": "information", "verb_ar": "لديك طلب استرداد نفقات جديد يتعين عليك الموافقة عليه لـ Aashutosh Kumar (PEP0002).", "verb_de": "Sie haben einen neuen Rückerstattungsantrag zur Genehmigung für Aashutosh Kumar (PEP0002).", "verb_es": "Tienes una nueva solicitud de reembolso para aprobar para Aashutosh Kumar (PEP0002).", "verb_fr": "Vous avez une nouvelle demande de remboursement à approuver pour Aashutosh Kumar (PEP0002).", "redirect": "/payroll/view-reimbursement?id=23"}		لديك طلب استرداد نفقات جديد يتعين عليك الموافقة عليه لـ Aashutosh Kumar (PEP0002).	Sie haben einen neuen Rückerstattungsantrag zur Genehmigung für Aashutosh Kumar (PEP0002).	Tienes una nueva solicitud de reembolso para aprobar para Aashutosh Kumar (PEP0002).	Vous avez une nouvelle demande de remboursement à approuver pour Aashutosh Kumar (PEP0002).	\N	53	129	\N
19	info	t	127	You have a new reimbursement request to approve for Aashutosh Kumar (PEP0002).	\N	\N	\N	2025-07-21 11:26:16.218554+05:30	t	f	f	{"icon": "information", "verb_ar": "لديك طلب استرداد نفقات جديد يتعين عليك الموافقة عليه لـ Aashutosh Kumar (PEP0002).", "verb_de": "Sie haben einen neuen Rückerstattungsantrag zur Genehmigung für Aashutosh Kumar (PEP0002).", "verb_es": "Tienes una nueva solicitud de reembolso para aprobar para Aashutosh Kumar (PEP0002).", "verb_fr": "Vous avez une nouvelle demande de remboursement à approuver pour Aashutosh Kumar (PEP0002).", "redirect": "/payroll/view-reimbursement?id=24"}		لديك طلب استرداد نفقات جديد يتعين عليك الموافقة عليه لـ Aashutosh Kumar (PEP0002).	Sie haben einen neuen Rückerstattungsantrag zur Genehmigung für Aashutosh Kumar (PEP0002).	Tienes una nueva solicitud de reembolso para aprobar para Aashutosh Kumar (PEP0002).	Vous avez une nouvelle demande de remboursement à approuver pour Aashutosh Kumar (PEP0002).	\N	53	129	\N
20	info	t	127	You have a new reimbursement request to approve for Aashutosh Kumar (PEP0002).	\N	\N	\N	2025-07-21 12:00:54.941352+05:30	t	f	f	{"icon": "information", "verb_ar": "لديك طلب استرداد نفقات جديد يتعين عليك الموافقة عليه لـ Aashutosh Kumar (PEP0002).", "verb_de": "Sie haben einen neuen Rückerstattungsantrag zur Genehmigung für Aashutosh Kumar (PEP0002).", "verb_es": "Tienes una nueva solicitud de reembolso para aprobar para Aashutosh Kumar (PEP0002).", "verb_fr": "Vous avez une nouvelle demande de remboursement à approuver pour Aashutosh Kumar (PEP0002).", "redirect": "/payroll/view-reimbursement?id=25"}		لديك طلب استرداد نفقات جديد يتعين عليك الموافقة عليه لـ Aashutosh Kumar (PEP0002).	Sie haben einen neuen Rückerstattungsantrag zur Genehmigung für Aashutosh Kumar (PEP0002).	Tienes una nueva solicitud de reembolso para aprobar para Aashutosh Kumar (PEP0002).	Vous avez une nouvelle demande de remboursement à approuver pour Aashutosh Kumar (PEP0002).	\N	53	129	\N
21	info	t	127	You have a new reimbursement request to approve for Aashutosh Kumar (PEP0002).	\N	\N	\N	2025-07-21 12:01:22.421676+05:30	t	f	f	{"icon": "information", "verb_ar": "لديك طلب استرداد نفقات جديد يتعين عليك الموافقة عليه لـ Aashutosh Kumar (PEP0002).", "verb_de": "Sie haben einen neuen Rückerstattungsantrag zur Genehmigung für Aashutosh Kumar (PEP0002).", "verb_es": "Tienes una nueva solicitud de reembolso para aprobar para Aashutosh Kumar (PEP0002).", "verb_fr": "Vous avez une nouvelle demande de remboursement à approuver pour Aashutosh Kumar (PEP0002).", "redirect": "/payroll/view-reimbursement?id=26"}		لديك طلب استرداد نفقات جديد يتعين عليك الموافقة عليه لـ Aashutosh Kumar (PEP0002).	Sie haben einen neuen Rückerstattungsantrag zur Genehmigung für Aashutosh Kumar (PEP0002).	Tienes una nueva solicitud de reembolso para aprobar para Aashutosh Kumar (PEP0002).	Vous avez une nouvelle demande de remboursement à approuver pour Aashutosh Kumar (PEP0002).	\N	53	129	\N
22	info	t	127	You have a new reimbursement request to approve for Aashutosh Kumar (PEP0002).	\N	\N	\N	2025-07-21 12:01:58.176593+05:30	t	f	f	{"icon": "information", "verb_ar": "لديك طلب استرداد نفقات جديد يتعين عليك الموافقة عليه لـ Aashutosh Kumar (PEP0002).", "verb_de": "Sie haben einen neuen Rückerstattungsantrag zur Genehmigung für Aashutosh Kumar (PEP0002).", "verb_es": "Tienes una nueva solicitud de reembolso para aprobar para Aashutosh Kumar (PEP0002).", "verb_fr": "Vous avez une nouvelle demande de remboursement à approuver pour Aashutosh Kumar (PEP0002).", "redirect": "/payroll/view-reimbursement?id=27"}		لديك طلب استرداد نفقات جديد يتعين عليك الموافقة عليه لـ Aashutosh Kumar (PEP0002).	Sie haben einen neuen Rückerstattungsantrag zur Genehmigung für Aashutosh Kumar (PEP0002).	Tienes una nueva solicitud de reembolso para aprobar para Aashutosh Kumar (PEP0002).	Vous avez une nouvelle demande de remboursement à approuver pour Aashutosh Kumar (PEP0002).	\N	53	129	\N
23	info	t	1	Your work details has been updated.	\N	\N	\N	2025-07-21 12:02:53.482807+05:30	t	f	f	{"icon": "briefcase", "verb_ar": "تم تحديث تفاصيل عملك.", "verb_de": "Ihre Arbeitsdetails wurden aktualisiert.", "verb_es": "Se han actualizado los detalles de su trabajo.", "verb_fr": "Vos informations professionnelles ont été mises à jour.", "redirect": "/employee/employee-profile/"}		تم تحديث تفاصيل عملك.	Ihre Arbeitsdetails wurden aktualisiert.	Se han actualizado los detalles de su trabajo.	Vos informations professionnelles ont été mises à jour.	\N	53	1	\N
24	info	t	1	New leave request created for Aashutosh Kumar (PEP0002).	\N	\N	\N	2025-07-21 12:05:19.711438+05:30	t	f	f	{"icon": "people-circle", "verb_ar": "تم إنشاء طلب إجازة جديد لـ Aashutosh Kumar (PEP0002).", "verb_de": "Neuer Urlaubsantrag erstellt für Aashutosh Kumar (PEP0002).", "verb_es": "Nueva solicitud de permiso creada para Aashutosh Kumar (PEP0002).", "verb_fr": "Nouvelle demande de congé créée pour Aashutosh Kumar (PEP0002).", "redirect": "/leave/request-view/?id=24"}		تم إنشاء طلب إجازة جديد لـ Aashutosh Kumar (PEP0002).	Neuer Urlaubsantrag erstellt für Aashutosh Kumar (PEP0002).	Nueva solicitud de permiso creada para Aashutosh Kumar (PEP0002).	Nouvelle demande de congé créée pour Aashutosh Kumar (PEP0002).	\N	53	129	\N
25	info	t	127	You have a new reimbursement request to approve for Aashutosh Kumar (PEP0002).	\N	\N	\N	2025-07-21 12:05:57.533845+05:30	t	f	f	{"icon": "information", "verb_ar": "لديك طلب استرداد نفقات جديد يتعين عليك الموافقة عليه لـ Aashutosh Kumar (PEP0002).", "verb_de": "Sie haben einen neuen Rückerstattungsantrag zur Genehmigung für Aashutosh Kumar (PEP0002).", "verb_es": "Tienes una nueva solicitud de reembolso para aprobar para Aashutosh Kumar (PEP0002).", "verb_fr": "Vous avez une nouvelle demande de remboursement à approuver pour Aashutosh Kumar (PEP0002).", "redirect": "/payroll/view-reimbursement?id=28"}		لديك طلب استرداد نفقات جديد يتعين عليك الموافقة عليه لـ Aashutosh Kumar (PEP0002).	Sie haben einen neuen Rückerstattungsantrag zur Genehmigung für Aashutosh Kumar (PEP0002).	Tienes una nueva solicitud de reembolso para aprobar para Aashutosh Kumar (PEP0002).	Vous avez une nouvelle demande de remboursement à approuver pour Aashutosh Kumar (PEP0002).	\N	53	129	\N
26	info	t	127	You have a new reimbursement request to approve for Aashutosh Kumar (PEP0002).	\N	\N	\N	2025-07-21 12:06:17.943805+05:30	t	f	f	{"icon": "information", "verb_ar": "لديك طلب استرداد نفقات جديد يتعين عليك الموافقة عليه لـ Aashutosh Kumar (PEP0002).", "verb_de": "Sie haben einen neuen Rückerstattungsantrag zur Genehmigung für Aashutosh Kumar (PEP0002).", "verb_es": "Tienes una nueva solicitud de reembolso para aprobar para Aashutosh Kumar (PEP0002).", "verb_fr": "Vous avez une nouvelle demande de remboursement à approuver pour Aashutosh Kumar (PEP0002).", "redirect": "/payroll/view-reimbursement?id=29"}		لديك طلب استرداد نفقات جديد يتعين عليك الموافقة عليه لـ Aashutosh Kumar (PEP0002).	Sie haben einen neuen Rückerstattungsantrag zur Genehmigung für Aashutosh Kumar (PEP0002).	Tienes una nueva solicitud de reembolso para aprobar para Aashutosh Kumar (PEP0002).	Vous avez une nouvelle demande de remboursement à approuver pour Aashutosh Kumar (PEP0002).	\N	53	129	\N
27	info	t	127	You have a new reimbursement request to approve for Aashutosh Kumar (PEP0002).	\N	\N	\N	2025-07-21 12:06:37.915812+05:30	t	f	f	{"icon": "information", "verb_ar": "لديك طلب استرداد نفقات جديد يتعين عليك الموافقة عليه لـ Aashutosh Kumar (PEP0002).", "verb_de": "Sie haben einen neuen Rückerstattungsantrag zur Genehmigung für Aashutosh Kumar (PEP0002).", "verb_es": "Tienes una nueva solicitud de reembolso para aprobar para Aashutosh Kumar (PEP0002).", "verb_fr": "Vous avez une nouvelle demande de remboursement à approuver pour Aashutosh Kumar (PEP0002).", "redirect": "/payroll/view-reimbursement?id=30"}		لديك طلب استرداد نفقات جديد يتعين عليك الموافقة عليه لـ Aashutosh Kumar (PEP0002).	Sie haben einen neuen Rückerstattungsantrag zur Genehmigung für Aashutosh Kumar (PEP0002).	Tienes una nueva solicitud de reembolso para aprobar para Aashutosh Kumar (PEP0002).	Vous avez une nouvelle demande de remboursement à approuver pour Aashutosh Kumar (PEP0002).	\N	53	129	\N
28	info	t	1	Your work details has been updated.	\N	\N	\N	2025-07-21 12:07:10.505802+05:30	t	f	f	{"icon": "briefcase", "verb_ar": "تم تحديث تفاصيل عملك.", "verb_de": "Ihre Arbeitsdetails wurden aktualisiert.", "verb_es": "Se han actualizado los detalles de su trabajo.", "verb_fr": "Vos informations professionnelles ont été mises à jour.", "redirect": "/employee/employee-profile/"}		تم تحديث تفاصيل عملك.	Ihre Arbeitsdetails wurden aktualisiert.	Se han actualizado los detalles de su trabajo.	Vos informations professionnelles ont été mises à jour.	\N	53	129	\N
42	info	t	1	Your work details has been updated.	\N	\N	\N	2025-07-22 13:17:02.433813+05:30	t	f	f	{"icon": "briefcase", "verb_ar": "تم تحديث تفاصيل عملك.", "verb_de": "Ihre Arbeitsdetails wurden aktualisiert.", "verb_es": "Se han actualizado los detalles de su trabajo.", "verb_fr": "Vos informations professionnelles ont été mises à jour.", "redirect": "/employee/employee-profile/"}		تم تحديث تفاصيل عملك.	Ihre Arbeitsdetails wurden aktualisiert.	Se han actualizado los detalles de su trabajo.	Vos informations professionnelles ont été mises à jour.	\N	53	132	\N
29	info	t	1	New leave request created for Aashutosh Kumar (PEP0002).	\N	\N	\N	2025-07-21 12:07:52.691254+05:30	t	f	f	{"icon": "people-circle", "verb_ar": "تم إنشاء طلب إجازة جديد لـ Aashutosh Kumar (PEP0002).", "verb_de": "Neuer Urlaubsantrag erstellt für Aashutosh Kumar (PEP0002).", "verb_es": "Nueva solicitud de permiso creada para Aashutosh Kumar (PEP0002).", "verb_fr": "Nouvelle demande de congé créée pour Aashutosh Kumar (PEP0002).", "redirect": "/leave/request-view/?id=25"}		تم إنشاء طلب إجازة جديد لـ Aashutosh Kumar (PEP0002).	Neuer Urlaubsantrag erstellt für Aashutosh Kumar (PEP0002).	Nueva solicitud de permiso creada para Aashutosh Kumar (PEP0002).	Nouvelle demande de congé créée pour Aashutosh Kumar (PEP0002).	\N	53	129	\N
30	info	t	1	Your work details has been updated.	\N	\N	\N	2025-07-21 12:09:21.214911+05:30	t	f	f	{"icon": "briefcase", "verb_ar": "تم تحديث تفاصيل عملك.", "verb_de": "Ihre Arbeitsdetails wurden aktualisiert.", "verb_es": "Se han actualizado los detalles de su trabajo.", "verb_fr": "Vos informations professionnelles ont été mises à jour.", "redirect": "/employee/employee-profile/"}		تم تحديث تفاصيل عملك.	Ihre Arbeitsdetails wurden aktualisiert.	Se han actualizado los detalles de su trabajo.	Vos informations professionnelles ont été mises à jour.	\N	53	129	\N
31	info	t	1	New leave request created for Aashutosh Kumar (PEP0002).	\N	\N	\N	2025-07-21 12:10:08.956991+05:30	t	f	f	{"icon": "people-circle", "verb_ar": "تم إنشاء طلب إجازة جديد لـ Aashutosh Kumar (PEP0002).", "verb_de": "Neuer Urlaubsantrag erstellt für Aashutosh Kumar (PEP0002).", "verb_es": "Nueva solicitud de permiso creada para Aashutosh Kumar (PEP0002).", "verb_fr": "Nouvelle demande de congé créée pour Aashutosh Kumar (PEP0002).", "redirect": "/leave/request-view/?id=26"}		تم إنشاء طلب إجازة جديد لـ Aashutosh Kumar (PEP0002).	Neuer Urlaubsantrag erstellt für Aashutosh Kumar (PEP0002).	Nueva solicitud de permiso creada para Aashutosh Kumar (PEP0002).	Nouvelle demande de congé créée pour Aashutosh Kumar (PEP0002).	\N	53	129	\N
32	info	t	1	Payslip has been generated for you.	\N	\N	\N	2025-07-21 15:07:55.625789+05:30	t	f	f	{"icon": "close", "verb_ar": "تم إصدار كشف راتب لك.", "verb_de": "Gehaltsabrechnung wurde für Sie erstellt.", "verb_es": "Se ha generado la nómina para usted.", "verb_fr": "La fiche de paie a été générée pour vous.", "redirect": "/payroll/view-payslip/2/"}		تم إصدار كشف راتب لك.	Gehaltsabrechnung wurde für Sie erstellt.	Se ha generado la nómina para usted.	La fiche de paie a été générée pour vous.	\N	53	3	\N
33	info	t	1	Payslip has been generated for you.	\N	\N	\N	2025-07-21 15:17:09.019515+05:30	t	f	f	{"icon": "close", "verb_ar": "تم إصدار كشف راتب لك.", "verb_de": "Gehaltsabrechnung wurde für Sie erstellt.", "verb_es": "Se ha generado la nómina para usted.", "verb_fr": "La fiche de paie a été générée pour vous.", "redirect": "/payroll/view-payslip/2/"}		تم إصدار كشف راتب لك.	Gehaltsabrechnung wurde für Sie erstellt.	Se ha generado la nómina para usted.	La fiche de paie a été générée pour vous.	\N	53	3	\N
34	info	t	1	Your attendance for the date 2025-06-15 is validated	\N	\N	\N	2025-07-21 15:18:34.794624+05:30	t	f	f	{"icon": "checkmark", "verb_ar": "تم تحقيق حضورك في تاريخ 2025-06-15", "verb_de": "Deine Anwesenheit für das Datum 2025-06-15 ist bestätigt.", "verb_es": "Se valida tu asistencia para la fecha 2025-06-15.", "verb_fr": "Votre présence pour la date 2025-06-15 est validée.", "redirect": "/attendance/view-my-attendance/?id=236"}		تم تحقيق حضورك في تاريخ 2025-06-15	Deine Anwesenheit für das Datum 2025-06-15 ist bestätigt.	Se valida tu asistencia para la fecha 2025-06-15.	Votre présence pour la date 2025-06-15 est validée.	\N	53	3	\N
35	info	t	1	Payslip has been generated for you.	\N	\N	\N	2025-07-21 15:19:09.153751+05:30	t	f	f	{"icon": "close", "verb_ar": "تم إصدار كشف راتب لك.", "verb_de": "Gehaltsabrechnung wurde für Sie erstellt.", "verb_es": "Se ha generado la nómina para usted.", "verb_fr": "La fiche de paie a été générée pour vous.", "redirect": "/payroll/view-payslip/2/"}		تم إصدار كشف راتب لك.	Gehaltsabrechnung wurde für Sie erstellt.	Se ha generado la nómina para usted.	La fiche de paie a été générée pour vous.	\N	53	3	\N
36	info	t	1	Your attendance for the date 2025-06-24 is validated	\N	\N	\N	2025-07-21 15:20:18.247941+05:30	t	f	f	{"icon": "checkmark", "verb_ar": "تم تحقيق حضورك في تاريخ 2025-06-24", "verb_de": "Deine Anwesenheit für das Datum 2025-06-24 ist bestätigt.", "verb_es": "Se valida tu asistencia para la fecha 2025-06-24.", "verb_fr": "Votre présence pour la date 2025-06-24 est validée.", "redirect": "/attendance/view-my-attendance/?id=296"}		تم تحقيق حضورك في تاريخ 2025-06-24	Deine Anwesenheit für das Datum 2025-06-24 ist bestätigt.	Se valida tu asistencia para la fecha 2025-06-24.	Votre présence pour la date 2025-06-24 est validée.	\N	53	3	\N
37	info	t	1	Payslip has been generated for you.	\N	\N	\N	2025-07-21 15:21:04.122136+05:30	t	f	f	{"icon": "close", "verb_ar": "تم إصدار كشف راتب لك.", "verb_de": "Gehaltsabrechnung wurde für Sie erstellt.", "verb_es": "Se ha generado la nómina para usted.", "verb_fr": "La fiche de paie a été générée pour vous.", "redirect": "/payroll/view-payslip/2/"}		تم إصدار كشف راتب لك.	Gehaltsabrechnung wurde für Sie erstellt.	Se ha generado la nómina para usted.	La fiche de paie a été générée pour vous.	\N	53	3	\N
38	info	f	1	Your attendance for the date 2025-06-24 is validated	\N	\N	\N	2025-07-22 12:14:46.921819+05:30	t	f	f	{"icon": "checkmark", "verb_ar": "تم تحقيق حضورك في تاريخ 2025-06-24", "verb_de": "Deine Anwesenheit für das Datum 2025-06-24 ist bestätigt.", "verb_es": "Se valida tu asistencia para la fecha 2025-06-24.", "verb_fr": "Votre présence pour la date 2025-06-24 est validée.", "redirect": "/attendance/view-my-attendance/?id=299"}		تم تحقيق حضورك في تاريخ 2025-06-24	Deine Anwesenheit für das Datum 2025-06-24 ist bestätigt.	Se valida tu asistencia para la fecha 2025-06-24.	Votre présence pour la date 2025-06-24 est validée.	\N	53	1	\N
39	info	t	1	Your work details has been updated.	\N	\N	\N	2025-07-22 13:08:15.982866+05:30	t	f	f	{"icon": "briefcase", "verb_ar": "تم تحديث تفاصيل عملك.", "verb_de": "Ihre Arbeitsdetails wurden aktualisiert.", "verb_es": "Se han actualizado los detalles de su trabajo.", "verb_fr": "Vos informations professionnelles ont été mises à jour.", "redirect": "/employee/employee-profile/"}		تم تحديث تفاصيل عملك.	Ihre Arbeitsdetails wurden aktualisiert.	Se han actualizado los detalles de su trabajo.	Vos informations professionnelles ont été mises à jour.	\N	53	132	\N
40	info	t	1	Your work details has been updated.	\N	\N	\N	2025-07-22 13:10:41.47317+05:30	t	f	f	{"icon": "briefcase", "verb_ar": "تم تحديث تفاصيل عملك.", "verb_de": "Ihre Arbeitsdetails wurden aktualisiert.", "verb_es": "Se han actualizado los detalles de su trabajo.", "verb_fr": "Vos informations professionnelles ont été mises à jour.", "redirect": "/employee/employee-profile/"}		تم تحديث تفاصيل عملك.	Ihre Arbeitsdetails wurden aktualisiert.	Se han actualizado los detalles de su trabajo.	Vos informations professionnelles ont été mises à jour.	\N	53	131	\N
43	info	t	1	Your work details has been updated.	\N	\N	\N	2025-07-22 13:17:42.419653+05:30	t	f	f	{"icon": "briefcase", "verb_ar": "تم تحديث تفاصيل عملك.", "verb_de": "Ihre Arbeitsdetails wurden aktualisiert.", "verb_es": "Se han actualizado los detalles de su trabajo.", "verb_fr": "Vos informations professionnelles ont été mises à jour.", "redirect": "/employee/employee-profile/"}		تم تحديث تفاصيل عملك.	Ihre Arbeitsdetails wurden aktualisiert.	Se han actualizado los detalles de su trabajo.	Vos informations professionnelles ont été mises à jour.	\N	53	129	\N
44	info	t	1	Your work details has been updated.	\N	\N	\N	2025-07-22 13:18:15.243541+05:30	t	f	f	{"icon": "briefcase", "verb_ar": "تم تحديث تفاصيل عملك.", "verb_de": "Ihre Arbeitsdetails wurden aktualisiert.", "verb_es": "Se han actualizado los detalles de su trabajo.", "verb_fr": "Vos informations professionnelles ont été mises à jour.", "redirect": "/employee/employee-profile/"}		تم تحديث تفاصيل عملك.	Ihre Arbeitsdetails wurden aktualisiert.	Se han actualizado los detalles de su trabajo.	Vos informations professionnelles ont été mises à jour.	\N	53	131	\N
45	info	t	1	Your Leave request has been approved	\N	\N	\N	2025-07-23 11:32:12.300749+05:30	t	f	f	{"icon": "people-circle", "verb_ar": "تمت الموافقة على طلب الإجازة الخاص بك", "verb_de": "Ihr Urlaubsantrag wurde genehmigt", "verb_es": "Se ha aprobado su solicitud de permiso", "verb_fr": "Votre demande de congé a été approuvée", "redirect": "/leave/user-request-view/?id=26"}		تمت الموافقة على طلب الإجازة الخاص بك	Ihr Urlaubsantrag wurde genehmigt	Se ha aprobado su solicitud de permiso	Votre demande de congé a été approuvée	\N	53	129	\N
46	info	t	1	Your 2025-06-24's attendance                     overtime approved.	\N	\N	\N	2025-07-23 13:09:39.113731+05:30	t	f	f	{"icon": "checkmark", "verb_ar": "تمت الموافقة على إضافة ساعات العمل الإضافية لتاريخ                     2025-06-24.", "verb_de": "Die Überstunden für den 2025-06-24                      wurden genehmigt.", "verb_es": "Se ha aprobado el tiempo extra de asistencia para el                     2025-06-24.", "verb_fr": "Les heures supplémentaires pour la date                      2025-06-24 ont été approuvées.", "redirect": "/attendance/attendance-overtime-view/?id=299"}		تمت الموافقة على إضافة ساعات العمل الإضافية لتاريخ                     2025-06-24.	Die Überstunden für den 2025-06-24                      wurden genehmigt.	Se ha aprobado el tiempo extra de asistencia para el                     2025-06-24.	Les heures supplémentaires pour la date                      2025-06-24 ont été approuvées.	\N	53	1	\N
41	info	f	1	Your work details has been updated.	\N	\N	\N	2025-07-22 13:16:14.146896+05:30	t	f	f	{"icon": "briefcase", "verb_ar": "تم تحديث تفاصيل عملك.", "verb_de": "Ihre Arbeitsdetails wurden aktualisiert.", "verb_es": "Se han actualizado los detalles de su trabajo.", "verb_fr": "Vos informations professionnelles ont été mises à jour.", "redirect": "/employee/employee-profile/"}		تم تحديث تفاصيل عملك.	Ihre Arbeitsdetails wurden aktualisiert.	Se han actualizado los detalles de su trabajo.	Vos informations professionnelles ont été mises à jour.	\N	53	133	\N
47	info	t	1	You are chosen as onboarding stage manager	\N	\N	\N	2025-07-24 13:02:00.568865+05:30	t	f	f	{"icon": "people-circle", "verb_ar": "لقد تم اختيارك كمدير مرحلة التدريب.", "verb_de": "Sie wurden als Onboarding-Stage-Manager ausgewählt.", "verb_es": "Ha sido seleccionado/a como responsable de etapa de incorporación.", "verb_fr": "Vous avez été choisi(e) en tant que responsable de l'étape d'intégration.", "redirect": "/onboarding/onboarding-view/"}		لقد تم اختيارك كمدير مرحلة التدريب.	Sie wurden als Onboarding-Stage-Manager ausgewählt.	Ha sido seleccionado/a como responsable de etapa de incorporación.	Vous avez été choisi(e) en tant que responsable de l'étape d'intégration.	\N	53	13	\N
48	info	t	1	You are chosen as an onboarding task manager	\N	\N	\N	2025-07-24 13:03:14.662423+05:30	t	f	f	{"icon": "people-circle", "verb_ar": "لقد تم اختيارك كمدير مهام التدريب.", "verb_de": "Sie wurden als Onboarding-Aufgabenmanager ausgewählt.", "verb_es": "Ha sido seleccionado/a como responsable de tareas de incorporación.", "verb_fr": "Vous avez été choisi(e) en tant que responsable des tâches d'intégration.", "redirect": "/onboarding/onboarding-view/"}		لقد تم اختيارك كمدير مهام التدريب.	Sie wurden als Onboarding-Aufgabenmanager ausgewählt.	Ha sido seleccionado/a como responsable de tareas de incorporación.	Vous avez été choisi(e) en tant que responsable des tâches d'intégration.	\N	53	13	\N
49	info	t	1	You are chosen as an onboarding task manager	\N	\N	\N	2025-07-24 13:03:14.662423+05:30	t	f	f	{"icon": "people-circle", "verb_ar": "لقد تم اختيارك كمدير مهام التدريب.", "verb_de": "Sie wurden als Onboarding-Aufgabenmanager ausgewählt.", "verb_es": "Ha sido seleccionado/a como responsable de tareas de incorporación.", "verb_fr": "Vous avez été choisi(e) en tant que responsable des tâches d'intégration.", "redirect": "/onboarding/onboarding-view/"}		لقد تم اختيارك كمدير مهام التدريب.	Sie wurden als Onboarding-Aufgabenmanager ausgewählt.	Ha sido seleccionado/a como responsable de tareas de incorporación.	Vous avez été choisi(e) en tant que responsable des tâches d'intégration.	\N	53	14	\N
50	info	t	1	You are chosen as onboarding stage manager	\N	\N	\N	2025-07-24 14:55:11.203741+05:30	t	f	f	{"icon": "people-circle", "verb_ar": "لقد تم اختيارك كمدير مرحلة التدريب.", "verb_de": "Sie wurden als Onboarding-Stage-Manager ausgewählt.", "verb_es": "Ha sido seleccionado/a como responsable de etapa de incorporación.", "verb_fr": "Vous avez été choisi(e) en tant que responsable de l'étape d'intégration.", "redirect": "/onboarding/onboarding-view/"}		لقد تم اختيارك كمدير مرحلة التدريب.	Sie wurden als Onboarding-Stage-Manager ausgewählt.	Ha sido seleccionado/a como responsable de etapa de incorporación.	Vous avez été choisi(e) en tant que responsable de l'étape d'intégration.	\N	53	129	\N
51	info	t	1	Recruitment Drive is updated, You are chosen as one of the managers	\N	\N	\N	2025-07-24 15:36:05.854954+05:30	t	f	f	{"icon": "people-circle", "verb_ar": "Recruitment Drive تم تحديثه، تم اختيارك كأحد المديرين", "verb_de": "Recruitment Drive wurde aktualisiert. Sie wurden als                            einer der Manager ausgewählt", "verb_es": "Recruitment Drive ha sido actualizado/a. Has sido elegido                            a como uno de los gerentes", "verb_fr": "Recruitment Drive a été mis(e) à jour. Vous êtes choisi(e) comme                            l'un des responsables", "redirect": "/recruitment/pipeline/"}		Recruitment Drive تم تحديثه، تم اختيارك كأحد المديرين	Recruitment Drive wurde aktualisiert. Sie wurden als                            einer der Manager ausgewählt	Recruitment Drive ha sido actualizado/a. Has sido elegido                            a como uno de los gerentes	Recruitment Drive a été mis(e) à jour. Vous êtes choisi(e) comme                            l'un des responsables	\N	53	13	\N
52	info	t	1	Recruitment Drive is updated, You are chosen as one of the managers	\N	\N	\N	2025-07-24 15:36:05.854954+05:30	t	f	f	{"icon": "people-circle", "verb_ar": "Recruitment Drive تم تحديثه، تم اختيارك كأحد المديرين", "verb_de": "Recruitment Drive wurde aktualisiert. Sie wurden als                            einer der Manager ausgewählt", "verb_es": "Recruitment Drive ha sido actualizado/a. Has sido elegido                            a como uno de los gerentes", "verb_fr": "Recruitment Drive a été mis(e) à jour. Vous êtes choisi(e) comme                            l'un des responsables", "redirect": "/recruitment/pipeline/"}		Recruitment Drive تم تحديثه، تم اختيارك كأحد المديرين	Recruitment Drive wurde aktualisiert. Sie wurden als                            einer der Manager ausgewählt	Recruitment Drive ha sido actualizado/a. Has sido elegido                            a como uno de los gerentes	Recruitment Drive a été mis(e) à jour. Vous êtes choisi(e) comme                            l'un des responsables	\N	53	1	\N
53	info	t	1	Recruitment Drive is updated, You are chosen as one of the managers	\N	\N	\N	2025-07-24 15:36:34.116831+05:30	t	f	f	{"icon": "people-circle", "verb_ar": "Recruitment Drive تم تحديثه، تم اختيارك كأحد المديرين", "verb_de": "Recruitment Drive wurde aktualisiert. Sie wurden als                            einer der Manager ausgewählt", "verb_es": "Recruitment Drive ha sido actualizado/a. Has sido elegido                            a como uno de los gerentes", "verb_fr": "Recruitment Drive a été mis(e) à jour. Vous êtes choisi(e) comme                            l'un des responsables", "redirect": "/recruitment/pipeline/"}		Recruitment Drive تم تحديثه، تم اختيارك كأحد المديرين	Recruitment Drive wurde aktualisiert. Sie wurden als                            einer der Manager ausgewählt	Recruitment Drive ha sido actualizado/a. Has sido elegido                            a como uno de los gerentes	Recruitment Drive a été mis(e) à jour. Vous êtes choisi(e) comme                            l'un des responsables	\N	53	13	\N
54	info	t	1	Recruitment Drive is updated, You are chosen as one of the managers	\N	\N	\N	2025-07-24 15:36:34.116831+05:30	t	f	f	{"icon": "people-circle", "verb_ar": "Recruitment Drive تم تحديثه، تم اختيارك كأحد المديرين", "verb_de": "Recruitment Drive wurde aktualisiert. Sie wurden als                            einer der Manager ausgewählt", "verb_es": "Recruitment Drive ha sido actualizado/a. Has sido elegido                            a como uno de los gerentes", "verb_fr": "Recruitment Drive a été mis(e) à jour. Vous êtes choisi(e) comme                            l'un des responsables", "redirect": "/recruitment/pipeline/"}		Recruitment Drive تم تحديثه، تم اختيارك كأحد المديرين	Recruitment Drive wurde aktualisiert. Sie wurden als                            einer der Manager ausgewählt	Recruitment Drive ha sido actualizado/a. Has sido elegido                            a como uno de los gerentes	Recruitment Drive a été mis(e) à jour. Vous êtes choisi(e) comme                            l'un des responsables	\N	53	1	\N
55	info	t	1	You are chosen as onboarding stage manager	\N	\N	\N	2025-07-24 16:09:49.922408+05:30	t	f	f	{"icon": "people-circle", "verb_ar": "لقد تم اختيارك كمدير مرحلة التدريب.", "verb_de": "Sie wurden als Onboarding-Stage-Manager ausgewählt.", "verb_es": "Ha sido seleccionado/a como responsable de etapa de incorporación.", "verb_fr": "Vous avez été choisi(e) en tant que responsable de l'étape d'intégration.", "redirect": "/onboarding/onboarding-view/"}		لقد تم اختيارك كمدير مرحلة التدريب.	Sie wurden als Onboarding-Stage-Manager ausgewählt.	Ha sido seleccionado/a como responsable de etapa de incorporación.	Vous avez été choisi(e) en tant que responsable de l'étape d'intégration.	\N	53	13	\N
56	info	t	1	You are scheduled as an interviewer for an interview with Sayan Deb on 2025-07-24 at 23:23:00.	\N	\N	\N	2025-07-24 16:19:28.950842+05:30	t	f	f	{"icon": "people-circle", "verb_ar": "أنت مجدول كمقابلة مع Sayan Deb يوم 2025-07-24 في توقيت 23:23:00.", "verb_de": "Sie sind als Interviewer für ein Interview mit Sayan Deb am 2025-07-24 um 23:23:00 eingeplant.", "verb_es": "Estás programado como entrevistador para una entrevista con Sayan Deb el 2025-07-24 a las 23:23:00.", "verb_fr": "Vous êtes programmé en tant qu'intervieweur pour un entretien avec Sayan Deb le 2025-07-24 à 23:23:00.", "redirect": "/recruitment/interview-view/"}		أنت مجدول كمقابلة مع Sayan Deb يوم 2025-07-24 في توقيت 23:23:00.	Sie sind als Interviewer für ein Interview mit Sayan Deb am 2025-07-24 um 23:23:00 eingeplant.	Estás programado como entrevistador para una entrevista con Sayan Deb el 2025-07-24 a las 23:23:00.	Vous êtes programmé en tant qu'intervieweur pour un entretien avec Sayan Deb le 2025-07-24 à 23:23:00.	\N	53	13	\N
57	info	t	1	You have been assigned to a new Ticket	\N	\N	\N	2025-07-28 12:54:17.719641+05:30	t	f	f	{"icon": "infinite", "verb_ar": "لقد تم تعيينك لتذكرة جديدة", "verb_de": "Ihnen wurde ein neues Ticket zugewiesen", "verb_es": "Se te ha asignado un nuevo ticket", "verb_fr": "Un nouveau ticket vous a été attribué", "redirect": "/helpdesk/ticket-detail/1/"}		لقد تم تعيينك لتذكرة جديدة	Ihnen wurde ein neues Ticket zugewiesen	Se te ha asignado un nuevo ticket	Un nouveau ticket vous a été attribué	\N	53	129	\N
58	info	t	127	The ticket has been deleted.	\N	\N	\N	2025-07-28 13:00:18.363129+05:30	t	f	f	{"icon": "infinite", "verb_ar": "تم حذف التذكرة.", "verb_de": "Das Ticket wurde gelöscht", "verb_es": "El billete ha sido eliminado.", "verb_fr": "Le ticket a été supprimé.", "redirect": "/helpdesk/ticket-view/"}		تم حذف التذكرة.	Das Ticket wurde gelöscht	El billete ha sido eliminado.	Le ticket a été supprimé.	\N	53	129	\N
59	info	t	1	You have been assigned to a new Ticket	\N	\N	\N	2025-07-28 13:29:23.075324+05:30	t	f	f	{"icon": "infinite", "verb_ar": "لقد تم تعيينك لتذكرة جديدة", "verb_de": "Ihnen wurde ein neues Ticket zugewiesen", "verb_es": "Se te ha asignado un nuevo ticket", "verb_fr": "Un nouveau ticket vous a été attribué", "redirect": "/helpdesk/ticket-detail/2/"}		لقد تم تعيينك لتذكرة جديدة	Ihnen wurde ein neues Ticket zugewiesen	Se te ha asignado un nuevo ticket	Un nouveau ticket vous a été attribué	\N	53	131	\N
60	info	t	127	You have been assigned to a new Ticket	\N	\N	\N	2025-07-28 14:53:49.192343+05:30	t	f	f	{"icon": "infinite", "verb_ar": "لقد تم تعيينك لتذكرة جديدة", "verb_de": "Ihnen wurde ein neues Ticket zugewiesen", "verb_es": "Se te ha asignado un nuevo ticket", "verb_fr": "Un nouveau ticket vous a été attribué", "redirect": "/helpdesk/ticket-detail/3/"}		لقد تم تعيينك لتذكرة جديدة	Ihnen wurde ein neues Ticket zugewiesen	Se te ha asignado un nuevo ticket	Un nouveau ticket vous a été attribué	\N	53	129	\N
61	info	t	1	Your asset request has been approved!	\N	\N	\N	2025-07-28 15:10:44.256038+05:30	t	f	f	{"icon": "bag-check", "redirect": "/asset/asset-request-allocation-view/?asset_request_date=2025-07-28&asset_request_status=Approved"}		\N	\N	\N	\N	\N	53	129	\N
62	info	t	1	Your attendance for the date 2025-07-23 is validated	\N	\N	\N	2025-07-28 17:58:06.814475+05:30	t	f	f	{"icon": "checkmark", "verb_ar": "تم تحقيق حضورك في تاريخ 2025-07-23", "verb_de": "Deine Anwesenheit für das Datum 2025-07-23 ist bestätigt.", "verb_es": "Se valida tu asistencia para la fecha 2025-07-23.", "verb_fr": "Votre présence pour la date 2025-07-23 est validée.", "redirect": "/attendance/view-my-attendance/?id=303"}		تم تحقيق حضورك في تاريخ 2025-07-23	Deine Anwesenheit für das Datum 2025-07-23 ist bestätigt.	Se valida tu asistencia para la fecha 2025-07-23.	Votre présence pour la date 2025-07-23 est validée.	\N	53	129	\N
63	info	f	1	Your work details has been updated.	\N	\N	\N	2025-07-28 18:23:37.631572+05:30	t	f	f	{"icon": "briefcase", "verb_ar": "تم تحديث تفاصيل عملك.", "verb_de": "Ihre Arbeitsdetails wurden aktualisiert.", "verb_es": "Se han actualizado los detalles de su trabajo.", "verb_fr": "Vos informations professionnelles ont été mises à jour.", "redirect": "/employee/employee-profile/"}		تم تحديث تفاصيل عملك.	Ihre Arbeitsdetails wurden aktualisiert.	Se han actualizado los detalles de su trabajo.	Vos informations professionnelles ont été mises à jour.	\N	53	134	\N
64	info	t	1	Your department was mentioned in a post.	\N	\N	\N	2025-07-28 18:39:40.943077+05:30	t	f	f	{"icon": "chatbox-ellipses", "verb_ar": "تم ذكر قسمك في منشور.", "verb_de": "Ihr Abteilung wurde in einem Beitrag erwähnt.", "verb_es": "Tu departamento fue mencionado en una publicación.", "verb_fr": "Votre département a été mentionné dans un post.", "redirect": "/"}		تم ذكر قسمك في منشور.	Ihr Abteilung wurde in einem Beitrag erwähnt.	Tu departamento fue mencionado en una publicación.	Votre département a été mentionné dans un post.	\N	53	11	\N
65	info	t	1	Your department was mentioned in a post.	\N	\N	\N	2025-07-28 18:39:40.943077+05:30	t	f	f	{"icon": "chatbox-ellipses", "verb_ar": "تم ذكر قسمك في منشور.", "verb_de": "Ihr Abteilung wurde in einem Beitrag erwähnt.", "verb_es": "Tu departamento fue mencionado en una publicación.", "verb_fr": "Votre département a été mentionné dans un post.", "redirect": "/"}		تم ذكر قسمك في منشور.	Ihr Abteilung wurde in einem Beitrag erwähnt.	Tu departamento fue mencionado en una publicación.	Votre département a été mentionné dans un post.	\N	53	12	\N
66	info	t	1	Your department was mentioned in a post.	\N	\N	\N	2025-07-28 18:39:40.943077+05:30	t	f	f	{"icon": "chatbox-ellipses", "verb_ar": "تم ذكر قسمك في منشور.", "verb_de": "Ihr Abteilung wurde in einem Beitrag erwähnt.", "verb_es": "Tu departamento fue mencionado en una publicación.", "verb_fr": "Votre département a été mentionné dans un post.", "redirect": "/"}		تم ذكر قسمك في منشور.	Ihr Abteilung wurde in einem Beitrag erwähnt.	Tu departamento fue mencionado en una publicación.	Votre département a été mentionné dans un post.	\N	53	14	\N
67	info	t	1	Your department was mentioned in a post.	\N	\N	\N	2025-07-28 18:39:40.943077+05:30	t	f	f	{"icon": "chatbox-ellipses", "verb_ar": "تم ذكر قسمك في منشور.", "verb_de": "Ihr Abteilung wurde in einem Beitrag erwähnt.", "verb_es": "Tu departamento fue mencionado en una publicación.", "verb_fr": "Votre département a été mentionné dans un post.", "redirect": "/"}		تم ذكر قسمك في منشور.	Ihr Abteilung wurde in einem Beitrag erwähnt.	Tu departamento fue mencionado en una publicación.	Votre département a été mentionné dans un post.	\N	53	15	\N
68	info	t	1	Your department was mentioned in a post.	\N	\N	\N	2025-07-28 18:39:40.943077+05:30	t	f	f	{"icon": "chatbox-ellipses", "verb_ar": "تم ذكر قسمك في منشور.", "verb_de": "Ihr Abteilung wurde in einem Beitrag erwähnt.", "verb_es": "Tu departamento fue mencionado en una publicación.", "verb_fr": "Votre département a été mentionné dans un post.", "redirect": "/"}		تم ذكر قسمك في منشور.	Ihr Abteilung wurde in einem Beitrag erwähnt.	Tu departamento fue mencionado en una publicación.	Votre département a été mentionné dans un post.	\N	53	16	\N
69	info	t	1	Your department was mentioned in a post.	\N	\N	\N	2025-07-28 18:39:40.943077+05:30	t	f	f	{"icon": "chatbox-ellipses", "verb_ar": "تم ذكر قسمك في منشور.", "verb_de": "Ihr Abteilung wurde in einem Beitrag erwähnt.", "verb_es": "Tu departamento fue mencionado en una publicación.", "verb_fr": "Votre département a été mentionné dans un post.", "redirect": "/"}		تم ذكر قسمك في منشور.	Ihr Abteilung wurde in einem Beitrag erwähnt.	Tu departamento fue mencionado en una publicación.	Votre département a été mentionné dans un post.	\N	53	17	\N
70	info	t	1	Your department was mentioned in a post.	\N	\N	\N	2025-07-28 18:39:40.943077+05:30	t	f	f	{"icon": "chatbox-ellipses", "verb_ar": "تم ذكر قسمك في منشور.", "verb_de": "Ihr Abteilung wurde in einem Beitrag erwähnt.", "verb_es": "Tu departamento fue mencionado en una publicación.", "verb_fr": "Votre département a été mentionné dans un post.", "redirect": "/"}		تم ذكر قسمك في منشور.	Ihr Abteilung wurde in einem Beitrag erwähnt.	Tu departamento fue mencionado en una publicación.	Votre département a été mentionné dans un post.	\N	53	18	\N
71	info	t	1	Your department was mentioned in a post.	\N	\N	\N	2025-07-28 18:39:40.943077+05:30	t	f	f	{"icon": "chatbox-ellipses", "verb_ar": "تم ذكر قسمك في منشور.", "verb_de": "Ihr Abteilung wurde in einem Beitrag erwähnt.", "verb_es": "Tu departamento fue mencionado en una publicación.", "verb_fr": "Votre département a été mentionné dans un post.", "redirect": "/"}		تم ذكر قسمك في منشور.	Ihr Abteilung wurde in einem Beitrag erwähnt.	Tu departamento fue mencionado en una publicación.	Votre département a été mentionné dans un post.	\N	53	19	\N
72	info	t	1	Your department was mentioned in a post.	\N	\N	\N	2025-07-28 18:39:40.943077+05:30	t	f	f	{"icon": "chatbox-ellipses", "verb_ar": "تم ذكر قسمك في منشور.", "verb_de": "Ihr Abteilung wurde in einem Beitrag erwähnt.", "verb_es": "Tu departamento fue mencionado en una publicación.", "verb_fr": "Votre département a été mentionné dans un post.", "redirect": "/"}		تم ذكر قسمك في منشور.	Ihr Abteilung wurde in einem Beitrag erwähnt.	Tu departamento fue mencionado en una publicación.	Votre département a été mentionné dans un post.	\N	53	20	\N
73	info	t	1	Your department was mentioned in a post.	\N	\N	\N	2025-07-28 18:39:40.943077+05:30	t	f	f	{"icon": "chatbox-ellipses", "verb_ar": "تم ذكر قسمك في منشور.", "verb_de": "Ihr Abteilung wurde in einem Beitrag erwähnt.", "verb_es": "Tu departamento fue mencionado en una publicación.", "verb_fr": "Votre département a été mentionné dans un post.", "redirect": "/"}		تم ذكر قسمك في منشور.	Ihr Abteilung wurde in einem Beitrag erwähnt.	Tu departamento fue mencionado en una publicación.	Votre département a été mentionné dans un post.	\N	53	82	\N
74	info	t	1	Your department was mentioned in a post.	\N	\N	\N	2025-07-28 18:39:40.943077+05:30	t	f	f	{"icon": "chatbox-ellipses", "verb_ar": "تم ذكر قسمك في منشور.", "verb_de": "Ihr Abteilung wurde in einem Beitrag erwähnt.", "verb_es": "Tu departamento fue mencionado en una publicación.", "verb_fr": "Votre département a été mentionné dans un post.", "redirect": "/"}		تم ذكر قسمك في منشور.	Ihr Abteilung wurde in einem Beitrag erwähnt.	Tu departamento fue mencionado en una publicación.	Votre département a été mentionné dans un post.	\N	53	84	\N
75	info	t	1	Your department was mentioned in a post.	\N	\N	\N	2025-07-28 18:39:40.943077+05:30	t	f	f	{"icon": "chatbox-ellipses", "verb_ar": "تم ذكر قسمك في منشور.", "verb_de": "Ihr Abteilung wurde in einem Beitrag erwähnt.", "verb_es": "Tu departamento fue mencionado en una publicación.", "verb_fr": "Votre département a été mentionné dans un post.", "redirect": "/"}		تم ذكر قسمك في منشور.	Ihr Abteilung wurde in einem Beitrag erwähnt.	Tu departamento fue mencionado en una publicación.	Votre département a été mentionné dans un post.	\N	53	89	\N
76	info	t	1	Your department was mentioned in a post.	\N	\N	\N	2025-07-28 18:39:40.943077+05:30	t	f	f	{"icon": "chatbox-ellipses", "verb_ar": "تم ذكر قسمك في منشور.", "verb_de": "Ihr Abteilung wurde in einem Beitrag erwähnt.", "verb_es": "Tu departamento fue mencionado en una publicación.", "verb_fr": "Votre département a été mentionné dans un post.", "redirect": "/"}		تم ذكر قسمك في منشور.	Ihr Abteilung wurde in einem Beitrag erwähnt.	Tu departamento fue mencionado en una publicación.	Votre département a été mentionné dans un post.	\N	53	90	\N
77	info	t	1	Your department was mentioned in a post.	\N	\N	\N	2025-07-28 18:39:40.943077+05:30	t	f	f	{"icon": "chatbox-ellipses", "verb_ar": "تم ذكر قسمك في منشور.", "verb_de": "Ihr Abteilung wurde in einem Beitrag erwähnt.", "verb_es": "Tu departamento fue mencionado en una publicación.", "verb_fr": "Votre département a été mentionné dans un post.", "redirect": "/"}		تم ذكر قسمك في منشور.	Ihr Abteilung wurde in einem Beitrag erwähnt.	Tu departamento fue mencionado en una publicación.	Votre département a été mentionné dans un post.	\N	53	93	\N
78	info	t	1	Your department was mentioned in a post.	\N	\N	\N	2025-07-28 18:39:40.943077+05:30	t	f	f	{"icon": "chatbox-ellipses", "verb_ar": "تم ذكر قسمك في منشور.", "verb_de": "Ihr Abteilung wurde in einem Beitrag erwähnt.", "verb_es": "Tu departamento fue mencionado en una publicación.", "verb_fr": "Votre département a été mentionné dans un post.", "redirect": "/"}		تم ذكر قسمك في منشور.	Ihr Abteilung wurde in einem Beitrag erwähnt.	Tu departamento fue mencionado en una publicación.	Votre département a été mentionné dans un post.	\N	53	99	\N
79	info	t	1	Your department was mentioned in a post.	\N	\N	\N	2025-07-28 18:39:40.943077+05:30	t	f	f	{"icon": "chatbox-ellipses", "verb_ar": "تم ذكر قسمك في منشور.", "verb_de": "Ihr Abteilung wurde in einem Beitrag erwähnt.", "verb_es": "Tu departamento fue mencionado en una publicación.", "verb_fr": "Votre département a été mentionné dans un post.", "redirect": "/"}		تم ذكر قسمك في منشور.	Ihr Abteilung wurde in einem Beitrag erwähnt.	Tu departamento fue mencionado en una publicación.	Votre département a été mentionné dans un post.	\N	53	100	\N
80	info	t	1	Your department was mentioned in a post.	\N	\N	\N	2025-07-28 18:39:40.943077+05:30	t	f	f	{"icon": "chatbox-ellipses", "verb_ar": "تم ذكر قسمك في منشور.", "verb_de": "Ihr Abteilung wurde in einem Beitrag erwähnt.", "verb_es": "Tu departamento fue mencionado en una publicación.", "verb_fr": "Votre département a été mentionné dans un post.", "redirect": "/"}		تم ذكر قسمك في منشور.	Ihr Abteilung wurde in einem Beitrag erwähnt.	Tu departamento fue mencionado en una publicación.	Votre département a été mentionné dans un post.	\N	53	105	\N
81	info	t	1	Your department was mentioned in a post.	\N	\N	\N	2025-07-28 18:39:40.943077+05:30	t	f	f	{"icon": "chatbox-ellipses", "verb_ar": "تم ذكر قسمك في منشور.", "verb_de": "Ihr Abteilung wurde in einem Beitrag erwähnt.", "verb_es": "Tu departamento fue mencionado en una publicación.", "verb_fr": "Votre département a été mentionné dans un post.", "redirect": "/"}		تم ذكر قسمك في منشور.	Ihr Abteilung wurde in einem Beitrag erwähnt.	Tu departamento fue mencionado en una publicación.	Votre département a été mentionné dans un post.	\N	53	107	\N
82	info	t	1	Your department was mentioned in a post.	\N	\N	\N	2025-07-28 18:39:40.943077+05:30	t	f	f	{"icon": "chatbox-ellipses", "verb_ar": "تم ذكر قسمك في منشور.", "verb_de": "Ihr Abteilung wurde in einem Beitrag erwähnt.", "verb_es": "Tu departamento fue mencionado en una publicación.", "verb_fr": "Votre département a été mentionné dans un post.", "redirect": "/"}		تم ذكر قسمك في منشور.	Ihr Abteilung wurde in einem Beitrag erwähnt.	Tu departamento fue mencionado en una publicación.	Votre département a été mentionné dans un post.	\N	53	108	\N
83	info	t	1	Your department was mentioned in a post.	\N	\N	\N	2025-07-28 18:39:40.943077+05:30	t	f	f	{"icon": "chatbox-ellipses", "verb_ar": "تم ذكر قسمك في منشور.", "verb_de": "Ihr Abteilung wurde in einem Beitrag erwähnt.", "verb_es": "Tu departamento fue mencionado en una publicación.", "verb_fr": "Votre département a été mentionné dans un post.", "redirect": "/"}		تم ذكر قسمك في منشور.	Ihr Abteilung wurde in einem Beitrag erwähnt.	Tu departamento fue mencionado en una publicación.	Votre département a été mentionné dans un post.	\N	53	111	\N
84	info	t	1	Your department was mentioned in a post.	\N	\N	\N	2025-07-28 18:39:40.943077+05:30	t	f	f	{"icon": "chatbox-ellipses", "verb_ar": "تم ذكر قسمك في منشور.", "verb_de": "Ihr Abteilung wurde in einem Beitrag erwähnt.", "verb_es": "Tu departamento fue mencionado en una publicación.", "verb_fr": "Votre département a été mentionné dans un post.", "redirect": "/"}		تم ذكر قسمك في منشور.	Ihr Abteilung wurde in einem Beitrag erwähnt.	Tu departamento fue mencionado en una publicación.	Votre département a été mentionné dans un post.	\N	53	112	\N
85	info	t	1	Your department was mentioned in a post.	\N	\N	\N	2025-07-28 18:39:40.943077+05:30	t	f	f	{"icon": "chatbox-ellipses", "verb_ar": "تم ذكر قسمك في منشور.", "verb_de": "Ihr Abteilung wurde in einem Beitrag erwähnt.", "verb_es": "Tu departamento fue mencionado en una publicación.", "verb_fr": "Votre département a été mentionné dans un post.", "redirect": "/"}		تم ذكر قسمك في منشور.	Ihr Abteilung wurde in einem Beitrag erwähnt.	Tu departamento fue mencionado en una publicación.	Votre département a été mentionné dans un post.	\N	53	115	\N
86	info	t	1	Your department was mentioned in a post.	\N	\N	\N	2025-07-28 18:39:40.943077+05:30	t	f	f	{"icon": "chatbox-ellipses", "verb_ar": "تم ذكر قسمك في منشور.", "verb_de": "Ihr Abteilung wurde in einem Beitrag erwähnt.", "verb_es": "Tu departamento fue mencionado en una publicación.", "verb_fr": "Votre département a été mentionné dans un post.", "redirect": "/"}		تم ذكر قسمك في منشور.	Ihr Abteilung wurde in einem Beitrag erwähnt.	Tu departamento fue mencionado en una publicación.	Votre département a été mentionné dans un post.	\N	53	118	\N
87	info	t	1	Your department was mentioned in a post.	\N	\N	\N	2025-07-28 18:39:40.943077+05:30	t	f	f	{"icon": "chatbox-ellipses", "verb_ar": "تم ذكر قسمك في منشور.", "verb_de": "Ihr Abteilung wurde in einem Beitrag erwähnt.", "verb_es": "Tu departamento fue mencionado en una publicación.", "verb_fr": "Votre département a été mentionné dans un post.", "redirect": "/"}		تم ذكر قسمك في منشور.	Ihr Abteilung wurde in einem Beitrag erwähnt.	Tu departamento fue mencionado en una publicación.	Votre département a été mentionné dans un post.	\N	53	126	\N
88	info	t	1	Your department was mentioned in a post.	\N	\N	\N	2025-07-28 18:39:40.943077+05:30	t	f	f	{"icon": "chatbox-ellipses", "verb_ar": "تم ذكر قسمك في منشور.", "verb_de": "Ihr Abteilung wurde in einem Beitrag erwähnt.", "verb_es": "Tu departamento fue mencionado en una publicación.", "verb_fr": "Votre département a été mentionné dans un post.", "redirect": "/"}		تم ذكر قسمك في منشور.	Ihr Abteilung wurde in einem Beitrag erwähnt.	Tu departamento fue mencionado en una publicación.	Votre département a été mentionné dans un post.	\N	53	127	\N
90	info	t	1	Your department was mentioned in a post.	\N	\N	\N	2025-07-28 18:39:40.943077+05:30	t	f	f	{"icon": "chatbox-ellipses", "verb_ar": "تم ذكر قسمك في منشور.", "verb_de": "Ihr Abteilung wurde in einem Beitrag erwähnt.", "verb_es": "Tu departamento fue mencionado en una publicación.", "verb_fr": "Votre département a été mentionné dans un post.", "redirect": "/"}		تم ذكر قسمك في منشور.	Ihr Abteilung wurde in einem Beitrag erwähnt.	Tu departamento fue mencionado en una publicación.	Votre département a été mentionné dans un post.	\N	53	130	\N
91	info	t	1	Your department was mentioned in a post.	\N	\N	\N	2025-07-28 18:39:40.943077+05:30	t	f	f	{"icon": "chatbox-ellipses", "verb_ar": "تم ذكر قسمك في منشور.", "verb_de": "Ihr Abteilung wurde in einem Beitrag erwähnt.", "verb_es": "Tu departamento fue mencionado en una publicación.", "verb_fr": "Votre département a été mentionné dans un post.", "redirect": "/"}		تم ذكر قسمك في منشور.	Ihr Abteilung wurde in einem Beitrag erwähnt.	Tu departamento fue mencionado en una publicación.	Votre département a été mentionné dans un post.	\N	53	129	\N
92	info	t	1	Your job position was mentioned in a post.	\N	\N	\N	2025-07-28 18:39:41.061997+05:30	t	f	f	{"icon": "chatbox-ellipses", "verb_ar": "تم ذكر وظيفتك في منشور.", "verb_de": "Ihre Arbeitsposition wurde in einem Beitrag erwähnt.", "verb_es": "Tu puesto de trabajo fue mencionado en una publicación.", "verb_fr": "Votre poste de travail a été mentionné dans un post.", "redirect": "/"}		تم ذكر وظيفتك في منشور.	Ihre Arbeitsposition wurde in einem Beitrag erwähnt.	Tu puesto de trabajo fue mencionado en una publicación.	Votre poste de travail a été mentionné dans un post.	\N	53	3	\N
93	info	t	1	Your job position was mentioned in a post.	\N	\N	\N	2025-07-28 18:39:41.061997+05:30	t	f	f	{"icon": "chatbox-ellipses", "verb_ar": "تم ذكر وظيفتك في منشور.", "verb_de": "Ihre Arbeitsposition wurde in einem Beitrag erwähnt.", "verb_es": "Tu puesto de trabajo fue mencionado en una publicación.", "verb_fr": "Votre poste de travail a été mentionné dans un post.", "redirect": "/"}		تم ذكر وظيفتك في منشور.	Ihre Arbeitsposition wurde in einem Beitrag erwähnt.	Tu puesto de trabajo fue mencionado en una publicación.	Votre poste de travail a été mentionné dans un post.	\N	53	4	\N
94	info	t	1	Your job position was mentioned in a post.	\N	\N	\N	2025-07-28 18:39:41.061997+05:30	t	f	f	{"icon": "chatbox-ellipses", "verb_ar": "تم ذكر وظيفتك في منشور.", "verb_de": "Ihre Arbeitsposition wurde in einem Beitrag erwähnt.", "verb_es": "Tu puesto de trabajo fue mencionado en una publicación.", "verb_fr": "Votre poste de travail a été mentionné dans un post.", "redirect": "/"}		تم ذكر وظيفتك في منشور.	Ihre Arbeitsposition wurde in einem Beitrag erwähnt.	Tu puesto de trabajo fue mencionado en una publicación.	Votre poste de travail a été mentionné dans un post.	\N	53	5	\N
95	info	t	1	Your job position was mentioned in a post.	\N	\N	\N	2025-07-28 18:39:41.061997+05:30	t	f	f	{"icon": "chatbox-ellipses", "verb_ar": "تم ذكر وظيفتك في منشور.", "verb_de": "Ihre Arbeitsposition wurde in einem Beitrag erwähnt.", "verb_es": "Tu puesto de trabajo fue mencionado en una publicación.", "verb_fr": "Votre poste de travail a été mentionné dans un post.", "redirect": "/"}		تم ذكر وظيفتك في منشور.	Ihre Arbeitsposition wurde in einem Beitrag erwähnt.	Tu puesto de trabajo fue mencionado en una publicación.	Votre poste de travail a été mentionné dans un post.	\N	53	6	\N
96	info	t	1	Your job position was mentioned in a post.	\N	\N	\N	2025-07-28 18:39:41.061997+05:30	t	f	f	{"icon": "chatbox-ellipses", "verb_ar": "تم ذكر وظيفتك في منشور.", "verb_de": "Ihre Arbeitsposition wurde in einem Beitrag erwähnt.", "verb_es": "Tu puesto de trabajo fue mencionado en una publicación.", "verb_fr": "Votre poste de travail a été mentionné dans un post.", "redirect": "/"}		تم ذكر وظيفتك في منشور.	Ihre Arbeitsposition wurde in einem Beitrag erwähnt.	Tu puesto de trabajo fue mencionado en una publicación.	Votre poste de travail a été mentionné dans un post.	\N	53	72	\N
97	info	t	1	Your job position was mentioned in a post.	\N	\N	\N	2025-07-28 18:39:41.061997+05:30	t	f	f	{"icon": "chatbox-ellipses", "verb_ar": "تم ذكر وظيفتك في منشور.", "verb_de": "Ihre Arbeitsposition wurde in einem Beitrag erwähnt.", "verb_es": "Tu puesto de trabajo fue mencionado en una publicación.", "verb_fr": "Votre poste de travail a été mentionné dans un post.", "redirect": "/"}		تم ذكر وظيفتك في منشور.	Ihre Arbeitsposition wurde in einem Beitrag erwähnt.	Tu puesto de trabajo fue mencionado en una publicación.	Votre poste de travail a été mentionné dans un post.	\N	53	73	\N
98	info	t	1	Your job position was mentioned in a post.	\N	\N	\N	2025-07-28 18:39:41.061997+05:30	t	f	f	{"icon": "chatbox-ellipses", "verb_ar": "تم ذكر وظيفتك في منشور.", "verb_de": "Ihre Arbeitsposition wurde in einem Beitrag erwähnt.", "verb_es": "Tu puesto de trabajo fue mencionado en una publicación.", "verb_fr": "Votre poste de travail a été mentionné dans un post.", "redirect": "/"}		تم ذكر وظيفتك في منشور.	Ihre Arbeitsposition wurde in einem Beitrag erwähnt.	Tu puesto de trabajo fue mencionado en una publicación.	Votre poste de travail a été mentionné dans un post.	\N	53	135	\N
99	info	t	1	Your department was mentioned in a post.	\N	\N	\N	2025-07-28 18:44:46.878472+05:30	t	f	f	{"icon": "chatbox-ellipses", "verb_ar": "تم ذكر قسمك في منشور.", "verb_de": "Ihr Abteilung wurde in einem Beitrag erwähnt.", "verb_es": "Tu departamento fue mencionado en una publicación.", "verb_fr": "Votre département a été mentionné dans un post.", "redirect": "/"}		تم ذكر قسمك في منشور.	Ihr Abteilung wurde in einem Beitrag erwähnt.	Tu departamento fue mencionado en una publicación.	Votre département a été mentionné dans un post.	\N	53	11	\N
100	info	t	1	Your department was mentioned in a post.	\N	\N	\N	2025-07-28 18:44:46.878472+05:30	t	f	f	{"icon": "chatbox-ellipses", "verb_ar": "تم ذكر قسمك في منشور.", "verb_de": "Ihr Abteilung wurde in einem Beitrag erwähnt.", "verb_es": "Tu departamento fue mencionado en una publicación.", "verb_fr": "Votre département a été mentionné dans un post.", "redirect": "/"}		تم ذكر قسمك في منشور.	Ihr Abteilung wurde in einem Beitrag erwähnt.	Tu departamento fue mencionado en una publicación.	Votre département a été mentionné dans un post.	\N	53	12	\N
101	info	t	1	Your department was mentioned in a post.	\N	\N	\N	2025-07-28 18:44:46.878472+05:30	t	f	f	{"icon": "chatbox-ellipses", "verb_ar": "تم ذكر قسمك في منشور.", "verb_de": "Ihr Abteilung wurde in einem Beitrag erwähnt.", "verb_es": "Tu departamento fue mencionado en una publicación.", "verb_fr": "Votre département a été mentionné dans un post.", "redirect": "/"}		تم ذكر قسمك في منشور.	Ihr Abteilung wurde in einem Beitrag erwähnt.	Tu departamento fue mencionado en una publicación.	Votre département a été mentionné dans un post.	\N	53	14	\N
102	info	t	1	Your department was mentioned in a post.	\N	\N	\N	2025-07-28 18:44:46.878472+05:30	t	f	f	{"icon": "chatbox-ellipses", "verb_ar": "تم ذكر قسمك في منشور.", "verb_de": "Ihr Abteilung wurde in einem Beitrag erwähnt.", "verb_es": "Tu departamento fue mencionado en una publicación.", "verb_fr": "Votre département a été mentionné dans un post.", "redirect": "/"}		تم ذكر قسمك في منشور.	Ihr Abteilung wurde in einem Beitrag erwähnt.	Tu departamento fue mencionado en una publicación.	Votre département a été mentionné dans un post.	\N	53	15	\N
103	info	t	1	Your department was mentioned in a post.	\N	\N	\N	2025-07-28 18:44:46.878472+05:30	t	f	f	{"icon": "chatbox-ellipses", "verb_ar": "تم ذكر قسمك في منشور.", "verb_de": "Ihr Abteilung wurde in einem Beitrag erwähnt.", "verb_es": "Tu departamento fue mencionado en una publicación.", "verb_fr": "Votre département a été mentionné dans un post.", "redirect": "/"}		تم ذكر قسمك في منشور.	Ihr Abteilung wurde in einem Beitrag erwähnt.	Tu departamento fue mencionado en una publicación.	Votre département a été mentionné dans un post.	\N	53	16	\N
104	info	t	1	Your department was mentioned in a post.	\N	\N	\N	2025-07-28 18:44:46.878472+05:30	t	f	f	{"icon": "chatbox-ellipses", "verb_ar": "تم ذكر قسمك في منشور.", "verb_de": "Ihr Abteilung wurde in einem Beitrag erwähnt.", "verb_es": "Tu departamento fue mencionado en una publicación.", "verb_fr": "Votre département a été mentionné dans un post.", "redirect": "/"}		تم ذكر قسمك في منشور.	Ihr Abteilung wurde in einem Beitrag erwähnt.	Tu departamento fue mencionado en una publicación.	Votre département a été mentionné dans un post.	\N	53	17	\N
105	info	t	1	Your department was mentioned in a post.	\N	\N	\N	2025-07-28 18:44:46.878472+05:30	t	f	f	{"icon": "chatbox-ellipses", "verb_ar": "تم ذكر قسمك في منشور.", "verb_de": "Ihr Abteilung wurde in einem Beitrag erwähnt.", "verb_es": "Tu departamento fue mencionado en una publicación.", "verb_fr": "Votre département a été mentionné dans un post.", "redirect": "/"}		تم ذكر قسمك في منشور.	Ihr Abteilung wurde in einem Beitrag erwähnt.	Tu departamento fue mencionado en una publicación.	Votre département a été mentionné dans un post.	\N	53	18	\N
106	info	t	1	Your department was mentioned in a post.	\N	\N	\N	2025-07-28 18:44:46.878472+05:30	t	f	f	{"icon": "chatbox-ellipses", "verb_ar": "تم ذكر قسمك في منشور.", "verb_de": "Ihr Abteilung wurde in einem Beitrag erwähnt.", "verb_es": "Tu departamento fue mencionado en una publicación.", "verb_fr": "Votre département a été mentionné dans un post.", "redirect": "/"}		تم ذكر قسمك في منشور.	Ihr Abteilung wurde in einem Beitrag erwähnt.	Tu departamento fue mencionado en una publicación.	Votre département a été mentionné dans un post.	\N	53	19	\N
107	info	t	1	Your department was mentioned in a post.	\N	\N	\N	2025-07-28 18:44:46.878472+05:30	t	f	f	{"icon": "chatbox-ellipses", "verb_ar": "تم ذكر قسمك في منشور.", "verb_de": "Ihr Abteilung wurde in einem Beitrag erwähnt.", "verb_es": "Tu departamento fue mencionado en una publicación.", "verb_fr": "Votre département a été mentionné dans un post.", "redirect": "/"}		تم ذكر قسمك في منشور.	Ihr Abteilung wurde in einem Beitrag erwähnt.	Tu departamento fue mencionado en una publicación.	Votre département a été mentionné dans un post.	\N	53	20	\N
108	info	t	1	Your department was mentioned in a post.	\N	\N	\N	2025-07-28 18:44:46.878472+05:30	t	f	f	{"icon": "chatbox-ellipses", "verb_ar": "تم ذكر قسمك في منشور.", "verb_de": "Ihr Abteilung wurde in einem Beitrag erwähnt.", "verb_es": "Tu departamento fue mencionado en una publicación.", "verb_fr": "Votre département a été mentionné dans un post.", "redirect": "/"}		تم ذكر قسمك في منشور.	Ihr Abteilung wurde in einem Beitrag erwähnt.	Tu departamento fue mencionado en una publicación.	Votre département a été mentionné dans un post.	\N	53	82	\N
109	info	t	1	Your department was mentioned in a post.	\N	\N	\N	2025-07-28 18:44:46.878472+05:30	t	f	f	{"icon": "chatbox-ellipses", "verb_ar": "تم ذكر قسمك في منشور.", "verb_de": "Ihr Abteilung wurde in einem Beitrag erwähnt.", "verb_es": "Tu departamento fue mencionado en una publicación.", "verb_fr": "Votre département a été mentionné dans un post.", "redirect": "/"}		تم ذكر قسمك في منشور.	Ihr Abteilung wurde in einem Beitrag erwähnt.	Tu departamento fue mencionado en una publicación.	Votre département a été mentionné dans un post.	\N	53	84	\N
110	info	t	1	Your department was mentioned in a post.	\N	\N	\N	2025-07-28 18:44:46.878472+05:30	t	f	f	{"icon": "chatbox-ellipses", "verb_ar": "تم ذكر قسمك في منشور.", "verb_de": "Ihr Abteilung wurde in einem Beitrag erwähnt.", "verb_es": "Tu departamento fue mencionado en una publicación.", "verb_fr": "Votre département a été mentionné dans un post.", "redirect": "/"}		تم ذكر قسمك في منشور.	Ihr Abteilung wurde in einem Beitrag erwähnt.	Tu departamento fue mencionado en una publicación.	Votre département a été mentionné dans un post.	\N	53	89	\N
111	info	t	1	Your department was mentioned in a post.	\N	\N	\N	2025-07-28 18:44:46.878472+05:30	t	f	f	{"icon": "chatbox-ellipses", "verb_ar": "تم ذكر قسمك في منشور.", "verb_de": "Ihr Abteilung wurde in einem Beitrag erwähnt.", "verb_es": "Tu departamento fue mencionado en una publicación.", "verb_fr": "Votre département a été mentionné dans un post.", "redirect": "/"}		تم ذكر قسمك في منشور.	Ihr Abteilung wurde in einem Beitrag erwähnt.	Tu departamento fue mencionado en una publicación.	Votre département a été mentionné dans un post.	\N	53	90	\N
112	info	t	1	Your department was mentioned in a post.	\N	\N	\N	2025-07-28 18:44:46.878472+05:30	t	f	f	{"icon": "chatbox-ellipses", "verb_ar": "تم ذكر قسمك في منشور.", "verb_de": "Ihr Abteilung wurde in einem Beitrag erwähnt.", "verb_es": "Tu departamento fue mencionado en una publicación.", "verb_fr": "Votre département a été mentionné dans un post.", "redirect": "/"}		تم ذكر قسمك في منشور.	Ihr Abteilung wurde in einem Beitrag erwähnt.	Tu departamento fue mencionado en una publicación.	Votre département a été mentionné dans un post.	\N	53	93	\N
113	info	t	1	Your department was mentioned in a post.	\N	\N	\N	2025-07-28 18:44:46.878472+05:30	t	f	f	{"icon": "chatbox-ellipses", "verb_ar": "تم ذكر قسمك في منشور.", "verb_de": "Ihr Abteilung wurde in einem Beitrag erwähnt.", "verb_es": "Tu departamento fue mencionado en una publicación.", "verb_fr": "Votre département a été mentionné dans un post.", "redirect": "/"}		تم ذكر قسمك في منشور.	Ihr Abteilung wurde in einem Beitrag erwähnt.	Tu departamento fue mencionado en una publicación.	Votre département a été mentionné dans un post.	\N	53	99	\N
114	info	t	1	Your department was mentioned in a post.	\N	\N	\N	2025-07-28 18:44:46.878472+05:30	t	f	f	{"icon": "chatbox-ellipses", "verb_ar": "تم ذكر قسمك في منشور.", "verb_de": "Ihr Abteilung wurde in einem Beitrag erwähnt.", "verb_es": "Tu departamento fue mencionado en una publicación.", "verb_fr": "Votre département a été mentionné dans un post.", "redirect": "/"}		تم ذكر قسمك في منشور.	Ihr Abteilung wurde in einem Beitrag erwähnt.	Tu departamento fue mencionado en una publicación.	Votre département a été mentionné dans un post.	\N	53	100	\N
115	info	t	1	Your department was mentioned in a post.	\N	\N	\N	2025-07-28 18:44:46.878472+05:30	t	f	f	{"icon": "chatbox-ellipses", "verb_ar": "تم ذكر قسمك في منشور.", "verb_de": "Ihr Abteilung wurde in einem Beitrag erwähnt.", "verb_es": "Tu departamento fue mencionado en una publicación.", "verb_fr": "Votre département a été mentionné dans un post.", "redirect": "/"}		تم ذكر قسمك في منشور.	Ihr Abteilung wurde in einem Beitrag erwähnt.	Tu departamento fue mencionado en una publicación.	Votre département a été mentionné dans un post.	\N	53	105	\N
116	info	t	1	Your department was mentioned in a post.	\N	\N	\N	2025-07-28 18:44:46.878472+05:30	t	f	f	{"icon": "chatbox-ellipses", "verb_ar": "تم ذكر قسمك في منشور.", "verb_de": "Ihr Abteilung wurde in einem Beitrag erwähnt.", "verb_es": "Tu departamento fue mencionado en una publicación.", "verb_fr": "Votre département a été mentionné dans un post.", "redirect": "/"}		تم ذكر قسمك في منشور.	Ihr Abteilung wurde in einem Beitrag erwähnt.	Tu departamento fue mencionado en una publicación.	Votre département a été mentionné dans un post.	\N	53	107	\N
117	info	t	1	Your department was mentioned in a post.	\N	\N	\N	2025-07-28 18:44:46.878472+05:30	t	f	f	{"icon": "chatbox-ellipses", "verb_ar": "تم ذكر قسمك في منشور.", "verb_de": "Ihr Abteilung wurde in einem Beitrag erwähnt.", "verb_es": "Tu departamento fue mencionado en una publicación.", "verb_fr": "Votre département a été mentionné dans un post.", "redirect": "/"}		تم ذكر قسمك في منشور.	Ihr Abteilung wurde in einem Beitrag erwähnt.	Tu departamento fue mencionado en una publicación.	Votre département a été mentionné dans un post.	\N	53	108	\N
118	info	t	1	Your department was mentioned in a post.	\N	\N	\N	2025-07-28 18:44:46.878472+05:30	t	f	f	{"icon": "chatbox-ellipses", "verb_ar": "تم ذكر قسمك في منشور.", "verb_de": "Ihr Abteilung wurde in einem Beitrag erwähnt.", "verb_es": "Tu departamento fue mencionado en una publicación.", "verb_fr": "Votre département a été mentionné dans un post.", "redirect": "/"}		تم ذكر قسمك في منشور.	Ihr Abteilung wurde in einem Beitrag erwähnt.	Tu departamento fue mencionado en una publicación.	Votre département a été mentionné dans un post.	\N	53	111	\N
119	info	t	1	Your department was mentioned in a post.	\N	\N	\N	2025-07-28 18:44:46.878472+05:30	t	f	f	{"icon": "chatbox-ellipses", "verb_ar": "تم ذكر قسمك في منشور.", "verb_de": "Ihr Abteilung wurde in einem Beitrag erwähnt.", "verb_es": "Tu departamento fue mencionado en una publicación.", "verb_fr": "Votre département a été mentionné dans un post.", "redirect": "/"}		تم ذكر قسمك في منشور.	Ihr Abteilung wurde in einem Beitrag erwähnt.	Tu departamento fue mencionado en una publicación.	Votre département a été mentionné dans un post.	\N	53	112	\N
120	info	t	1	Your department was mentioned in a post.	\N	\N	\N	2025-07-28 18:44:46.878472+05:30	t	f	f	{"icon": "chatbox-ellipses", "verb_ar": "تم ذكر قسمك في منشور.", "verb_de": "Ihr Abteilung wurde in einem Beitrag erwähnt.", "verb_es": "Tu departamento fue mencionado en una publicación.", "verb_fr": "Votre département a été mentionné dans un post.", "redirect": "/"}		تم ذكر قسمك في منشور.	Ihr Abteilung wurde in einem Beitrag erwähnt.	Tu departamento fue mencionado en una publicación.	Votre département a été mentionné dans un post.	\N	53	115	\N
121	info	t	1	Your department was mentioned in a post.	\N	\N	\N	2025-07-28 18:44:46.878472+05:30	t	f	f	{"icon": "chatbox-ellipses", "verb_ar": "تم ذكر قسمك في منشور.", "verb_de": "Ihr Abteilung wurde in einem Beitrag erwähnt.", "verb_es": "Tu departamento fue mencionado en una publicación.", "verb_fr": "Votre département a été mentionné dans un post.", "redirect": "/"}		تم ذكر قسمك في منشور.	Ihr Abteilung wurde in einem Beitrag erwähnt.	Tu departamento fue mencionado en una publicación.	Votre département a été mentionné dans un post.	\N	53	118	\N
122	info	t	1	Your department was mentioned in a post.	\N	\N	\N	2025-07-28 18:44:46.878472+05:30	t	f	f	{"icon": "chatbox-ellipses", "verb_ar": "تم ذكر قسمك في منشور.", "verb_de": "Ihr Abteilung wurde in einem Beitrag erwähnt.", "verb_es": "Tu departamento fue mencionado en una publicación.", "verb_fr": "Votre département a été mentionné dans un post.", "redirect": "/"}		تم ذكر قسمك في منشور.	Ihr Abteilung wurde in einem Beitrag erwähnt.	Tu departamento fue mencionado en una publicación.	Votre département a été mentionné dans un post.	\N	53	126	\N
123	info	t	1	Your department was mentioned in a post.	\N	\N	\N	2025-07-28 18:44:46.878472+05:30	t	f	f	{"icon": "chatbox-ellipses", "verb_ar": "تم ذكر قسمك في منشور.", "verb_de": "Ihr Abteilung wurde in einem Beitrag erwähnt.", "verb_es": "Tu departamento fue mencionado en una publicación.", "verb_fr": "Votre département a été mentionné dans un post.", "redirect": "/"}		تم ذكر قسمك في منشور.	Ihr Abteilung wurde in einem Beitrag erwähnt.	Tu departamento fue mencionado en una publicación.	Votre département a été mentionné dans un post.	\N	53	127	\N
125	info	t	1	Your department was mentioned in a post.	\N	\N	\N	2025-07-28 18:44:46.878472+05:30	t	f	f	{"icon": "chatbox-ellipses", "verb_ar": "تم ذكر قسمك في منشور.", "verb_de": "Ihr Abteilung wurde in einem Beitrag erwähnt.", "verb_es": "Tu departamento fue mencionado en una publicación.", "verb_fr": "Votre département a été mentionné dans un post.", "redirect": "/"}		تم ذكر قسمك في منشور.	Ihr Abteilung wurde in einem Beitrag erwähnt.	Tu departamento fue mencionado en una publicación.	Votre département a été mentionné dans un post.	\N	53	130	\N
126	info	t	1	Your department was mentioned in a post.	\N	\N	\N	2025-07-28 18:44:46.878472+05:30	t	f	f	{"icon": "chatbox-ellipses", "verb_ar": "تم ذكر قسمك في منشور.", "verb_de": "Ihr Abteilung wurde in einem Beitrag erwähnt.", "verb_es": "Tu departamento fue mencionado en una publicación.", "verb_fr": "Votre département a été mentionné dans un post.", "redirect": "/"}		تم ذكر قسمك في منشور.	Ihr Abteilung wurde in einem Beitrag erwähnt.	Tu departamento fue mencionado en una publicación.	Votre département a été mentionné dans un post.	\N	53	129	\N
127	info	t	1	Your job position was mentioned in a post.	\N	\N	\N	2025-07-28 18:44:46.981353+05:30	t	f	f	{"icon": "chatbox-ellipses", "verb_ar": "تم ذكر وظيفتك في منشور.", "verb_de": "Ihre Arbeitsposition wurde in einem Beitrag erwähnt.", "verb_es": "Tu puesto de trabajo fue mencionado en una publicación.", "verb_fr": "Votre poste de travail a été mentionné dans un post.", "redirect": "/"}		تم ذكر وظيفتك في منشور.	Ihre Arbeitsposition wurde in einem Beitrag erwähnt.	Tu puesto de trabajo fue mencionado en una publicación.	Votre poste de travail a été mentionné dans un post.	\N	53	3	\N
128	info	t	1	Your job position was mentioned in a post.	\N	\N	\N	2025-07-28 18:44:46.981353+05:30	t	f	f	{"icon": "chatbox-ellipses", "verb_ar": "تم ذكر وظيفتك في منشور.", "verb_de": "Ihre Arbeitsposition wurde in einem Beitrag erwähnt.", "verb_es": "Tu puesto de trabajo fue mencionado en una publicación.", "verb_fr": "Votre poste de travail a été mentionné dans un post.", "redirect": "/"}		تم ذكر وظيفتك في منشور.	Ihre Arbeitsposition wurde in einem Beitrag erwähnt.	Tu puesto de trabajo fue mencionado en una publicación.	Votre poste de travail a été mentionné dans un post.	\N	53	4	\N
129	info	t	1	Your job position was mentioned in a post.	\N	\N	\N	2025-07-28 18:44:46.981353+05:30	t	f	f	{"icon": "chatbox-ellipses", "verb_ar": "تم ذكر وظيفتك في منشور.", "verb_de": "Ihre Arbeitsposition wurde in einem Beitrag erwähnt.", "verb_es": "Tu puesto de trabajo fue mencionado en una publicación.", "verb_fr": "Votre poste de travail a été mentionné dans un post.", "redirect": "/"}		تم ذكر وظيفتك في منشور.	Ihre Arbeitsposition wurde in einem Beitrag erwähnt.	Tu puesto de trabajo fue mencionado en una publicación.	Votre poste de travail a été mentionné dans un post.	\N	53	5	\N
130	info	t	1	Your job position was mentioned in a post.	\N	\N	\N	2025-07-28 18:44:46.981353+05:30	t	f	f	{"icon": "chatbox-ellipses", "verb_ar": "تم ذكر وظيفتك في منشور.", "verb_de": "Ihre Arbeitsposition wurde in einem Beitrag erwähnt.", "verb_es": "Tu puesto de trabajo fue mencionado en una publicación.", "verb_fr": "Votre poste de travail a été mentionné dans un post.", "redirect": "/"}		تم ذكر وظيفتك في منشور.	Ihre Arbeitsposition wurde in einem Beitrag erwähnt.	Tu puesto de trabajo fue mencionado en una publicación.	Votre poste de travail a été mentionné dans un post.	\N	53	6	\N
131	info	t	1	Your job position was mentioned in a post.	\N	\N	\N	2025-07-28 18:44:46.981353+05:30	t	f	f	{"icon": "chatbox-ellipses", "verb_ar": "تم ذكر وظيفتك في منشور.", "verb_de": "Ihre Arbeitsposition wurde in einem Beitrag erwähnt.", "verb_es": "Tu puesto de trabajo fue mencionado en una publicación.", "verb_fr": "Votre poste de travail a été mentionné dans un post.", "redirect": "/"}		تم ذكر وظيفتك في منشور.	Ihre Arbeitsposition wurde in einem Beitrag erwähnt.	Tu puesto de trabajo fue mencionado en una publicación.	Votre poste de travail a été mentionné dans un post.	\N	53	72	\N
132	info	t	1	Your job position was mentioned in a post.	\N	\N	\N	2025-07-28 18:44:46.981353+05:30	t	f	f	{"icon": "chatbox-ellipses", "verb_ar": "تم ذكر وظيفتك في منشور.", "verb_de": "Ihre Arbeitsposition wurde in einem Beitrag erwähnt.", "verb_es": "Tu puesto de trabajo fue mencionado en una publicación.", "verb_fr": "Votre poste de travail a été mentionné dans un post.", "redirect": "/"}		تم ذكر وظيفتك في منشور.	Ihre Arbeitsposition wurde in einem Beitrag erwähnt.	Tu puesto de trabajo fue mencionado en una publicación.	Votre poste de travail a été mentionné dans un post.	\N	53	73	\N
133	info	t	1	Your job position was mentioned in a post.	\N	\N	\N	2025-07-28 18:44:46.981353+05:30	t	f	f	{"icon": "chatbox-ellipses", "verb_ar": "تم ذكر وظيفتك في منشور.", "verb_de": "Ihre Arbeitsposition wurde in einem Beitrag erwähnt.", "verb_es": "Tu puesto de trabajo fue mencionado en una publicación.", "verb_fr": "Votre poste de travail a été mentionné dans un post.", "redirect": "/"}		تم ذكر وظيفتك في منشور.	Ihre Arbeitsposition wurde in einem Beitrag erwähnt.	Tu puesto de trabajo fue mencionado en una publicación.	Votre poste de travail a été mentionné dans un post.	\N	53	135	\N
134	info	t	132	You have new work type request to                             validate for Priyobrata Saha (PEP0006)	\N	\N	\N	2025-07-28 18:47:43.759727+05:30	t	f	f	{"icon": "information", "verb_ar": "لديك طلب نوع وظيفة جديد للتحقق من                             Priyobrata Saha (PEP0006)", "verb_de": "Sie haben eine neue Arbeitstypanfrage zur                             Validierung für Priyobrata Saha (PEP0006)", "verb_es": "Tiene una nueva solicitud de tipo de trabajo para                             validar para Priyobrata Saha (PEP0006)", "verb_fr": "Vous avez une nouvelle demande de type de travail                            à valider pour Priyobrata Saha (PEP0006)", "redirect": "/employee/work-type-request-view/?id=6"}		لديك طلب نوع وظيفة جديد للتحقق من                             Priyobrata Saha (PEP0006)	Sie haben eine neue Arbeitstypanfrage zur                             Validierung für Priyobrata Saha (PEP0006)	Tiene una nueva solicitud de tipo de trabajo para                             validar para Priyobrata Saha (PEP0006)	Vous avez une nouvelle demande de type de travail                            à valider pour Priyobrata Saha (PEP0006)	\N	53	133	\N
124	info	f	1	Your department was mentioned in a post.	\N	\N	\N	2025-07-28 18:44:46.878472+05:30	t	f	f	{"icon": "chatbox-ellipses", "verb_ar": "تم ذكر قسمك في منشور.", "verb_de": "Ihr Abteilung wurde in einem Beitrag erwähnt.", "verb_es": "Tu departamento fue mencionado en una publicación.", "verb_fr": "Votre département a été mentionné dans un post.", "redirect": "/"}		تم ذكر قسمك في منشور.	Ihr Abteilung wurde in einem Beitrag erwähnt.	Tu departamento fue mencionado en una publicación.	Votre département a été mentionné dans un post.	\N	53	134	\N
89	info	f	1	Your department was mentioned in a post.	\N	\N	\N	2025-07-28 18:39:40.943077+05:30	t	f	f	{"icon": "chatbox-ellipses", "verb_ar": "تم ذكر قسمك في منشور.", "verb_de": "Ihr Abteilung wurde in einem Beitrag erwähnt.", "verb_es": "Tu departamento fue mencionado en una publicación.", "verb_fr": "Votre département a été mentionné dans un post.", "redirect": "/"}		تم ذكر قسمك في منشور.	Ihr Abteilung wurde in einem Beitrag erwähnt.	Tu departamento fue mencionado en una publicación.	Votre département a été mentionné dans un post.	\N	53	134	\N
135	info	t	1	Your department was mentioned in an announcement.	\N	\N	\N	2025-07-28 19:07:59.311928+05:30	t	f	f	{"icon": "chatbox-ellipses", "verb_ar": "لقد تم ذكرك في إعلان.", "verb_de": "Sie wurden in einer Ankündigung erwähnt.", "verb_es": "Has sido mencionado en un anuncio.", "verb_fr": "Vous avez été mentionné dans une annonce.", "redirect": "/"}		لقد تم ذكرك في إعلان.	Sie wurden in einer Ankündigung erwähnt.	Has sido mencionado en un anuncio.	Vous avez été mentionné dans une annonce.	\N	53	1	\N
136	info	t	1	Your department was mentioned in an announcement.	\N	\N	\N	2025-07-28 19:07:59.311928+05:30	t	f	f	{"icon": "chatbox-ellipses", "verb_ar": "لقد تم ذكرك في إعلان.", "verb_de": "Sie wurden in einer Ankündigung erwähnt.", "verb_es": "Has sido mencionado en un anuncio.", "verb_fr": "Vous avez été mentionné dans une annonce.", "redirect": "/"}		لقد تم ذكرك في إعلان.	Sie wurden in einer Ankündigung erwähnt.	Has sido mencionado en un anuncio.	Vous avez été mentionné dans une annonce.	\N	53	131	\N
137	info	t	1	Your department was mentioned in an announcement.	\N	\N	\N	2025-07-28 19:07:59.311928+05:30	t	f	f	{"icon": "chatbox-ellipses", "verb_ar": "لقد تم ذكرك في إعلان.", "verb_de": "Sie wurden in einer Ankündigung erwähnt.", "verb_es": "Has sido mencionado en un anuncio.", "verb_fr": "Vous avez été mentionné dans une annonce.", "redirect": "/"}		لقد تم ذكرك في إعلان.	Sie wurden in einer Ankündigung erwähnt.	Has sido mencionado en un anuncio.	Vous avez été mentionné dans une annonce.	\N	53	133	\N
138	info	t	1	Your department was mentioned in a post.	\N	\N	\N	2025-07-28 19:14:00.842862+05:30	t	f	f	{"icon": "chatbox-ellipses", "verb_ar": "تم ذكر قسمك في منشور.", "verb_de": "Ihr Abteilung wurde in einem Beitrag erwähnt.", "verb_es": "Tu departamento fue mencionado en una publicación.", "verb_fr": "Votre département a été mentionné dans un post.", "redirect": "/"}		تم ذكر قسمك في منشور.	Ihr Abteilung wurde in einem Beitrag erwähnt.	Tu departamento fue mencionado en una publicación.	Votre département a été mentionné dans un post.	\N	53	3	\N
139	info	t	1	Your department was mentioned in a post.	\N	\N	\N	2025-07-28 19:14:00.842862+05:30	t	f	f	{"icon": "chatbox-ellipses", "verb_ar": "تم ذكر قسمك في منشور.", "verb_de": "Ihr Abteilung wurde in einem Beitrag erwähnt.", "verb_es": "Tu departamento fue mencionado en una publicación.", "verb_fr": "Votre département a été mentionné dans un post.", "redirect": "/"}		تم ذكر قسمك في منشور.	Ihr Abteilung wurde in einem Beitrag erwähnt.	Tu departamento fue mencionado en una publicación.	Votre département a été mentionné dans un post.	\N	53	4	\N
140	info	t	1	Your department was mentioned in a post.	\N	\N	\N	2025-07-28 19:14:00.842862+05:30	t	f	f	{"icon": "chatbox-ellipses", "verb_ar": "تم ذكر قسمك في منشور.", "verb_de": "Ihr Abteilung wurde in einem Beitrag erwähnt.", "verb_es": "Tu departamento fue mencionado en una publicación.", "verb_fr": "Votre département a été mentionné dans un post.", "redirect": "/"}		تم ذكر قسمك في منشور.	Ihr Abteilung wurde in einem Beitrag erwähnt.	Tu departamento fue mencionado en una publicación.	Votre département a été mentionné dans un post.	\N	53	5	\N
141	info	t	1	Your department was mentioned in a post.	\N	\N	\N	2025-07-28 19:14:00.842862+05:30	t	f	f	{"icon": "chatbox-ellipses", "verb_ar": "تم ذكر قسمك في منشور.", "verb_de": "Ihr Abteilung wurde in einem Beitrag erwähnt.", "verb_es": "Tu departamento fue mencionado en una publicación.", "verb_fr": "Votre département a été mentionné dans un post.", "redirect": "/"}		تم ذكر قسمك في منشور.	Ihr Abteilung wurde in einem Beitrag erwähnt.	Tu departamento fue mencionado en una publicación.	Votre département a été mentionné dans un post.	\N	53	6	\N
142	info	t	1	Your department was mentioned in a post.	\N	\N	\N	2025-07-28 19:14:00.842862+05:30	t	f	f	{"icon": "chatbox-ellipses", "verb_ar": "تم ذكر قسمك في منشور.", "verb_de": "Ihr Abteilung wurde in einem Beitrag erwähnt.", "verb_es": "Tu departamento fue mencionado en una publicación.", "verb_fr": "Votre département a été mentionné dans un post.", "redirect": "/"}		تم ذكر قسمك في منشور.	Ihr Abteilung wurde in einem Beitrag erwähnt.	Tu departamento fue mencionado en una publicación.	Votre département a été mentionné dans un post.	\N	53	7	\N
143	info	t	1	Your department was mentioned in a post.	\N	\N	\N	2025-07-28 19:14:00.842862+05:30	t	f	f	{"icon": "chatbox-ellipses", "verb_ar": "تم ذكر قسمك في منشور.", "verb_de": "Ihr Abteilung wurde in einem Beitrag erwähnt.", "verb_es": "Tu departamento fue mencionado en una publicación.", "verb_fr": "Votre département a été mentionné dans un post.", "redirect": "/"}		تم ذكر قسمك في منشور.	Ihr Abteilung wurde in einem Beitrag erwähnt.	Tu departamento fue mencionado en una publicación.	Votre département a été mentionné dans un post.	\N	53	8	\N
144	info	t	1	Your department was mentioned in a post.	\N	\N	\N	2025-07-28 19:14:00.842862+05:30	t	f	f	{"icon": "chatbox-ellipses", "verb_ar": "تم ذكر قسمك في منشور.", "verb_de": "Ihr Abteilung wurde in einem Beitrag erwähnt.", "verb_es": "Tu departamento fue mencionado en una publicación.", "verb_fr": "Votre département a été mentionné dans un post.", "redirect": "/"}		تم ذكر قسمك في منشور.	Ihr Abteilung wurde in einem Beitrag erwähnt.	Tu departamento fue mencionado en una publicación.	Votre département a été mentionné dans un post.	\N	53	9	\N
145	info	t	1	Your department was mentioned in a post.	\N	\N	\N	2025-07-28 19:14:00.842862+05:30	t	f	f	{"icon": "chatbox-ellipses", "verb_ar": "تم ذكر قسمك في منشور.", "verb_de": "Ihr Abteilung wurde in einem Beitrag erwähnt.", "verb_es": "Tu departamento fue mencionado en una publicación.", "verb_fr": "Votre département a été mentionné dans un post.", "redirect": "/"}		تم ذكر قسمك في منشور.	Ihr Abteilung wurde in einem Beitrag erwähnt.	Tu departamento fue mencionado en una publicación.	Votre département a été mentionné dans un post.	\N	53	10	\N
146	info	t	1	Your department was mentioned in a post.	\N	\N	\N	2025-07-28 19:14:00.842862+05:30	t	f	f	{"icon": "chatbox-ellipses", "verb_ar": "تم ذكر قسمك في منشور.", "verb_de": "Ihr Abteilung wurde in einem Beitrag erwähnt.", "verb_es": "Tu departamento fue mencionado en una publicación.", "verb_fr": "Votre département a été mentionné dans un post.", "redirect": "/"}		تم ذكر قسمك في منشور.	Ihr Abteilung wurde in einem Beitrag erwähnt.	Tu departamento fue mencionado en una publicación.	Votre département a été mentionné dans un post.	\N	53	48	\N
147	info	t	1	Your department was mentioned in a post.	\N	\N	\N	2025-07-28 19:14:00.842862+05:30	t	f	f	{"icon": "chatbox-ellipses", "verb_ar": "تم ذكر قسمك في منشور.", "verb_de": "Ihr Abteilung wurde in einem Beitrag erwähnt.", "verb_es": "Tu departamento fue mencionado en una publicación.", "verb_fr": "Votre département a été mentionné dans un post.", "redirect": "/"}		تم ذكر قسمك في منشور.	Ihr Abteilung wurde in einem Beitrag erwähnt.	Tu departamento fue mencionado en una publicación.	Votre département a été mentionné dans un post.	\N	53	49	\N
148	info	t	1	Your department was mentioned in a post.	\N	\N	\N	2025-07-28 19:14:00.842862+05:30	t	f	f	{"icon": "chatbox-ellipses", "verb_ar": "تم ذكر قسمك في منشور.", "verb_de": "Ihr Abteilung wurde in einem Beitrag erwähnt.", "verb_es": "Tu departamento fue mencionado en una publicación.", "verb_fr": "Votre département a été mentionné dans un post.", "redirect": "/"}		تم ذكر قسمك في منشور.	Ihr Abteilung wurde in einem Beitrag erwähnt.	Tu departamento fue mencionado en una publicación.	Votre département a été mentionné dans un post.	\N	53	50	\N
149	info	t	1	Your department was mentioned in a post.	\N	\N	\N	2025-07-28 19:14:00.842862+05:30	t	f	f	{"icon": "chatbox-ellipses", "verb_ar": "تم ذكر قسمك في منشور.", "verb_de": "Ihr Abteilung wurde in einem Beitrag erwähnt.", "verb_es": "Tu departamento fue mencionado en una publicación.", "verb_fr": "Votre département a été mentionné dans un post.", "redirect": "/"}		تم ذكر قسمك في منشور.	Ihr Abteilung wurde in einem Beitrag erwähnt.	Tu departamento fue mencionado en una publicación.	Votre département a été mentionné dans un post.	\N	53	51	\N
150	info	t	1	Your department was mentioned in a post.	\N	\N	\N	2025-07-28 19:14:00.842862+05:30	t	f	f	{"icon": "chatbox-ellipses", "verb_ar": "تم ذكر قسمك في منشور.", "verb_de": "Ihr Abteilung wurde in einem Beitrag erwähnt.", "verb_es": "Tu departamento fue mencionado en una publicación.", "verb_fr": "Votre département a été mentionné dans un post.", "redirect": "/"}		تم ذكر قسمك في منشور.	Ihr Abteilung wurde in einem Beitrag erwähnt.	Tu departamento fue mencionado en una publicación.	Votre département a été mentionné dans un post.	\N	53	52	\N
151	info	t	1	Your department was mentioned in a post.	\N	\N	\N	2025-07-28 19:14:00.842862+05:30	t	f	f	{"icon": "chatbox-ellipses", "verb_ar": "تم ذكر قسمك في منشور.", "verb_de": "Ihr Abteilung wurde in einem Beitrag erwähnt.", "verb_es": "Tu departamento fue mencionado en una publicación.", "verb_fr": "Votre département a été mentionné dans un post.", "redirect": "/"}		تم ذكر قسمك في منشور.	Ihr Abteilung wurde in einem Beitrag erwähnt.	Tu departamento fue mencionado en una publicación.	Votre département a été mentionné dans un post.	\N	53	53	\N
152	info	t	1	Your department was mentioned in a post.	\N	\N	\N	2025-07-28 19:14:00.842862+05:30	t	f	f	{"icon": "chatbox-ellipses", "verb_ar": "تم ذكر قسمك في منشور.", "verb_de": "Ihr Abteilung wurde in einem Beitrag erwähnt.", "verb_es": "Tu departamento fue mencionado en una publicación.", "verb_fr": "Votre département a été mentionné dans un post.", "redirect": "/"}		تم ذكر قسمك في منشور.	Ihr Abteilung wurde in einem Beitrag erwähnt.	Tu departamento fue mencionado en una publicación.	Votre département a été mentionné dans un post.	\N	53	54	\N
153	info	t	1	Your department was mentioned in a post.	\N	\N	\N	2025-07-28 19:14:00.842862+05:30	t	f	f	{"icon": "chatbox-ellipses", "verb_ar": "تم ذكر قسمك في منشور.", "verb_de": "Ihr Abteilung wurde in einem Beitrag erwähnt.", "verb_es": "Tu departamento fue mencionado en una publicación.", "verb_fr": "Votre département a été mentionné dans un post.", "redirect": "/"}		تم ذكر قسمك في منشور.	Ihr Abteilung wurde in einem Beitrag erwähnt.	Tu departamento fue mencionado en una publicación.	Votre département a été mentionné dans un post.	\N	53	55	\N
154	info	t	1	Your department was mentioned in a post.	\N	\N	\N	2025-07-28 19:14:00.842862+05:30	t	f	f	{"icon": "chatbox-ellipses", "verb_ar": "تم ذكر قسمك في منشور.", "verb_de": "Ihr Abteilung wurde in einem Beitrag erwähnt.", "verb_es": "Tu departamento fue mencionado en una publicación.", "verb_fr": "Votre département a été mentionné dans un post.", "redirect": "/"}		تم ذكر قسمك في منشور.	Ihr Abteilung wurde in einem Beitrag erwähnt.	Tu departamento fue mencionado en una publicación.	Votre département a été mentionné dans un post.	\N	53	56	\N
155	info	t	1	Your department was mentioned in a post.	\N	\N	\N	2025-07-28 19:14:00.842862+05:30	t	f	f	{"icon": "chatbox-ellipses", "verb_ar": "تم ذكر قسمك في منشور.", "verb_de": "Ihr Abteilung wurde in einem Beitrag erwähnt.", "verb_es": "Tu departamento fue mencionado en una publicación.", "verb_fr": "Votre département a été mentionné dans un post.", "redirect": "/"}		تم ذكر قسمك في منشور.	Ihr Abteilung wurde in einem Beitrag erwähnt.	Tu departamento fue mencionado en una publicación.	Votre département a été mentionné dans un post.	\N	53	57	\N
156	info	t	1	Your department was mentioned in a post.	\N	\N	\N	2025-07-28 19:14:00.842862+05:30	t	f	f	{"icon": "chatbox-ellipses", "verb_ar": "تم ذكر قسمك في منشور.", "verb_de": "Ihr Abteilung wurde in einem Beitrag erwähnt.", "verb_es": "Tu departamento fue mencionado en una publicación.", "verb_fr": "Votre département a été mentionné dans un post.", "redirect": "/"}		تم ذكر قسمك في منشور.	Ihr Abteilung wurde in einem Beitrag erwähnt.	Tu departamento fue mencionado en una publicación.	Votre département a été mentionné dans un post.	\N	53	58	\N
157	info	t	1	Your department was mentioned in a post.	\N	\N	\N	2025-07-28 19:14:00.842862+05:30	t	f	f	{"icon": "chatbox-ellipses", "verb_ar": "تم ذكر قسمك في منشور.", "verb_de": "Ihr Abteilung wurde in einem Beitrag erwähnt.", "verb_es": "Tu departamento fue mencionado en una publicación.", "verb_fr": "Votre département a été mentionné dans un post.", "redirect": "/"}		تم ذكر قسمك في منشور.	Ihr Abteilung wurde in einem Beitrag erwähnt.	Tu departamento fue mencionado en una publicación.	Votre département a été mentionné dans un post.	\N	53	59	\N
158	info	t	1	Your department was mentioned in a post.	\N	\N	\N	2025-07-28 19:14:00.842862+05:30	t	f	f	{"icon": "chatbox-ellipses", "verb_ar": "تم ذكر قسمك في منشور.", "verb_de": "Ihr Abteilung wurde in einem Beitrag erwähnt.", "verb_es": "Tu departamento fue mencionado en una publicación.", "verb_fr": "Votre département a été mentionné dans un post.", "redirect": "/"}		تم ذكر قسمك في منشور.	Ihr Abteilung wurde in einem Beitrag erwähnt.	Tu departamento fue mencionado en una publicación.	Votre département a été mentionné dans un post.	\N	53	60	\N
159	info	t	1	Your department was mentioned in a post.	\N	\N	\N	2025-07-28 19:14:00.842862+05:30	t	f	f	{"icon": "chatbox-ellipses", "verb_ar": "تم ذكر قسمك في منشور.", "verb_de": "Ihr Abteilung wurde in einem Beitrag erwähnt.", "verb_es": "Tu departamento fue mencionado en una publicación.", "verb_fr": "Votre département a été mentionné dans un post.", "redirect": "/"}		تم ذكر قسمك في منشور.	Ihr Abteilung wurde in einem Beitrag erwähnt.	Tu departamento fue mencionado en una publicación.	Votre département a été mentionné dans un post.	\N	53	61	\N
160	info	t	1	Your department was mentioned in a post.	\N	\N	\N	2025-07-28 19:14:00.842862+05:30	t	f	f	{"icon": "chatbox-ellipses", "verb_ar": "تم ذكر قسمك في منشور.", "verb_de": "Ihr Abteilung wurde in einem Beitrag erwähnt.", "verb_es": "Tu departamento fue mencionado en una publicación.", "verb_fr": "Votre département a été mentionné dans un post.", "redirect": "/"}		تم ذكر قسمك في منشور.	Ihr Abteilung wurde in einem Beitrag erwähnt.	Tu departamento fue mencionado en una publicación.	Votre département a été mentionné dans un post.	\N	53	62	\N
161	info	t	1	Your department was mentioned in a post.	\N	\N	\N	2025-07-28 19:14:00.842862+05:30	t	f	f	{"icon": "chatbox-ellipses", "verb_ar": "تم ذكر قسمك في منشور.", "verb_de": "Ihr Abteilung wurde in einem Beitrag erwähnt.", "verb_es": "Tu departamento fue mencionado en una publicación.", "verb_fr": "Votre département a été mentionné dans un post.", "redirect": "/"}		تم ذكر قسمك في منشور.	Ihr Abteilung wurde in einem Beitrag erwähnt.	Tu departamento fue mencionado en una publicación.	Votre département a été mentionné dans un post.	\N	53	63	\N
162	info	t	1	Your department was mentioned in a post.	\N	\N	\N	2025-07-28 19:14:00.842862+05:30	t	f	f	{"icon": "chatbox-ellipses", "verb_ar": "تم ذكر قسمك في منشور.", "verb_de": "Ihr Abteilung wurde in einem Beitrag erwähnt.", "verb_es": "Tu departamento fue mencionado en una publicación.", "verb_fr": "Votre département a été mentionné dans un post.", "redirect": "/"}		تم ذكر قسمك في منشور.	Ihr Abteilung wurde in einem Beitrag erwähnt.	Tu departamento fue mencionado en una publicación.	Votre département a été mentionné dans un post.	\N	53	64	\N
163	info	t	1	Your department was mentioned in a post.	\N	\N	\N	2025-07-28 19:14:00.842862+05:30	t	f	f	{"icon": "chatbox-ellipses", "verb_ar": "تم ذكر قسمك في منشور.", "verb_de": "Ihr Abteilung wurde in einem Beitrag erwähnt.", "verb_es": "Tu departamento fue mencionado en una publicación.", "verb_fr": "Votre département a été mentionné dans un post.", "redirect": "/"}		تم ذكر قسمك في منشور.	Ihr Abteilung wurde in einem Beitrag erwähnt.	Tu departamento fue mencionado en una publicación.	Votre département a été mentionné dans un post.	\N	53	65	\N
164	info	t	1	Your department was mentioned in a post.	\N	\N	\N	2025-07-28 19:14:00.842862+05:30	t	f	f	{"icon": "chatbox-ellipses", "verb_ar": "تم ذكر قسمك في منشور.", "verb_de": "Ihr Abteilung wurde in einem Beitrag erwähnt.", "verb_es": "Tu departamento fue mencionado en una publicación.", "verb_fr": "Votre département a été mentionné dans un post.", "redirect": "/"}		تم ذكر قسمك في منشور.	Ihr Abteilung wurde in einem Beitrag erwähnt.	Tu departamento fue mencionado en una publicación.	Votre département a été mentionné dans un post.	\N	53	66	\N
165	info	t	1	Your department was mentioned in a post.	\N	\N	\N	2025-07-28 19:14:00.842862+05:30	t	f	f	{"icon": "chatbox-ellipses", "verb_ar": "تم ذكر قسمك في منشور.", "verb_de": "Ihr Abteilung wurde in einem Beitrag erwähnt.", "verb_es": "Tu departamento fue mencionado en una publicación.", "verb_fr": "Votre département a été mentionné dans un post.", "redirect": "/"}		تم ذكر قسمك في منشور.	Ihr Abteilung wurde in einem Beitrag erwähnt.	Tu departamento fue mencionado en una publicación.	Votre département a été mentionné dans un post.	\N	53	67	\N
166	info	t	1	Your department was mentioned in a post.	\N	\N	\N	2025-07-28 19:14:00.842862+05:30	t	f	f	{"icon": "chatbox-ellipses", "verb_ar": "تم ذكر قسمك في منشور.", "verb_de": "Ihr Abteilung wurde in einem Beitrag erwähnt.", "verb_es": "Tu departamento fue mencionado en una publicación.", "verb_fr": "Votre département a été mentionné dans un post.", "redirect": "/"}		تم ذكر قسمك في منشور.	Ihr Abteilung wurde in einem Beitrag erwähnt.	Tu departamento fue mencionado en una publicación.	Votre département a été mentionné dans un post.	\N	53	68	\N
167	info	t	1	Your department was mentioned in a post.	\N	\N	\N	2025-07-28 19:14:00.842862+05:30	t	f	f	{"icon": "chatbox-ellipses", "verb_ar": "تم ذكر قسمك في منشور.", "verb_de": "Ihr Abteilung wurde in einem Beitrag erwähnt.", "verb_es": "Tu departamento fue mencionado en una publicación.", "verb_fr": "Votre département a été mentionné dans un post.", "redirect": "/"}		تم ذكر قسمك في منشور.	Ihr Abteilung wurde in einem Beitrag erwähnt.	Tu departamento fue mencionado en una publicación.	Votre département a été mentionné dans un post.	\N	53	69	\N
168	info	t	1	Your department was mentioned in a post.	\N	\N	\N	2025-07-28 19:14:00.842862+05:30	t	f	f	{"icon": "chatbox-ellipses", "verb_ar": "تم ذكر قسمك في منشور.", "verb_de": "Ihr Abteilung wurde in einem Beitrag erwähnt.", "verb_es": "Tu departamento fue mencionado en una publicación.", "verb_fr": "Votre département a été mentionné dans un post.", "redirect": "/"}		تم ذكر قسمك في منشور.	Ihr Abteilung wurde in einem Beitrag erwähnt.	Tu departamento fue mencionado en una publicación.	Votre département a été mentionné dans un post.	\N	53	70	\N
169	info	t	1	Your department was mentioned in a post.	\N	\N	\N	2025-07-28 19:14:00.842862+05:30	t	f	f	{"icon": "chatbox-ellipses", "verb_ar": "تم ذكر قسمك في منشور.", "verb_de": "Ihr Abteilung wurde in einem Beitrag erwähnt.", "verb_es": "Tu departamento fue mencionado en una publicación.", "verb_fr": "Votre département a été mentionné dans un post.", "redirect": "/"}		تم ذكر قسمك في منشور.	Ihr Abteilung wurde in einem Beitrag erwähnt.	Tu departamento fue mencionado en una publicación.	Votre département a été mentionné dans un post.	\N	53	72	\N
170	info	t	1	Your department was mentioned in a post.	\N	\N	\N	2025-07-28 19:14:00.842862+05:30	t	f	f	{"icon": "chatbox-ellipses", "verb_ar": "تم ذكر قسمك في منشور.", "verb_de": "Ihr Abteilung wurde in einem Beitrag erwähnt.", "verb_es": "Tu departamento fue mencionado en una publicación.", "verb_fr": "Votre département a été mentionné dans un post.", "redirect": "/"}		تم ذكر قسمك في منشور.	Ihr Abteilung wurde in einem Beitrag erwähnt.	Tu departamento fue mencionado en una publicación.	Votre département a été mentionné dans un post.	\N	53	73	\N
171	info	t	1	Your department was mentioned in a post.	\N	\N	\N	2025-07-28 19:14:00.842862+05:30	t	f	f	{"icon": "chatbox-ellipses", "verb_ar": "تم ذكر قسمك في منشور.", "verb_de": "Ihr Abteilung wurde in einem Beitrag erwähnt.", "verb_es": "Tu departamento fue mencionado en una publicación.", "verb_fr": "Votre département a été mentionné dans un post.", "redirect": "/"}		تم ذكر قسمك في منشور.	Ihr Abteilung wurde in einem Beitrag erwähnt.	Tu departamento fue mencionado en una publicación.	Votre département a été mentionné dans un post.	\N	53	74	\N
172	info	t	1	Your department was mentioned in a post.	\N	\N	\N	2025-07-28 19:14:00.842862+05:30	t	f	f	{"icon": "chatbox-ellipses", "verb_ar": "تم ذكر قسمك في منشور.", "verb_de": "Ihr Abteilung wurde in einem Beitrag erwähnt.", "verb_es": "Tu departamento fue mencionado en una publicación.", "verb_fr": "Votre département a été mentionné dans un post.", "redirect": "/"}		تم ذكر قسمك في منشور.	Ihr Abteilung wurde in einem Beitrag erwähnt.	Tu departamento fue mencionado en una publicación.	Votre département a été mentionné dans un post.	\N	53	75	\N
173	info	t	1	Your department was mentioned in a post.	\N	\N	\N	2025-07-28 19:14:00.842862+05:30	t	f	f	{"icon": "chatbox-ellipses", "verb_ar": "تم ذكر قسمك في منشور.", "verb_de": "Ihr Abteilung wurde in einem Beitrag erwähnt.", "verb_es": "Tu departamento fue mencionado en una publicación.", "verb_fr": "Votre département a été mentionné dans un post.", "redirect": "/"}		تم ذكر قسمك في منشور.	Ihr Abteilung wurde in einem Beitrag erwähnt.	Tu departamento fue mencionado en una publicación.	Votre département a été mentionné dans un post.	\N	53	76	\N
174	info	t	1	Your department was mentioned in a post.	\N	\N	\N	2025-07-28 19:14:00.842862+05:30	t	f	f	{"icon": "chatbox-ellipses", "verb_ar": "تم ذكر قسمك في منشور.", "verb_de": "Ihr Abteilung wurde in einem Beitrag erwähnt.", "verb_es": "Tu departamento fue mencionado en una publicación.", "verb_fr": "Votre département a été mentionné dans un post.", "redirect": "/"}		تم ذكر قسمك في منشور.	Ihr Abteilung wurde in einem Beitrag erwähnt.	Tu departamento fue mencionado en una publicación.	Votre département a été mentionné dans un post.	\N	53	77	\N
175	info	t	1	Your department was mentioned in a post.	\N	\N	\N	2025-07-28 19:14:00.842862+05:30	t	f	f	{"icon": "chatbox-ellipses", "verb_ar": "تم ذكر قسمك في منشور.", "verb_de": "Ihr Abteilung wurde in einem Beitrag erwähnt.", "verb_es": "Tu departamento fue mencionado en una publicación.", "verb_fr": "Votre département a été mentionné dans un post.", "redirect": "/"}		تم ذكر قسمك في منشور.	Ihr Abteilung wurde in einem Beitrag erwähnt.	Tu departamento fue mencionado en una publicación.	Votre département a été mentionné dans un post.	\N	53	135	\N
176	info	t	1	Your department was mentioned in a post.	\N	\N	\N	2025-07-28 19:14:00.842862+05:30	t	f	f	{"icon": "chatbox-ellipses", "verb_ar": "تم ذكر قسمك في منشور.", "verb_de": "Ihr Abteilung wurde in einem Beitrag erwähnt.", "verb_es": "Tu departamento fue mencionado en una publicación.", "verb_fr": "Votre département a été mentionné dans un post.", "redirect": "/"}		تم ذكر قسمك في منشور.	Ihr Abteilung wurde in einem Beitrag erwähnt.	Tu departamento fue mencionado en una publicación.	Votre département a été mentionné dans un post.	\N	53	133	\N
177	info	t	1	Your department was mentioned in a post.	\N	\N	\N	2025-07-28 19:14:00.842862+05:30	t	f	f	{"icon": "chatbox-ellipses", "verb_ar": "تم ذكر قسمك في منشور.", "verb_de": "Ihr Abteilung wurde in einem Beitrag erwähnt.", "verb_es": "Tu departamento fue mencionado en una publicación.", "verb_fr": "Votre département a été mentionné dans un post.", "redirect": "/"}		تم ذكر قسمك في منشور.	Ihr Abteilung wurde in einem Beitrag erwähnt.	Tu departamento fue mencionado en una publicación.	Votre département a été mentionné dans un post.	\N	53	1	\N
178	info	t	1	Your department was mentioned in a post.	\N	\N	\N	2025-07-28 19:14:00.842862+05:30	t	f	f	{"icon": "chatbox-ellipses", "verb_ar": "تم ذكر قسمك في منشور.", "verb_de": "Ihr Abteilung wurde in einem Beitrag erwähnt.", "verb_es": "Tu departamento fue mencionado en una publicación.", "verb_fr": "Votre département a été mentionné dans un post.", "redirect": "/"}		تم ذكر قسمك في منشور.	Ihr Abteilung wurde in einem Beitrag erwähnt.	Tu departamento fue mencionado en una publicación.	Votre département a été mentionné dans un post.	\N	53	131	\N
179	info	t	1	Your job position was mentioned in a post.	\N	\N	\N	2025-07-28 19:14:00.995139+05:30	t	f	f	{"icon": "chatbox-ellipses", "verb_ar": "تم ذكر وظيفتك في منشور.", "verb_de": "Ihre Arbeitsposition wurde in einem Beitrag erwähnt.", "verb_es": "Tu puesto de trabajo fue mencionado en una publicación.", "verb_fr": "Votre poste de travail a été mentionné dans un post.", "redirect": "/"}		تم ذكر وظيفتك في منشور.	Ihre Arbeitsposition wurde in einem Beitrag erwähnt.	Tu puesto de trabajo fue mencionado en una publicación.	Votre poste de travail a été mentionné dans un post.	\N	53	3	\N
180	info	t	1	Your job position was mentioned in a post.	\N	\N	\N	2025-07-28 19:14:00.995139+05:30	t	f	f	{"icon": "chatbox-ellipses", "verb_ar": "تم ذكر وظيفتك في منشور.", "verb_de": "Ihre Arbeitsposition wurde in einem Beitrag erwähnt.", "verb_es": "Tu puesto de trabajo fue mencionado en una publicación.", "verb_fr": "Votre poste de travail a été mentionné dans un post.", "redirect": "/"}		تم ذكر وظيفتك في منشور.	Ihre Arbeitsposition wurde in einem Beitrag erwähnt.	Tu puesto de trabajo fue mencionado en una publicación.	Votre poste de travail a été mentionné dans un post.	\N	53	4	\N
181	info	t	1	Your job position was mentioned in a post.	\N	\N	\N	2025-07-28 19:14:00.995139+05:30	t	f	f	{"icon": "chatbox-ellipses", "verb_ar": "تم ذكر وظيفتك في منشور.", "verb_de": "Ihre Arbeitsposition wurde in einem Beitrag erwähnt.", "verb_es": "Tu puesto de trabajo fue mencionado en una publicación.", "verb_fr": "Votre poste de travail a été mentionné dans un post.", "redirect": "/"}		تم ذكر وظيفتك في منشور.	Ihre Arbeitsposition wurde in einem Beitrag erwähnt.	Tu puesto de trabajo fue mencionado en una publicación.	Votre poste de travail a été mentionné dans un post.	\N	53	5	\N
182	info	t	1	Your job position was mentioned in a post.	\N	\N	\N	2025-07-28 19:14:00.995139+05:30	t	f	f	{"icon": "chatbox-ellipses", "verb_ar": "تم ذكر وظيفتك في منشور.", "verb_de": "Ihre Arbeitsposition wurde in einem Beitrag erwähnt.", "verb_es": "Tu puesto de trabajo fue mencionado en una publicación.", "verb_fr": "Votre poste de travail a été mentionné dans un post.", "redirect": "/"}		تم ذكر وظيفتك في منشور.	Ihre Arbeitsposition wurde in einem Beitrag erwähnt.	Tu puesto de trabajo fue mencionado en una publicación.	Votre poste de travail a été mentionné dans un post.	\N	53	6	\N
183	info	t	1	Your job position was mentioned in a post.	\N	\N	\N	2025-07-28 19:14:00.995139+05:30	t	f	f	{"icon": "chatbox-ellipses", "verb_ar": "تم ذكر وظيفتك في منشور.", "verb_de": "Ihre Arbeitsposition wurde in einem Beitrag erwähnt.", "verb_es": "Tu puesto de trabajo fue mencionado en una publicación.", "verb_fr": "Votre poste de travail a été mentionné dans un post.", "redirect": "/"}		تم ذكر وظيفتك في منشور.	Ihre Arbeitsposition wurde in einem Beitrag erwähnt.	Tu puesto de trabajo fue mencionado en una publicación.	Votre poste de travail a été mentionné dans un post.	\N	53	72	\N
184	info	t	1	Your job position was mentioned in a post.	\N	\N	\N	2025-07-28 19:14:00.995139+05:30	t	f	f	{"icon": "chatbox-ellipses", "verb_ar": "تم ذكر وظيفتك في منشور.", "verb_de": "Ihre Arbeitsposition wurde in einem Beitrag erwähnt.", "verb_es": "Tu puesto de trabajo fue mencionado en una publicación.", "verb_fr": "Votre poste de travail a été mentionné dans un post.", "redirect": "/"}		تم ذكر وظيفتك في منشور.	Ihre Arbeitsposition wurde in einem Beitrag erwähnt.	Tu puesto de trabajo fue mencionado en una publicación.	Votre poste de travail a été mentionné dans un post.	\N	53	73	\N
185	info	t	1	Your job position was mentioned in a post.	\N	\N	\N	2025-07-28 19:14:00.995139+05:30	t	f	f	{"icon": "chatbox-ellipses", "verb_ar": "تم ذكر وظيفتك في منشور.", "verb_de": "Ihre Arbeitsposition wurde in einem Beitrag erwähnt.", "verb_es": "Tu puesto de trabajo fue mencionado en una publicación.", "verb_fr": "Votre poste de travail a été mentionné dans un post.", "redirect": "/"}		تم ذكر وظيفتك في منشور.	Ihre Arbeitsposition wurde in einem Beitrag erwähnt.	Tu puesto de trabajo fue mencionado en una publicación.	Votre poste de travail a été mentionné dans un post.	\N	53	135	\N
186	info	t	1	You are chosen as one of recruitment manager	\N	\N	\N	2025-07-29 11:54:06.219736+05:30	t	f	f	{"icon": "people-circle", "verb_ar": "تم اختيارك كأحد مديري التوظيف", "verb_de": "Sie wurden als einer der Personalvermittler ausgewählt", "verb_es": "Has sido elegido/a como uno de los gerentes de contratación", "verb_fr": "Vous êtes choisi(e) comme l'un des responsables du recrutement", "redirect": "/recruitment/pipeline/"}		تم اختيارك كأحد مديري التوظيف	Sie wurden als einer der Personalvermittler ausgewählt	Has sido elegido/a como uno de los gerentes de contratación	Vous êtes choisi(e) comme l'un des responsables du recrutement	\N	53	129	\N
187	info	t	1	You are chosen as one of recruitment manager	\N	\N	\N	2025-07-29 12:03:14.070168+05:30	t	f	f	{"icon": "people-circle", "verb_ar": "تم اختيارك كأحد مديري التوظيف", "verb_de": "Sie wurden als einer der Personalvermittler ausgewählt", "verb_es": "Has sido elegido/a como uno de los gerentes de contratación", "verb_fr": "Vous êtes choisi(e) comme l'un des responsables du recrutement", "redirect": "/recruitment/pipeline/"}		تم اختيارك كأحد مديري التوظيف	Sie wurden als einer der Personalvermittler ausgewählt	Has sido elegido/a como uno de los gerentes de contratación	Vous êtes choisi(e) comme l'un des responsables du recrutement	\N	53	129	\N
188	info	t	1	IT Project Coordinator is updated, You are chosen as one of the managers	\N	\N	\N	2025-07-29 12:03:26.636293+05:30	t	f	f	{"icon": "people-circle", "verb_ar": "IT Project Coordinator تم تحديثه، تم اختيارك كأحد المديرين", "verb_de": "IT Project Coordinator wurde aktualisiert. Sie wurden als                            einer der Manager ausgewählt", "verb_es": "IT Project Coordinator ha sido actualizado/a. Has sido elegido                            a como uno de los gerentes", "verb_fr": "IT Project Coordinator a été mis(e) à jour. Vous êtes choisi(e) comme                            l'un des responsables", "redirect": "/recruitment/pipeline/"}		IT Project Coordinator تم تحديثه، تم اختيارك كأحد المديرين	IT Project Coordinator wurde aktualisiert. Sie wurden als                            einer der Manager ausgewählt	IT Project Coordinator ha sido actualizado/a. Has sido elegido                            a como uno de los gerentes	IT Project Coordinator a été mis(e) à jour. Vous êtes choisi(e) comme                            l'un des responsables	\N	53	129	\N
189	info	t	1	You are chosen as one of recruitment manager	\N	\N	\N	2025-07-29 12:24:39.079275+05:30	t	f	f	{"icon": "people-circle", "verb_ar": "تم اختيارك كأحد مديري التوظيف", "verb_de": "Sie wurden als einer der Personalvermittler ausgewählt", "verb_es": "Has sido elegido/a como uno de los gerentes de contratación", "verb_fr": "Vous êtes choisi(e) comme l'un des responsables du recrutement", "redirect": "/recruitment/pipeline/"}		تم اختيارك كأحد مديري التوظيف	Sie wurden als einer der Personalvermittler ausgewählt	Has sido elegido/a como uno de los gerentes de contratación	Vous êtes choisi(e) comme l'un des responsables du recrutement	\N	53	131	\N
190	info	t	1	Your work details has been updated.	\N	\N	\N	2025-07-29 12:50:30.202266+05:30	t	f	f	{"icon": "briefcase", "verb_ar": "تم تحديث تفاصيل عملك.", "verb_de": "Ihre Arbeitsdetails wurden aktualisiert.", "verb_es": "Se han actualizado los detalles de su trabajo.", "verb_fr": "Vos informations professionnelles ont été mises à jour.", "redirect": "/employee/employee-profile/"}		تم تحديث تفاصيل عملك.	Ihre Arbeitsdetails wurden aktualisiert.	Se han actualizado los detalles de su trabajo.	Vos informations professionnelles ont été mises à jour.	\N	53	1	\N
191	info	t	1	Your work details has been updated.	\N	\N	\N	2025-07-29 12:51:47.465274+05:30	t	f	f	{"icon": "briefcase", "verb_ar": "تم تحديث تفاصيل عملك.", "verb_de": "Ihre Arbeitsdetails wurden aktualisiert.", "verb_es": "Se han actualizado los detalles de su trabajo.", "verb_fr": "Vos informations professionnelles ont été mises à jour.", "redirect": "/employee/employee-profile/"}		تم تحديث تفاصيل عملك.	Ihre Arbeitsdetails wurden aktualisiert.	Se han actualizado los detalles de su trabajo.	Vos informations professionnelles ont été mises à jour.	\N	53	1	\N
192	info	t	1	Your work details has been updated.	\N	\N	\N	2025-07-29 12:52:17.777548+05:30	t	f	f	{"icon": "briefcase", "verb_ar": "تم تحديث تفاصيل عملك.", "verb_de": "Ihre Arbeitsdetails wurden aktualisiert.", "verb_es": "Se han actualizado los detalles de su trabajo.", "verb_fr": "Vos informations professionnelles ont été mises à jour.", "redirect": "/employee/employee-profile/"}		تم تحديث تفاصيل عملك.	Ihre Arbeitsdetails wurden aktualisiert.	Se han actualizado los detalles de su trabajo.	Vos informations professionnelles ont été mises à jour.	\N	53	1	\N
193	info	t	130	Your attendance for the date 2025-07-29 is validated	\N	\N	\N	2025-07-29 15:09:10.783904+05:30	t	f	f	{"icon": "checkmark", "verb_ar": "تم تحقيق حضورك في تاريخ 2025-07-29", "verb_de": "Deine Anwesenheit für das Datum 2025-07-29 ist bestätigt.", "verb_es": "Se valida tu asistencia para la fecha 2025-07-29.", "verb_fr": "Votre présence pour la date 2025-07-29 est validée.", "redirect": "/attendance/view-my-attendance/?id=312"}		تم تحقيق حضورك في تاريخ 2025-07-29	Deine Anwesenheit für das Datum 2025-07-29 ist bestätigt.	Se valida tu asistencia para la fecha 2025-07-29.	Votre présence pour la date 2025-07-29 est validée.	\N	53	129	\N
194	info	t	1	You are chosen as one of recruitment manager	\N	\N	\N	2025-07-29 15:17:05.883989+05:30	t	f	f	{"icon": "people-circle", "verb_ar": "تم اختيارك كأحد مديري التوظيف", "verb_de": "Sie wurden als einer der Personalvermittler ausgewählt", "verb_es": "Has sido elegido/a como uno de los gerentes de contratación", "verb_fr": "Vous êtes choisi(e) comme l'un des responsables du recrutement", "redirect": "/recruitment/pipeline/"}		تم اختيارك كأحد مديري التوظيف	Sie wurden als einer der Personalvermittler ausgewählt	Has sido elegido/a como uno de los gerentes de contratación	Vous êtes choisi(e) comme l'un des responsables du recrutement	\N	53	133	\N
195	info	t	1	IT Project Coordinator is updated, You are chosen as one of the managers	\N	\N	\N	2025-07-29 16:14:48.668311+05:30	t	f	f	{"icon": "people-circle", "verb_ar": "IT Project Coordinator تم تحديثه، تم اختيارك كأحد المديرين", "verb_de": "IT Project Coordinator wurde aktualisiert. Sie wurden als                            einer der Manager ausgewählt", "verb_es": "IT Project Coordinator ha sido actualizado/a. Has sido elegido                            a como uno de los gerentes", "verb_fr": "IT Project Coordinator a été mis(e) à jour. Vous êtes choisi(e) comme                            l'un des responsables", "redirect": "/recruitment/pipeline/"}		IT Project Coordinator تم تحديثه، تم اختيارك كأحد المديرين	IT Project Coordinator wurde aktualisiert. Sie wurden als                            einer der Manager ausgewählt	IT Project Coordinator ha sido actualizado/a. Has sido elegido                            a como uno de los gerentes	IT Project Coordinator a été mis(e) à jour. Vous êtes choisi(e) comme                            l'un des responsables	\N	53	129	\N
196	info	t	1	React Developer is updated, You are chosen as one of the managers	\N	\N	\N	2025-07-29 16:16:30.774291+05:30	t	f	f	{"icon": "people-circle", "verb_ar": "React Developer تم تحديثه، تم اختيارك كأحد المديرين", "verb_de": "React Developer wurde aktualisiert. Sie wurden als                            einer der Manager ausgewählt", "verb_es": "React Developer ha sido actualizado/a. Has sido elegido                            a como uno de los gerentes", "verb_fr": "React Developer a été mis(e) à jour. Vous êtes choisi(e) comme                            l'un des responsables", "redirect": "/recruitment/pipeline/"}		React Developer تم تحديثه، تم اختيارك كأحد المديرين	React Developer wurde aktualisiert. Sie wurden als                            einer der Manager ausgewählt	React Developer ha sido actualizado/a. Has sido elegido                            a como uno de los gerentes	React Developer a été mis(e) à jour. Vous êtes choisi(e) comme                            l'un des responsables	\N	53	133	\N
197	info	t	1	IT Project Coordinator is updated, You are chosen as one of the managers	\N	\N	\N	2025-07-29 16:16:47.055118+05:30	t	f	f	{"icon": "people-circle", "verb_ar": "IT Project Coordinator تم تحديثه، تم اختيارك كأحد المديرين", "verb_de": "IT Project Coordinator wurde aktualisiert. Sie wurden als                            einer der Manager ausgewählt", "verb_es": "IT Project Coordinator ha sido actualizado/a. Has sido elegido                            a como uno de los gerentes", "verb_fr": "IT Project Coordinator a été mis(e) à jour. Vous êtes choisi(e) comme                            l'un des responsables", "redirect": "/recruitment/pipeline/"}		IT Project Coordinator تم تحديثه، تم اختيارك كأحد المديرين	IT Project Coordinator wurde aktualisiert. Sie wurden als                            einer der Manager ausgewählt	IT Project Coordinator ha sido actualizado/a. Has sido elegido                            a como uno de los gerentes	IT Project Coordinator a été mis(e) à jour. Vous êtes choisi(e) comme                            l'un des responsables	\N	53	129	\N
198	info	t	1	React Developer is updated, You are chosen as one of the managers	\N	\N	\N	2025-07-29 16:17:03.109262+05:30	t	f	f	{"icon": "people-circle", "verb_ar": "React Developer تم تحديثه، تم اختيارك كأحد المديرين", "verb_de": "React Developer wurde aktualisiert. Sie wurden als                            einer der Manager ausgewählt", "verb_es": "React Developer ha sido actualizado/a. Has sido elegido                            a como uno de los gerentes", "verb_fr": "React Developer a été mis(e) à jour. Vous êtes choisi(e) comme                            l'un des responsables", "redirect": "/recruitment/pipeline/"}		React Developer تم تحديثه، تم اختيارك كأحد المديرين	React Developer wurde aktualisiert. Sie wurden als                            einer der Manager ausgewählt	React Developer ha sido actualizado/a. Has sido elegido                            a como uno de los gerentes	React Developer a été mis(e) à jour. Vous êtes choisi(e) comme                            l'un des responsables	\N	53	133	\N
199	info	t	1	IT Project Coordinator is updated, You are chosen as one of the managers	\N	\N	\N	2025-07-29 16:17:08.850278+05:30	t	f	f	{"icon": "people-circle", "verb_ar": "IT Project Coordinator تم تحديثه، تم اختيارك كأحد المديرين", "verb_de": "IT Project Coordinator wurde aktualisiert. Sie wurden als                            einer der Manager ausgewählt", "verb_es": "IT Project Coordinator ha sido actualizado/a. Has sido elegido                            a como uno de los gerentes", "verb_fr": "IT Project Coordinator a été mis(e) à jour. Vous êtes choisi(e) comme                            l'un des responsables", "redirect": "/recruitment/pipeline/"}		IT Project Coordinator تم تحديثه، تم اختيارك كأحد المديرين	IT Project Coordinator wurde aktualisiert. Sie wurden als                            einer der Manager ausgewählt	IT Project Coordinator ha sido actualizado/a. Has sido elegido                            a como uno de los gerentes	IT Project Coordinator a été mis(e) à jour. Vous êtes choisi(e) comme                            l'un des responsables	\N	53	129	\N
200	info	t	1	React Developer is updated, You are chosen as one of the managers	\N	\N	\N	2025-07-29 16:20:04.684682+05:30	t	f	f	{"icon": "people-circle", "verb_ar": "React Developer تم تحديثه، تم اختيارك كأحد المديرين", "verb_de": "React Developer wurde aktualisiert. Sie wurden als                            einer der Manager ausgewählt", "verb_es": "React Developer ha sido actualizado/a. Has sido elegido                            a como uno de los gerentes", "verb_fr": "React Developer a été mis(e) à jour. Vous êtes choisi(e) comme                            l'un des responsables", "redirect": "/recruitment/pipeline/"}		React Developer تم تحديثه، تم اختيارك كأحد المديرين	React Developer wurde aktualisiert. Sie wurden als                            einer der Manager ausgewählt	React Developer ha sido actualizado/a. Has sido elegido                            a como uno de los gerentes	React Developer a été mis(e) à jour. Vous êtes choisi(e) comme                            l'un des responsables	\N	53	133	\N
201	info	t	1	React Developer is updated, You are chosen as one of the managers	\N	\N	\N	2025-07-29 16:20:11.485501+05:30	t	f	f	{"icon": "people-circle", "verb_ar": "React Developer تم تحديثه، تم اختيارك كأحد المديرين", "verb_de": "React Developer wurde aktualisiert. Sie wurden als                            einer der Manager ausgewählt", "verb_es": "React Developer ha sido actualizado/a. Has sido elegido                            a como uno de los gerentes", "verb_fr": "React Developer a été mis(e) à jour. Vous êtes choisi(e) comme                            l'un des responsables", "redirect": "/recruitment/pipeline/"}		React Developer تم تحديثه، تم اختيارك كأحد المديرين	React Developer wurde aktualisiert. Sie wurden als                            einer der Manager ausgewählt	React Developer ha sido actualizado/a. Has sido elegido                            a como uno de los gerentes	React Developer a été mis(e) à jour. Vous êtes choisi(e) comme                            l'un des responsables	\N	53	133	\N
202	info	t	1	IT Project Coordinator is updated, You are chosen as one of the managers	\N	\N	\N	2025-07-29 16:20:49.041211+05:30	t	f	f	{"icon": "people-circle", "verb_ar": "IT Project Coordinator تم تحديثه، تم اختيارك كأحد المديرين", "verb_de": "IT Project Coordinator wurde aktualisiert. Sie wurden als                            einer der Manager ausgewählt", "verb_es": "IT Project Coordinator ha sido actualizado/a. Has sido elegido                            a como uno de los gerentes", "verb_fr": "IT Project Coordinator a été mis(e) à jour. Vous êtes choisi(e) comme                            l'un des responsables", "redirect": "/recruitment/pipeline/"}		IT Project Coordinator تم تحديثه، تم اختيارك كأحد المديرين	IT Project Coordinator wurde aktualisiert. Sie wurden als                            einer der Manager ausgewählt	IT Project Coordinator ha sido actualizado/a. Has sido elegido                            a como uno de los gerentes	IT Project Coordinator a été mis(e) à jour. Vous êtes choisi(e) comme                            l'un des responsables	\N	53	129	\N
203	info	t	1	Recruitment Drive is updated, You are chosen as one of the managers	\N	\N	\N	2025-07-29 16:24:23.513683+05:30	t	f	f	{"icon": "people-circle", "verb_ar": "Recruitment Drive تم تحديثه، تم اختيارك كأحد المديرين", "verb_de": "Recruitment Drive wurde aktualisiert. Sie wurden als                            einer der Manager ausgewählt", "verb_es": "Recruitment Drive ha sido actualizado/a. Has sido elegido                            a como uno de los gerentes", "verb_fr": "Recruitment Drive a été mis(e) à jour. Vous êtes choisi(e) comme                            l'un des responsables", "redirect": "/recruitment/pipeline/"}		Recruitment Drive تم تحديثه، تم اختيارك كأحد المديرين	Recruitment Drive wurde aktualisiert. Sie wurden als                            einer der Manager ausgewählt	Recruitment Drive ha sido actualizado/a. Has sido elegido                            a como uno de los gerentes	Recruitment Drive a été mis(e) à jour. Vous êtes choisi(e) comme                            l'un des responsables	\N	53	13	\N
205	info	t	1	FutureForce Recruitment is updated, You are chosen as one of the managers	\N	\N	\N	2025-07-29 16:25:07.049852+05:30	t	f	f	{"icon": "people-circle", "verb_ar": "FutureForce Recruitment تم تحديثه، تم اختيارك كأحد المديرين", "verb_de": "FutureForce Recruitment wurde aktualisiert. Sie wurden als                            einer der Manager ausgewählt", "verb_es": "FutureForce Recruitment ha sido actualizado/a. Has sido elegido                            a como uno de los gerentes", "verb_fr": "FutureForce Recruitment a été mis(e) à jour. Vous êtes choisi(e) comme                            l'un des responsables", "redirect": "/recruitment/pipeline/"}		FutureForce Recruitment تم تحديثه، تم اختيارك كأحد المديرين	FutureForce Recruitment wurde aktualisiert. Sie wurden als                            einer der Manager ausgewählt	FutureForce Recruitment ha sido actualizado/a. Has sido elegido                            a como uno de los gerentes	FutureForce Recruitment a été mis(e) à jour. Vous êtes choisi(e) comme                            l'un des responsables	\N	53	69	\N
206	info	t	1	FutureForce Recruitment is updated, You are chosen as one of the managers	\N	\N	\N	2025-07-29 16:25:37.74008+05:30	t	f	f	{"icon": "people-circle", "verb_ar": "FutureForce Recruitment تم تحديثه، تم اختيارك كأحد المديرين", "verb_de": "FutureForce Recruitment wurde aktualisiert. Sie wurden als                            einer der Manager ausgewählt", "verb_es": "FutureForce Recruitment ha sido actualizado/a. Has sido elegido                            a como uno de los gerentes", "verb_fr": "FutureForce Recruitment a été mis(e) à jour. Vous êtes choisi(e) comme                            l'un des responsables", "redirect": "/recruitment/pipeline/"}		FutureForce Recruitment تم تحديثه، تم اختيارك كأحد المديرين	FutureForce Recruitment wurde aktualisiert. Sie wurden als                            einer der Manager ausgewählt	FutureForce Recruitment ha sido actualizado/a. Has sido elegido                            a como uno de los gerentes	FutureForce Recruitment a été mis(e) à jour. Vous êtes choisi(e) comme                            l'un des responsables	\N	53	69	\N
208	info	t	1	You are scheduled as an interviewer for an interview with Anil Sharma on 2025-07-30 at 09:45:00.	\N	\N	\N	2025-07-29 16:34:56.148941+05:30	t	f	f	{"icon": "people-circle", "verb_ar": "أنت مجدول كمقابلة مع Anil Sharma يوم 2025-07-30 في توقيت 09:45:00.", "verb_de": "Sie sind als Interviewer für ein Interview mit Anil Sharma am 2025-07-30 um 09:45:00 eingeplant.", "verb_es": "Estás programado como entrevistador para una entrevista con Anil Sharma el 2025-07-30 a las 09:45:00.", "verb_fr": "Vous êtes programmé en tant qu'intervieweur pour un entretien avec Anil Sharma le 2025-07-30 à 09:45:00.", "redirect": "/recruitment/interview-view/"}		أنت مجدول كمقابلة مع Anil Sharma يوم 2025-07-30 في توقيت 09:45:00.	Sie sind als Interviewer für ein Interview mit Anil Sharma am 2025-07-30 um 09:45:00 eingeplant.	Estás programado como entrevistador para una entrevista con Anil Sharma el 2025-07-30 a las 09:45:00.	Vous êtes programmé en tant qu'intervieweur pour un entretien avec Anil Sharma le 2025-07-30 à 09:45:00.	\N	53	133	\N
209	info	t	129	You have new shift request to approve                         for Sayan Deb (PEP0003)	\N	\N	\N	2025-07-29 16:44:17.602904+05:30	t	f	f	{"icon": "information", "verb_ar": "لديك طلب وردية جديد للموافقة عليه لـ Sayan Deb (PEP0003)", "verb_de": "Sie müssen eine neue Schichtanfrage                         für Sayan Deb (PEP0003) genehmigen", "verb_es": "Tiene una nueva solicitud de turno para                         aprobar para Sayan Deb (PEP0003)", "verb_fr": "Vous avez une nouvelle demande de quart de                        travail à approuver pour Sayan Deb (PEP0003)", "redirect": "/employee/shift-request-view/?id=11"}		لديك طلب وردية جديد للموافقة عليه لـ Sayan Deb (PEP0003)	Sie müssen eine neue Schichtanfrage                         für Sayan Deb (PEP0003) genehmigen	Tiene una nueva solicitud de turno para                         aprobar para Sayan Deb (PEP0003)	Vous avez une nouvelle demande de quart de                        travail à approuver pour Sayan Deb (PEP0003)	\N	53	132	\N
210	info	t	1	Your work type request has been approved.	\N	\N	\N	2025-07-29 16:54:23.320537+05:30	t	f	f	{"icon": "checkmark", "verb_ar": "تمت الموافقة على طلب نوع وظيفتك.", "verb_de": "Ihre Arbeitstypanfrage wurde genehmigt.", "verb_es": "Su solicitud de tipo de trabajo ha sido aprobada.", "verb_fr": "Votre demande de type de travail a été approuvée.", "redirect": "/employee/work-type-request-view/?id=6"}		تمت الموافقة على طلب نوع وظيفتك.	Ihre Arbeitstypanfrage wurde genehmigt.	Su solicitud de tipo de trabajo ha sido aprobada.	Votre demande de type de travail a été approuvée.	\N	53	134	\N
211	info	t	1	Your work details has been updated.	\N	\N	\N	2025-07-29 17:00:54.03569+05:30	t	f	f	{"icon": "briefcase", "verb_ar": "تم تحديث تفاصيل عملك.", "verb_de": "Ihre Arbeitsdetails wurden aktualisiert.", "verb_es": "Se han actualizado los detalles de su trabajo.", "verb_fr": "Vos informations professionnelles ont été mises à jour.", "redirect": "/employee/employee-profile/"}		تم تحديث تفاصيل عملك.	Ihre Arbeitsdetails wurden aktualisiert.	Se han actualizado los detalles de su trabajo.	Vos informations professionnelles ont été mises à jour.	\N	53	133	\N
204	info	f	1	Recruitment Drive is updated, You are chosen as one of the managers	\N	\N	\N	2025-07-29 16:24:23.513683+05:30	t	f	f	{"icon": "people-circle", "verb_ar": "Recruitment Drive تم تحديثه، تم اختيارك كأحد المديرين", "verb_de": "Recruitment Drive wurde aktualisiert. Sie wurden als                            einer der Manager ausgewählt", "verb_es": "Recruitment Drive ha sido actualizado/a. Has sido elegido                            a como uno de los gerentes", "verb_fr": "Recruitment Drive a été mis(e) à jour. Vous êtes choisi(e) comme                            l'un des responsables", "redirect": "/recruitment/pipeline/"}		Recruitment Drive تم تحديثه، تم اختيارك كأحد المديرين	Recruitment Drive wurde aktualisiert. Sie wurden als                            einer der Manager ausgewählt	Recruitment Drive ha sido actualizado/a. Has sido elegido                            a como uno de los gerentes	Recruitment Drive a été mis(e) à jour. Vous êtes choisi(e) comme                            l'un des responsables	\N	53	1	\N
207	info	f	1	You are scheduled as an interviewer for an interview with Anil Sharma on 2025-07-30 at 09:45:00.	\N	\N	\N	2025-07-29 16:33:49.032951+05:30	t	f	f	{"icon": "people-circle", "verb_ar": "أنت مجدول كمقابلة مع Anil Sharma يوم 2025-07-30 في توقيت 09:45:00.", "verb_de": "Sie sind als Interviewer für ein Interview mit Anil Sharma am 2025-07-30 um 09:45:00 eingeplant.", "verb_es": "Estás programado como entrevistador para una entrevista con Anil Sharma el 2025-07-30 a las 09:45:00.", "verb_fr": "Vous êtes programmé en tant qu'intervieweur pour un entretien avec Anil Sharma le 2025-07-30 à 09:45:00.", "redirect": "/recruitment/interview-view/"}		أنت مجدول كمقابلة مع Anil Sharma يوم 2025-07-30 في توقيت 09:45:00.	Sie sind als Interviewer für ein Interview mit Anil Sharma am 2025-07-30 um 09:45:00 eingeplant.	Estás programado como entrevistador para una entrevista con Anil Sharma el 2025-07-30 a las 09:45:00.	Vous êtes programmé en tant qu'intervieweur pour un entretien avec Anil Sharma le 2025-07-30 à 09:45:00.	\N	53	1	\N
212	info	t	1	Your Leave request has been approved	\N	\N	\N	2025-07-29 17:36:23.725206+05:30	t	f	f	{"icon": "people-circle", "verb_ar": "تمت الموافقة على طلب الإجازة الخاص بك", "verb_de": "Ihr Urlaubsantrag wurde genehmigt", "verb_es": "Se ha aprobado su solicitud de permiso", "verb_fr": "Votre demande de congé a été approuvée", "redirect": "/leave/user-request-view/?id=25"}		تمت الموافقة على طلب الإجازة الخاص بك	Ihr Urlaubsantrag wurde genehmigt	Se ha aprobado su solicitud de permiso	Votre demande de congé a été approuvée	\N	53	129	\N
213	info	t	1	The stage of Mia Reed                 was updated to Introduction & Orientation.	\N	\N	\N	2025-07-29 17:45:10.741757+05:30	t	f	f	{"icon": "people-circle", "verb_ar": "تم تحديث مرحلة المرشح Mia Reed إلى Introduction & Orientation.", "verb_de": "Die Phase des Kandidaten Mia Reed wurde auf Introduction & Orientation aktualisiert.", "verb_es": "La etapa del candidato Mia Reed se ha actualizado a Introduction & Orientation.", "verb_fr": "L'étape du candidat Mia Reed a été mise à jour à Introduction & Orientation.", "redirect": "/onboarding/onboarding-view/"}		تم تحديث مرحلة المرشح Mia Reed إلى Introduction & Orientation.	Die Phase des Kandidaten Mia Reed wurde auf Introduction & Orientation aktualisiert.	La etapa del candidato Mia Reed se ha actualizado a Introduction & Orientation.	L'étape du candidat Mia Reed a été mise à jour à Introduction & Orientation.	\N	53	13	\N
214	info	t	1	You are scheduled as an interviewer for an interview with Anil Sharma on 2025-07-30 at 09:45:00.	\N	\N	\N	2025-07-29 17:48:55.039114+05:30	t	f	f	{"icon": "people-circle", "verb_ar": "أنت مجدول كمقابلة مع Anil Sharma يوم 2025-07-30 في توقيت 09:45:00.", "verb_de": "Sie sind als Interviewer für ein Interview mit Anil Sharma am 2025-07-30 um 09:45:00 eingeplant.", "verb_es": "Estás programado como entrevistador para una entrevista con Anil Sharma el 2025-07-30 a las 09:45:00.", "verb_fr": "Vous êtes programmé en tant qu'intervieweur pour un entretien avec Anil Sharma le 2025-07-30 à 09:45:00.", "redirect": "/recruitment/interview-view/"}		أنت مجدول كمقابلة مع Anil Sharma يوم 2025-07-30 في توقيت 09:45:00.	Sie sind als Interviewer für ein Interview mit Anil Sharma am 2025-07-30 um 09:45:00 eingeplant.	Estás programado como entrevistador para una entrevista con Anil Sharma el 2025-07-30 a las 09:45:00.	Vous êtes programmé en tant qu'intervieweur pour un entretien avec Anil Sharma le 2025-07-30 à 09:45:00.	\N	53	133	\N
\.


--
-- Data for Name: offboarding_employeetask; Type: TABLE DATA; Schema: public; Owner: horilla
--

COPY public.offboarding_employeetask (id, created_at, is_active, status, description, created_by_id, employee_id_id, modified_by_id, task_id_id) FROM stdin;
\.


--
-- Data for Name: offboarding_exitreason; Type: TABLE DATA; Schema: public; Owner: horilla
--

COPY public.offboarding_exitreason (id, created_at, is_active, title, description, created_by_id, modified_by_id, offboarding_employee_id_id) FROM stdin;
\.


--
-- Data for Name: offboarding_exitreason_attachments; Type: TABLE DATA; Schema: public; Owner: horilla
--

COPY public.offboarding_exitreason_attachments (id, exitreason_id, offboardingstagemultiplefile_id) FROM stdin;
\.


--
-- Data for Name: offboarding_historicalemployeetask; Type: TABLE DATA; Schema: public; Owner: horilla
--

COPY public.offboarding_historicalemployeetask (id, created_at, is_active, history_title, history_description, history_highlight, status, description, history_id, history_date, history_change_reason, history_type, created_by_id, employee_id_id, history_relation_id, history_user_id, modified_by_id, task_id_id) FROM stdin;
\.


--
-- Data for Name: offboarding_historicalemployeetask_history_tags; Type: TABLE DATA; Schema: public; Owner: horilla
--

COPY public.offboarding_historicalemployeetask_history_tags (id, historicalemployeetask_id, audittag_id) FROM stdin;
\.


--
-- Data for Name: offboarding_offboarding; Type: TABLE DATA; Schema: public; Owner: horilla
--

COPY public.offboarding_offboarding (id, created_at, is_active, title, description, status, company_id_id, created_by_id, modified_by_id) FROM stdin;
1	2025-06-12 15:18:40.988+05:30	t	Offboarding 2024	Offboarding Pipeline for 2024	ongoing	1	1	1
\.


--
-- Data for Name: offboarding_offboarding_managers; Type: TABLE DATA; Schema: public; Owner: horilla
--

COPY public.offboarding_offboarding_managers (id, offboarding_id, employee_id) FROM stdin;
1	1	1
\.


--
-- Data for Name: offboarding_offboardingemployee; Type: TABLE DATA; Schema: public; Owner: horilla
--

COPY public.offboarding_offboardingemployee (id, created_at, is_active, notice_period, unit, notice_period_starts, notice_period_ends, created_by_id, employee_id_id, modified_by_id, stage_id_id) FROM stdin;
\.


--
-- Data for Name: offboarding_offboardinggeneralsetting; Type: TABLE DATA; Schema: public; Owner: horilla
--

COPY public.offboarding_offboardinggeneralsetting (id, created_at, is_active, resignation_request, company_id_id, created_by_id, modified_by_id) FROM stdin;
1	2025-06-15 09:13:33.29+05:30	t	t	\N	1	1
\.


--
-- Data for Name: offboarding_offboardingnote; Type: TABLE DATA; Schema: public; Owner: horilla
--

COPY public.offboarding_offboardingnote (id, created_at, is_active, description, created_by_id, employee_id_id, modified_by_id, note_by_id, stage_id_id) FROM stdin;
\.


--
-- Data for Name: offboarding_offboardingnote_attachments; Type: TABLE DATA; Schema: public; Owner: horilla
--

COPY public.offboarding_offboardingnote_attachments (id, offboardingnote_id, offboardingstagemultiplefile_id) FROM stdin;
\.


--
-- Data for Name: offboarding_offboardingstage; Type: TABLE DATA; Schema: public; Owner: horilla
--

COPY public.offboarding_offboardingstage (id, created_at, is_active, title, type, sequence, created_by_id, modified_by_id, offboarding_id_id) FROM stdin;
1	2025-07-17 11:32:18.037883+05:30	t	Notice Period	notice_period	0	\N	\N	1
13	2025-06-12 15:18:41.001+05:30	t	Notice Period	notice_period	0	1	1	1
14	2025-06-12 15:18:41.028+05:30	t	Exit interview	interview	0	1	1	1
15	2025-06-12 15:18:41.045+05:30	t	Work Handover	handover	0	1	1	1
16	2025-06-12 15:18:41.063+05:30	t	FNF	fnf	0	1	1	1
17	2025-06-12 15:18:41.08+05:30	t	Farewell	other	0	1	1	1
18	2025-06-12 15:18:41.097+05:30	t	Archived	archived	0	1	1	1
\.


--
-- Data for Name: offboarding_offboardingstage_managers; Type: TABLE DATA; Schema: public; Owner: horilla
--

COPY public.offboarding_offboardingstage_managers (id, offboardingstage_id, employee_id) FROM stdin;
\.


--
-- Data for Name: offboarding_offboardingstagemultiplefile; Type: TABLE DATA; Schema: public; Owner: horilla
--

COPY public.offboarding_offboardingstagemultiplefile (id, created_at, is_active, attachment, created_by_id, modified_by_id) FROM stdin;
\.


--
-- Data for Name: offboarding_offboardingtask; Type: TABLE DATA; Schema: public; Owner: horilla
--

COPY public.offboarding_offboardingtask (id, created_at, is_active, title, created_by_id, modified_by_id, stage_id_id) FROM stdin;
\.


--
-- Data for Name: offboarding_offboardingtask_managers; Type: TABLE DATA; Schema: public; Owner: horilla
--

COPY public.offboarding_offboardingtask_managers (id, offboardingtask_id, employee_id) FROM stdin;
\.


--
-- Data for Name: offboarding_resignationletter; Type: TABLE DATA; Schema: public; Owner: horilla
--

COPY public.offboarding_resignationletter (id, created_at, is_active, title, description, planned_to_leave_on, status, created_by_id, employee_id_id, modified_by_id, offboarding_employee_id_id) FROM stdin;
1	2025-06-15 09:15:33.566+05:30	t	Resignation	<p>After much consideration, I have decided to pursue a new opportunity that aligns with my career goals and personal aspirations. Working at Horilla has been an incredibly rewarding experience, and I deeply appreciate the support, guidance, and opportunities for growth provided by the company and my colleagues.</p><p>I am committed to ensuring a smooth transition and will do my best to complete my ongoing tasks and assist in handing over responsibilities. Please let me know how I can support the transition process.</p><p>I want to express my gratitude to the entire team at Horilla for the collaboration, learning, and support throughout my time here. I will cherish the experience and the relationships I have built.</p><p>Thank you once again for the opportunity to be a part of Horilla, and I wish the company continued success in the future.</p>	2025-06-30	requested	13	12	13	\N
2	2025-06-15 09:16:37.925+05:30	t	Resignation Letter	<p>This was not an easy decision, but after careful thought, I believe it is the right time for me to explore new professional challenges. My time at Horilla has been an enriching journey, and I am truly grateful for the opportunities I have had to contribute and grow, both professionally and personally.</p><p>I will do my best to ensure a smooth transition and am happy to assist in handing over my current projects or training a replacement if necessary. Please feel free to guide me on how I can assist during this period.</p><p>Thank you once again for the support and for allowing me to be part of such a fantastic team. I wish Horilla continued growth and success, and I look forward to staying connected in the future.</p>	2025-06-30	requested	29	28	29	\N
\.


--
-- Data for Name: onboarding_candidatestage; Type: TABLE DATA; Schema: public; Owner: horilla
--

COPY public.onboarding_candidatestage (id, created_at, is_active, onboarding_end_date, sequence, candidate_id_id, created_by_id, modified_by_id, onboarding_stage_id_id) FROM stdin;
1	2025-07-29 17:44:43.923537+05:30	t	\N	0	7	1	1	4
\.


--
-- Data for Name: onboarding_candidatetask; Type: TABLE DATA; Schema: public; Owner: horilla
--

COPY public.onboarding_candidatetask (id, created_at, is_active, status, candidate_id_id, created_by_id, modified_by_id, onboarding_task_id_id, stage_id_id) FROM stdin;
\.


--
-- Data for Name: onboarding_historicalcandidatetask; Type: TABLE DATA; Schema: public; Owner: horilla
--

COPY public.onboarding_historicalcandidatetask (id, created_at, is_active, history_title, history_description, history_highlight, status, history_id, history_date, history_change_reason, history_type, candidate_id_id, created_by_id, history_relation_id, history_user_id, modified_by_id, onboarding_task_id_id, stage_id_id) FROM stdin;
\.


--
-- Data for Name: onboarding_historicalcandidatetask_history_tags; Type: TABLE DATA; Schema: public; Owner: horilla
--

COPY public.onboarding_historicalcandidatetask_history_tags (id, historicalcandidatetask_id, audittag_id) FROM stdin;
\.


--
-- Data for Name: onboarding_onboardingportal; Type: TABLE DATA; Schema: public; Owner: horilla
--

COPY public.onboarding_onboardingportal (id, created_at, is_active, token, used, count, profile, candidate_id_id, created_by_id, modified_by_id) FROM stdin;
1	2025-07-29 17:44:41.254472+05:30	t	487975834713f1a290fe7798dc98b8	f	0		7	1	1
\.


--
-- Data for Name: onboarding_onboardingstage; Type: TABLE DATA; Schema: public; Owner: horilla
--

COPY public.onboarding_onboardingstage (id, created_at, is_active, stage_title, sequence, is_final_stage, created_by_id, modified_by_id, recruitment_id_id) FROM stdin;
1	2025-06-15 09:55:05.927+05:30	t	Initial	1	f	\N	1	1
2	2025-06-15 09:55:05.946+05:30	t	Initial	0	f	\N	\N	2
3	2025-06-15 09:55:05.959+05:30	t	Initial	0	f	\N	\N	3
4	2025-06-15 09:57:30.582+05:30	t	Introduction & Orientation	2	f	1	1	1
5	2025-06-15 09:57:47.767+05:30	t	Technical Setup	3	f	1	1	1
6	2025-06-15 09:58:04.122+05:30	t	Training & Knowledge Transfer	4	f	1	1	1
7	2025-06-15 09:58:32.569+05:30	t	First Task Assignment	5	t	1	1	1
11	2025-07-29 11:54:06.166455+05:30	t	Initial	0	f	1	1	4
12	2025-07-29 12:03:14.022169+05:30	t	Initial	0	f	1	1	5
13	2025-07-29 12:24:39.03328+05:30	t	Initial	0	f	1	1	6
14	2025-07-29 15:17:05.834982+05:30	t	Initial	0	f	1	1	7
\.


--
-- Data for Name: onboarding_onboardingstage_employee_id; Type: TABLE DATA; Schema: public; Owner: horilla
--

COPY public.onboarding_onboardingstage_employee_id (id, onboardingstage_id, employee_id) FROM stdin;
1	4	12
2	5	37
3	6	13
4	7	13
\.


--
-- Data for Name: onboarding_onboardingtask; Type: TABLE DATA; Schema: public; Owner: horilla
--

COPY public.onboarding_onboardingtask (id, created_at, is_active, task_title, created_by_id, modified_by_id, stage_id_id) FROM stdin;
1	2025-07-24 13:03:14.634878+05:30	t	new	1	1	1
\.


--
-- Data for Name: onboarding_onboardingtask_candidates; Type: TABLE DATA; Schema: public; Owner: horilla
--

COPY public.onboarding_onboardingtask_candidates (id, onboardingtask_id, candidate_id) FROM stdin;
\.


--
-- Data for Name: onboarding_onboardingtask_employee_id; Type: TABLE DATA; Schema: public; Owner: horilla
--

COPY public.onboarding_onboardingtask_employee_id (id, onboardingtask_id, employee_id) FROM stdin;
1	1	12
2	1	13
\.


--
-- Data for Name: payroll_allowance; Type: TABLE DATA; Schema: public; Owner: horilla
--

COPY public.payroll_allowance (id, created_at, is_active, title, one_time_date, include_active_employees, is_taxable, is_condition_based, field, condition, value, is_fixed, amount, based_on, rate, per_attendance_fixed_amount, per_children_fixed_amount, shift_per_attendance_amount, amount_per_one_hr, work_type_per_attendance_amount, has_max_limit, maximum_amount, maximum_unit, if_choice, if_condition, if_amount, start_range, end_range, only_show_under_employee, is_loan, company_id_id, created_by_id, modified_by_id, shift_id_id, work_type_id_id) FROM stdin;
1	2025-06-21 14:05:27.289+05:30	t	House Rent Allowance (HRA)	\N	t	t	f	\N	\N	\N	f	\N	basic_pay	4.5	0	0	0	0	0	f	\N	month_working_days	basic_pay	gt	0	\N	\N	f	f	\N	1	1	\N	\N
2	2025-06-21 14:06:39.003+05:30	t	Meal Allowance	\N	t	t	f	\N	\N	\N	f	\N	work_type_id	\N	0	0	0	0	40	t	1500	month_working_days	basic_pay	gt	0	\N	\N	f	f	\N	1	1	\N	1
3	2025-06-21 14:07:32.308+05:30	t	Education Allowance	\N	f	t	t	children	lt	3	f	\N	basic_pay	10	0	0	0	0	0	f	\N	month_working_days	basic_pay	gt	0	\N	\N	f	f	\N	1	1	\N	\N
4	2025-06-21 14:10:56.185+05:30	t	Emergency Loan	2025-06-10	f	t	f	\N	\N	\N	t	54000	basic_pay	\N	0	0	0	0	0	f	\N	month_working_days	basic_pay	gt	0	\N	\N	t	t	\N	1	1	\N	\N
5	2025-07-17 11:32:18.808781+05:30	t	Medical Loan	2025-06-01	f	t	f	\N	\N	\N	t	60000	basic_pay	\N	0	0	0	0	0	f	\N	month_working_days	basic_pay	gt	0	\N	\N	t	t	\N	\N	\N	\N	\N
\.


--
-- Data for Name: payroll_allowance_exclude_employees; Type: TABLE DATA; Schema: public; Owner: horilla
--

COPY public.payroll_allowance_exclude_employees (id, allowance_id, employee_id) FROM stdin;
\.


--
-- Data for Name: payroll_allowance_other_conditions; Type: TABLE DATA; Schema: public; Owner: horilla
--

COPY public.payroll_allowance_other_conditions (id, allowance_id, multiplecondition_id) FROM stdin;
\.


--
-- Data for Name: payroll_allowance_specific_employees; Type: TABLE DATA; Schema: public; Owner: horilla
--

COPY public.payroll_allowance_specific_employees (id, allowance_id, employee_id) FROM stdin;
1	1	33
2	1	98
3	1	7
4	1	71
5	1	9
6	1	111
7	1	83
8	1	51
9	1	24
10	1	26
11	1	27
12	1	124
13	4	13
14	5	18
\.


--
-- Data for Name: payroll_contract; Type: TABLE DATA; Schema: public; Owner: horilla
--

COPY public.payroll_contract (id, created_at, is_active, contract_name, contract_start_date, contract_end_date, wage_type, pay_frequency, wage, contract_status, notice_period_in_days, contract_document, deduct_leave_from_basic_pay, calculate_daily_leave_amount, deduction_for_one_leave_amount, note, created_by_id, department_id, employee_id_id, filing_status_id, job_position_id, job_role_id, modified_by_id, shift_id, work_type_id) FROM stdin;
2	2025-07-17 11:32:12.383207+05:30	t	Sarah Anderson (PEP02)'s Contract	2024-01-01	\N	monthly	monthly	15000	draft	30		t	t	0	\N	\N	\N	3	\N	\N	\N	\N	\N	\N
3	2025-07-17 11:32:12.396463+05:30	t	Emily Clark (PEP03)'s Contract	2024-01-01	\N	monthly	monthly	15000	draft	30		t	t	0	\N	\N	\N	4	\N	\N	\N	\N	\N	\N
4	2025-07-17 11:32:12.408608+05:30	t	Jessica Evans (PEP05)'s Contract	2024-01-01	\N	monthly	monthly	15000	draft	30		t	t	0	\N	\N	\N	5	\N	\N	\N	\N	\N	\N
5	2025-07-17 11:32:12.4222+05:30	t	Matthew Harris (PEP08)'s Contract	2024-01-01	\N	monthly	monthly	15000	draft	30		t	t	0	\N	\N	\N	6	\N	\N	\N	\N	\N	\N
6	2025-07-17 11:32:12.435566+05:30	t	David King (PEP10)'s Contract	2024-01-01	\N	monthly	monthly	15000	draft	30		t	t	0	\N	\N	\N	7	\N	\N	\N	\N	\N	\N
7	2025-07-17 11:32:12.448799+05:30	t	Emma Lee (PEP11)'s Contract	2024-01-01	\N	monthly	monthly	15000	draft	30		t	t	0	\N	\N	\N	8	\N	\N	\N	\N	\N	\N
8	2025-07-17 11:32:12.461489+05:30	t	Christopher Miller (PEP12)'s Contract	2024-01-01	\N	monthly	monthly	15000	draft	30		t	t	0	\N	\N	\N	9	\N	\N	\N	\N	\N	\N
9	2025-07-17 11:32:12.474194+05:30	t	Mia Nelson (PEP13)'s Contract	2024-02-01	\N	monthly	monthly	15000	draft	30		t	t	0	\N	\N	\N	10	\N	\N	\N	\N	\N	\N
10	2025-07-17 11:32:12.488076+05:30	t	Benjamin Parker (PEP14)'s Contract	2024-02-01	\N	monthly	monthly	15000	draft	30		t	t	0	\N	\N	\N	11	\N	\N	\N	\N	\N	\N
11	2025-07-17 11:32:12.501762+05:30	t	Abigail Roberts (PEP15)'s Contract	2024-02-01	\N	monthly	monthly	15000	draft	30		t	t	0	\N	\N	\N	12	\N	\N	\N	\N	\N	\N
12	2025-07-17 11:32:12.515617+05:30	t	Alexander Smith (PEP16)'s Contract	2024-02-01	\N	monthly	monthly	15000	draft	30		t	t	0	\N	\N	\N	13	\N	\N	\N	\N	\N	\N
13	2025-07-17 11:32:12.528541+05:30	t	Isabella Thompson (PEP17)'s Contract	2024-02-01	\N	monthly	monthly	25000	draft	30		t	t	0	\N	\N	\N	14	\N	\N	\N	\N	\N	\N
14	2025-07-17 11:32:12.541597+05:30	t	Jacob Walker (PEP18)'s Contract	2024-02-01	\N	monthly	monthly	25000	draft	30		t	t	0	\N	\N	\N	15	\N	\N	\N	\N	\N	\N
15	2025-07-17 11:32:12.555764+05:30	t	Charlotte White (PEP19)'s Contract	2024-02-01	\N	monthly	monthly	25000	draft	30		t	t	0	\N	\N	\N	16	\N	\N	\N	\N	\N	\N
16	2025-07-17 11:32:12.569607+05:30	t	Noah Young (PEP20)'s Contract	2024-02-01	\N	monthly	monthly	25000	draft	30		t	t	0	\N	\N	\N	17	\N	\N	\N	\N	\N	\N
17	2025-07-17 11:32:12.582947+05:30	t	Grace Allen (PEP21)'s Contract	2024-02-01	\N	monthly	monthly	25000	draft	30		t	t	0	\N	\N	\N	18	\N	\N	\N	\N	\N	\N
18	2025-07-17 11:32:12.59536+05:30	t	Samuel Baker (PEP22)'s Contract	2024-02-01	\N	monthly	monthly	25000	draft	30		t	t	0	\N	\N	\N	19	\N	\N	\N	\N	\N	\N
19	2025-07-17 11:32:12.607956+05:30	t	Lily Campbell (PEP23)'s Contract	2024-02-01	\N	monthly	monthly	35000	draft	30		t	t	0	\N	\N	\N	20	\N	\N	\N	\N	\N	\N
20	2025-07-17 11:32:12.626074+05:30	t	Lucas Carter (PEP24)'s Contract	2024-02-01	\N	monthly	monthly	35000	draft	30		t	t	0	\N	\N	\N	21	\N	\N	\N	\N	\N	\N
21	2025-07-17 11:32:12.640121+05:30	t	Amelia Cooper (PEP25)'s Contract	2024-02-01	\N	monthly	monthly	35000	draft	30		t	t	0	\N	\N	\N	22	\N	\N	\N	\N	\N	\N
22	2025-07-17 11:32:12.654103+05:30	t	Mason Diaz (PEP26)'s Contract	2024-02-01	\N	monthly	monthly	35000	draft	30		t	t	0	\N	\N	\N	23	\N	\N	\N	\N	\N	\N
23	2025-07-17 11:32:12.667949+05:30	t	Harper Edwards (PEP27)'s Contract	2024-02-01	\N	monthly	monthly	35000	draft	30		t	t	0	\N	\N	\N	24	\N	\N	\N	\N	\N	\N
24	2025-07-17 11:32:12.680844+05:30	t	Logan Flores (PEP28)'s Contract	2024-02-01	\N	monthly	monthly	35000	draft	30		t	t	0	\N	\N	\N	25	\N	\N	\N	\N	\N	\N
25	2025-07-17 11:32:12.693095+05:30	t	Evelyn Garcia (PEP29)'s Contract	2024-05-22	\N	monthly	monthly	35000	draft	30		t	t	0	\N	\N	\N	26	\N	\N	\N	\N	\N	\N
26	2025-07-17 11:32:12.70643+05:30	t	Ethan Gonzalez (PEP30)'s Contract	2024-05-22	\N	monthly	monthly	35000	draft	30		t	t	0	\N	\N	\N	27	\N	\N	\N	\N	\N	\N
27	2025-07-17 11:32:12.719957+05:30	t	Avery Hill (PEP31)'s Contract	2024-05-22	\N	monthly	monthly	35000	draft	30		t	t	0	\N	\N	\N	28	\N	\N	\N	\N	\N	\N
28	2025-07-17 11:32:12.733347+05:30	t	William Hughes (PEP32)'s Contract	2024-05-22	\N	monthly	monthly	32000	draft	30		t	t	0	\N	\N	\N	29	\N	\N	\N	\N	\N	\N
29	2025-07-17 11:32:12.746207+05:30	t	Ella Jackson (PEP33)'s Contract	2024-05-22	\N	monthly	monthly	32000	draft	30		t	t	0	\N	\N	\N	30	\N	\N	\N	\N	\N	\N
30	2025-07-17 11:32:12.759314+05:30	t	Owen Jenkins (PEP34)'s Contract	2024-05-22	\N	monthly	monthly	32000	draft	30		t	t	0	\N	\N	\N	31	\N	\N	\N	\N	\N	\N
31	2025-07-17 11:32:12.773171+05:30	t	Madison Kelly (PEP35)'s Contract	2024-05-22	\N	monthly	monthly	32000	draft	30		t	t	0	\N	\N	\N	32	\N	\N	\N	\N	\N	\N
32	2025-07-17 11:32:12.787297+05:30	t	Henry Lewis (PEP36)'s Contract	2024-05-22	\N	monthly	monthly	32000	draft	30		t	t	0	\N	\N	\N	33	\N	\N	\N	\N	\N	\N
33	2025-07-17 11:32:12.800731+05:30	t	Scarlett Martinez (PEP37)'s Contract	2024-05-22	\N	monthly	monthly	32000	draft	30		t	t	0	\N	\N	\N	34	\N	\N	\N	\N	\N	\N
34	2025-07-17 11:32:12.813738+05:30	t	Sebastian Mitchell (PEP38)'s Contract	2024-05-22	\N	monthly	monthly	32000	draft	30		t	t	0	\N	\N	\N	35	\N	\N	\N	\N	\N	\N
35	2025-07-17 11:32:12.826677+05:30	t	Chloe Morgan (PEP39)'s Contract	2024-05-22	\N	monthly	monthly	32000	draft	30		t	t	0	\N	\N	\N	36	\N	\N	\N	\N	\N	\N
36	2025-07-17 11:32:12.846487+05:30	t	Mila Perez (PEP41)'s Contract	2024-05-22	\N	monthly	monthly	40000	draft	30		t	t	0	\N	\N	\N	38	\N	\N	\N	\N	\N	\N
37	2025-07-17 11:32:12.859909+05:30	t	Gabriel Phillips (PEP42)'s Contract	2024-05-22	\N	monthly	monthly	40000	draft	30		t	t	0	\N	\N	\N	39	\N	\N	\N	\N	\N	\N
38	2025-07-17 11:32:12.873642+05:30	t	Aria Powell (PEP43)'s Contract	2024-05-22	\N	monthly	monthly	40000	draft	30		t	t	0	\N	\N	\N	40	\N	\N	\N	\N	\N	\N
39	2025-07-17 11:32:12.887311+05:30	t	Wyatt Ramirez (PEP44)'s Contract	2024-05-22	\N	monthly	monthly	40000	draft	30		t	t	0	\N	\N	\N	41	\N	\N	\N	\N	\N	\N
40	2025-07-17 11:32:12.901158+05:30	t	Nora Reed (PEP45)'s Contract	2024-05-22	\N	monthly	monthly	40000	draft	30		t	t	0	\N	\N	\N	42	\N	\N	\N	\N	\N	\N
41	2025-07-17 11:32:12.913539+05:30	t	Jack Rivera (PEP46)'s Contract	2024-05-22	\N	monthly	monthly	40000	draft	30		t	t	0	\N	\N	\N	43	\N	\N	\N	\N	\N	\N
42	2025-07-17 11:32:12.926457+05:30	t	Ellie Rogers (PEP47)'s Contract	2024-05-22	\N	monthly	monthly	40000	draft	30		t	t	0	\N	\N	\N	44	\N	\N	\N	\N	\N	\N
43	2025-07-17 11:32:12.94+05:30	t	Levi Sanders (PEP48)'s Contract	2024-05-22	\N	monthly	monthly	40000	draft	30		t	t	0	\N	\N	\N	45	\N	\N	\N	\N	\N	\N
44	2025-07-17 11:32:12.954022+05:30	t	Penelope Scott (PEP49)'s Contract	2024-05-22	\N	monthly	monthly	40000	draft	30		t	t	0	\N	\N	\N	46	\N	\N	\N	\N	\N	\N
45	2025-07-17 11:32:12.967398+05:30	t	Carter Stewart (PEP50)'s Contract	2024-05-22	\N	monthly	monthly	40000	draft	30		t	t	0	\N	\N	\N	47	\N	\N	\N	\N	\N	\N
46	2025-07-17 11:32:12.980523+05:30	t	Victoria Turner (PEP53)'s Contract	2024-05-22	\N	monthly	monthly	40000	draft	30		t	t	0	\N	\N	\N	48	\N	\N	\N	\N	\N	\N
47	2025-07-17 11:32:12.993379+05:30	t	Zoey Watson (PEP55)'s Contract	2024-05-22	\N	monthly	monthly	40000	draft	30		t	t	0	\N	\N	\N	49	\N	\N	\N	\N	\N	\N
48	2025-07-17 11:32:13.007031+05:30	t	Nathaniel Wright (PEP56)'s Contract	2024-05-22	\N	monthly	monthly	40000	draft	30		t	t	0	\N	\N	\N	50	\N	\N	\N	\N	\N	\N
49	2025-07-17 11:32:13.02073+05:30	t	Hazel Adams (PEP57)'s Contract	2024-05-22	\N	monthly	monthly	40000	draft	30		t	t	0	\N	\N	\N	51	\N	\N	\N	\N	\N	\N
50	2025-07-17 11:32:13.034091+05:30	t	Julian Barnes (PEP58)'s Contract	2024-05-22	\N	monthly	monthly	40000	draft	30		t	t	0	\N	\N	\N	52	\N	\N	\N	\N	\N	\N
51	2025-07-17 11:32:13.046654+05:30	t	Stella Bell (PEP59)'s Contract	2024-05-22	\N	monthly	monthly	40000	draft	30		t	t	0	\N	\N	\N	53	\N	\N	\N	\N	\N	\N
52	2025-07-17 11:32:13.060048+05:30	t	Ryan Bennett (PEP60)'s Contract	2024-05-22	\N	monthly	monthly	40000	draft	30		t	t	0	\N	\N	\N	54	\N	\N	\N	\N	\N	\N
53	2025-07-17 11:32:13.073757+05:30	t	Hannah Brooks (PEP61)'s Contract	2024-05-22	\N	monthly	monthly	40000	draft	30		t	t	0	\N	\N	\N	55	\N	\N	\N	\N	\N	\N
54	2025-07-17 11:32:13.087472+05:30	t	Hunter Butler (PEP62)'s Contract	2024-05-22	\N	monthly	monthly	12000	draft	30		t	t	0	\N	\N	\N	56	\N	\N	\N	\N	\N	\N
55	2025-07-17 11:32:13.100613+05:30	t	Ruby Cook (PEP63)'s Contract	2024-05-22	\N	monthly	monthly	12000	draft	30		t	t	0	\N	\N	\N	57	\N	\N	\N	\N	\N	\N
56	2025-07-17 11:32:13.113379+05:30	t	Elijah Cox (PEP64)'s Contract	2024-05-22	\N	monthly	monthly	12000	draft	30		t	t	0	\N	\N	\N	58	\N	\N	\N	\N	\N	\N
57	2025-07-17 11:32:13.126632+05:30	t	Lucy Cruz (PEP65)'s Contract	2024-05-22	\N	monthly	monthly	12000	draft	30		t	t	0	\N	\N	\N	59	\N	\N	\N	\N	\N	\N
58	2025-07-17 11:32:13.140312+05:30	t	Joseph Diaz (PEP66)'s Contract	2024-05-22	\N	monthly	monthly	12000	draft	30		t	t	0	\N	\N	\N	60	\N	\N	\N	\N	\N	\N
59	2025-07-17 11:32:13.154335+05:30	t	Sadie Ellis (PEP67)'s Contract	2024-05-22	\N	monthly	monthly	12000	draft	30		t	t	0	\N	\N	\N	61	\N	\N	\N	\N	\N	\N
60	2025-07-17 11:32:13.167968+05:30	t	Caleb Fisher (PEP68)'s Contract	2024-05-22	\N	monthly	monthly	12000	draft	30		t	t	0	\N	\N	\N	62	\N	\N	\N	\N	\N	\N
61	2025-07-17 11:32:13.180781+05:30	t	Alice Foster (PEP69)'s Contract	2024-05-22	\N	monthly	monthly	12000	draft	30		t	t	0	\N	\N	\N	63	\N	\N	\N	\N	\N	\N
62	2025-07-17 11:32:13.193634+05:30	t	Nicholas George (PEP70)'s Contract	2024-05-22	\N	monthly	monthly	12000	draft	30		t	t	0	\N	\N	\N	64	\N	\N	\N	\N	\N	\N
63	2025-07-17 11:32:13.208578+05:30	t	Layla Gonzales (PEP71)'s Contract	2024-05-22	\N	monthly	monthly	12000	draft	30		t	t	0	\N	\N	\N	65	\N	\N	\N	\N	\N	\N
64	2025-07-17 11:32:13.224389+05:30	t	Jonathan Gray (PEP72)'s Contract	2024-05-22	\N	monthly	monthly	12000	draft	30		t	t	0	\N	\N	\N	66	\N	\N	\N	\N	\N	\N
65	2025-07-17 11:32:13.239543+05:30	t	Violet Griffin (PEP73)'s Contract	2024-05-22	\N	monthly	monthly	12000	draft	30		t	t	0	\N	\N	\N	67	\N	\N	\N	\N	\N	\N
66	2025-07-17 11:32:13.255267+05:30	t	Andrew Hayes (PEP74)'s Contract	2024-05-22	\N	monthly	monthly	18000	draft	30		t	t	0	\N	\N	\N	68	\N	\N	\N	\N	\N	\N
67	2025-07-17 11:32:13.270052+05:30	t	Sofia Howard (PEP75)'s Contract	2024-05-22	\N	monthly	monthly	18000	draft	30		t	t	0	\N	\N	\N	69	\N	\N	\N	\N	\N	\N
68	2025-07-17 11:32:13.285457+05:30	t	James Davis (PEP04)'s Contract	2024-01-01	\N	monthly	monthly	18000	draft	30		t	t	0	\N	\N	\N	70	\N	\N	\N	\N	\N	\N
69	2025-07-17 11:32:13.29987+05:30	t	Daniel Foster (PEP06)'s Contract	2024-01-01	\N	monthly	monthly	18000	draft	30		t	t	0	\N	\N	\N	71	\N	\N	\N	\N	\N	\N
70	2025-07-17 11:32:13.314333+05:30	t	Olivia Green (PEP07)'s Contract	2024-01-01	\N	monthly	monthly	18000	draft	30		t	t	0	\N	\N	\N	72	\N	\N	\N	\N	\N	\N
71	2025-07-17 11:32:13.32822+05:30	t	Sophia Johnson (PEP09)'s Contract	2024-01-01	\N	monthly	monthly	18000	draft	30		t	t	0	\N	\N	\N	73	\N	\N	\N	\N	\N	\N
72	2025-07-17 11:32:13.343248+05:30	t	Riley Taylor (PEP51)'s Contract	2024-05-22	\N	monthly	monthly	18000	draft	30		t	t	0	\N	\N	\N	74	\N	\N	\N	\N	\N	\N
73	2025-07-17 11:32:13.356924+05:30	t	Isaac Torres (PEP52)'s Contract	2024-05-22	\N	monthly	monthly	18000	draft	30		t	t	0	\N	\N	\N	75	\N	\N	\N	\N	\N	\N
74	2025-07-17 11:32:13.370603+05:30	t	Dylan Ward (PEP54)'s Contract	2024-05-22	\N	monthly	monthly	18000	draft	30		t	t	0	\N	\N	\N	76	\N	\N	\N	\N	\N	\N
76	2025-07-17 11:32:13.395446+05:30	t	Angel Sanor (PEP118)'s Contract	2025-07-17	\N	monthly	monthly	18000	draft	30		t	t	0	\N	\N	\N	119	\N	\N	\N	\N	\N	\N
77	2025-07-17 11:32:13.408913+05:30	t	Angelyn Vong (PEP102)'s Contract	2025-07-17	\N	monthly	monthly	18000	draft	30		t	t	0	\N	\N	\N	103	\N	\N	\N	\N	\N	\N
78	2025-07-17 11:32:13.422567+05:30	t	Arcelia Bouska (PEP86)'s Contract	2025-07-17	\N	monthly	monthly	18000	draft	30		t	t	0	\N	\N	\N	87	\N	\N	\N	\N	\N	\N
79	2025-07-17 11:32:13.436488+05:30	t	Belinda Partain (PEP96)'s Contract	2025-07-17	\N	monthly	monthly	27000	draft	30		t	t	0	\N	\N	\N	97	\N	\N	\N	\N	\N	\N
80	2025-07-17 11:32:13.449453+05:30	t	Carla Trumbull (PEP105)'s Contract	2025-07-17	\N	monthly	monthly	27000	draft	30		t	t	0	\N	\N	\N	106	\N	\N	\N	\N	\N	\N
81	2025-07-17 11:32:13.462137+05:30	t	Chase Karner (PEP115)'s Contract	2025-07-17	\N	monthly	monthly	27000	draft	30		t	t	0	\N	\N	\N	116	\N	\N	\N	\N	\N	\N
82	2025-07-17 11:32:13.476015+05:30	t	Demetria Abbey (PEP123)'s Contract	2025-07-17	\N	monthly	monthly	27000	draft	30		t	t	0	\N	\N	\N	124	\N	\N	\N	\N	\N	\N
83	2025-07-17 11:32:13.490434+05:30	t	Dewitt Borger (PEP110)'s Contract	2025-07-17	\N	monthly	monthly	27000	draft	30		t	t	0	\N	\N	\N	111	\N	\N	\N	\N	\N	\N
84	2025-07-17 11:32:13.504337+05:30	t	Dorcas Darity (PEP117)'s Contract	2025-07-17	\N	monthly	monthly	27000	draft	30		t	t	0	\N	\N	\N	118	\N	\N	\N	\N	\N	\N
85	2025-07-17 11:32:13.517999+05:30	t	Dulce Abril (PEP76)'s Contract	2025-07-17	\N	monthly	monthly	27000	draft	30		t	t	0	\N	\N	\N	77	\N	\N	\N	\N	\N	\N
86	2025-07-17 11:32:13.530521+05:30	t	Earlean Melgar (PEP83)'s Contract	2025-07-17	\N	monthly	monthly	27000	draft	30		t	t	0	\N	\N	\N	84	\N	\N	\N	\N	\N	\N
87	2025-07-17 11:32:13.544144+05:30	t	Etta Hurn (PEP82)'s Contract	2025-07-17	\N	monthly	monthly	27000	draft	30		t	t	0	\N	\N	\N	83	\N	\N	\N	\N	\N	\N
88	2025-07-17 11:32:13.5581+05:30	t	Fallon Winward (PEP85)'s Contract	2025-07-17	\N	monthly	monthly	27000	draft	30		t	t	0	\N	\N	\N	86	\N	\N	\N	\N	\N	\N
89	2025-07-17 11:32:13.571869+05:30	t	Felisa Cail (PEP122)'s Contract	2025-07-17	\N	monthly	monthly	27000	draft	30		t	t	0	\N	\N	\N	123	\N	\N	\N	\N	\N	\N
90	2025-07-17 11:32:13.585182+05:30	t	Francesca Beaudreau (PEP103)'s Contract	2025-07-17	\N	monthly	monthly	27000	draft	30		t	t	0	\N	\N	\N	104	\N	\N	\N	\N	\N	\N
91	2025-07-17 11:32:13.598331+05:30	t	Franklyn Unknow (PEP87)'s Contract	2025-07-17	\N	monthly	monthly	37000	draft	30		t	t	0	\N	\N	\N	88	\N	\N	\N	\N	\N	\N
92	2025-07-17 11:32:13.611721+05:30	t	Garth Gangi (PEP104)'s Contract	2025-07-17	\N	monthly	monthly	37000	draft	30		t	t	0	\N	\N	\N	105	\N	\N	\N	\N	\N	\N
93	2025-07-17 11:32:13.626087+05:30	t	Gaston Brumm (PEP81)'s Contract	2025-07-17	\N	monthly	monthly	37000	draft	30		t	t	0	\N	\N	\N	82	\N	\N	\N	\N	\N	\N
94	2025-07-17 11:32:13.640603+05:30	t	Holly Eudy (PEP97)'s Contract	2025-07-17	\N	monthly	monthly	37000	draft	30		t	t	0	\N	\N	\N	98	\N	\N	\N	\N	\N	\N
95	2025-07-17 11:32:13.654398+05:30	t	Jeromy Danz (PEP124)'s Contract	2025-07-17	\N	monthly	monthly	37000	draft	30		t	t	0	\N	\N	\N	125	\N	\N	\N	\N	\N	\N
96	2025-07-17 11:32:13.667666+05:30	t	Jona Grindle (PEP108)'s Contract	2025-07-17	\N	monthly	monthly	37000	draft	30		t	t	0	\N	\N	\N	109	\N	\N	\N	\N	\N	\N
97	2025-07-17 11:32:13.680139+05:30	t	Judie Claywell (PEP109)'s Contract	2025-07-17	\N	monthly	monthly	37000	draft	30		t	t	0	\N	\N	\N	110	\N	\N	\N	\N	\N	\N
98	2025-07-17 11:32:13.693903+05:30	t	Kathleen Hanner (PEP79)'s Contract	2025-07-17	\N	monthly	monthly	37000	draft	30		t	t	0	\N	\N	\N	80	\N	\N	\N	\N	\N	\N
99	2025-07-17 11:32:13.707579+05:30	t	Kelsie Wachtel (PEP112)'s Contract	2025-07-17	\N	monthly	monthly	37000	draft	30		t	t	0	\N	\N	\N	113	\N	\N	\N	\N	\N	\N
100	2025-07-17 11:32:13.721075+05:30	t	Kina Hazelton (PEP90)'s Contract	2025-07-17	\N	monthly	monthly	37000	draft	30		t	t	0	\N	\N	\N	91	\N	\N	\N	\N	\N	\N
101	2025-07-17 11:32:13.73496+05:30	t	Lauralee Perrine (PEP93)'s Contract	2025-07-17	\N	monthly	monthly	37000	draft	30		t	t	0	\N	\N	\N	94	\N	\N	\N	\N	\N	\N
102	2025-07-17 11:32:13.747777+05:30	t	Lester Prothro (PEP100)'s Contract	2025-07-17	\N	monthly	monthly	50000	draft	30		t	t	0	\N	\N	\N	101	\N	\N	\N	\N	\N	\N
103	2025-07-17 11:32:13.761137+05:30	t	Libbie Dalby (PEP99)'s Contract	2025-07-17	\N	monthly	monthly	50000	draft	30		t	t	0	\N	\N	\N	100	\N	\N	\N	\N	\N	\N
104	2025-07-17 11:32:13.775215+05:30	t	Loreta Curren (PEP94)'s Contract	2025-07-17	\N	monthly	monthly	38000	draft	30		t	t	0	\N	\N	\N	95	\N	\N	\N	\N	\N	\N
105	2025-07-17 11:32:13.789236+05:30	t	Many Cuccia (PEP98)'s Contract	2025-07-17	\N	monthly	monthly	38000	draft	30		t	t	0	\N	\N	\N	99	\N	\N	\N	\N	\N	\N
106	2025-07-17 11:32:13.802146+05:30	t	Mara Hashimoto (PEP77)'s Contract	2025-07-17	\N	monthly	monthly	38000	draft	30		t	t	0	\N	\N	\N	78	\N	\N	\N	\N	\N	\N
107	2025-07-17 11:32:13.814674+05:30	t	Marcel Zabriskie (PEP89)'s Contract	2025-07-17	\N	monthly	monthly	38000	draft	30		t	t	0	\N	\N	\N	90	\N	\N	\N	\N	\N	\N
108	2025-07-17 11:32:13.828494+05:30	t	Marvel Hail (PEP101)'s Contract	2025-07-17	\N	monthly	monthly	38000	draft	30		t	t	0	\N	\N	\N	102	\N	\N	\N	\N	\N	\N
109	2025-07-17 11:32:13.842656+05:30	t	Nena Hacker (PEP111)'s Contract	2025-07-17	\N	monthly	monthly	38000	draft	30		t	t	0	\N	\N	\N	112	\N	\N	\N	\N	\N	\N
110	2025-07-17 11:32:13.855979+05:30	t	Nereida Magwood (PEP80)'s Contract	2025-07-17	\N	monthly	monthly	38000	draft	30		t	t	0	\N	\N	\N	81	\N	\N	\N	\N	\N	\N
111	2025-07-17 11:32:13.869683+05:30	t	Philip Gent (PEP78)'s Contract	2025-07-17	\N	monthly	monthly	38000	draft	30		t	t	0	\N	\N	\N	79	\N	\N	\N	\N	\N	\N
112	2025-07-17 11:32:13.882605+05:30	t	Rasheeda Alkire (PEP125)'s Contract	2025-07-17	\N	monthly	monthly	38000	draft	30		t	t	0	\N	\N	\N	126	\N	\N	\N	\N	\N	\N
113	2025-07-17 11:32:13.895562+05:30	t	Roma Lafollette (PEP121)'s Contract	2025-07-17	\N	monthly	monthly	38000	draft	30		t	t	0	\N	\N	\N	122	\N	\N	\N	\N	\N	\N
114	2025-07-17 11:32:13.909747+05:30	t	Sau Pfau (PEP113)'s Contract	2025-07-17	\N	monthly	monthly	38000	draft	30		t	t	0	\N	\N	\N	114	\N	\N	\N	\N	\N	\N
115	2025-07-17 11:32:13.92399+05:30	t	Shanice Mccrystal (PEP114)'s Contract	2025-07-17	\N	monthly	monthly	28000	draft	30		t	t	0	\N	\N	\N	115	\N	\N	\N	\N	\N	\N
116	2025-07-17 11:32:13.93813+05:30	t	Shavon Benito (PEP92)'s Contract	2025-07-17	\N	monthly	monthly	28000	draft	30		t	t	0	\N	\N	\N	93	\N	\N	\N	\N	\N	\N
117	2025-07-17 11:32:13.95106+05:30	t	Shavonne Pia (PEP91)'s Contract	2025-07-17	\N	monthly	monthly	28000	draft	30		t	t	0	\N	\N	\N	92	\N	\N	\N	\N	\N	\N
118	2025-07-17 11:32:13.964199+05:30	t	Sherron Ascencio (PEP88)'s Contract	2025-07-17	\N	monthly	monthly	28000	draft	30		t	t	0	\N	\N	\N	89	\N	\N	\N	\N	\N	\N
119	2025-07-17 11:32:13.977808+05:30	t	Stasia Becker (PEP107)'s Contract	2025-07-17	\N	monthly	monthly	28000	draft	30		t	t	0	\N	\N	\N	108	\N	\N	\N	\N	\N	\N
120	2025-07-17 11:32:13.991868+05:30	t	Teresa Strawn (PEP95)'s Contract	2025-07-17	\N	monthly	monthly	28000	draft	30		t	t	0	\N	\N	\N	96	\N	\N	\N	\N	\N	\N
121	2025-07-17 11:32:14.00559+05:30	t	Tommie Underdahl (PEP116)'s Contract	2025-07-17	\N	monthly	monthly	28000	draft	30		t	t	0	\N	\N	\N	117	\N	\N	\N	\N	\N	\N
122	2025-07-17 11:32:14.019529+05:30	t	Veta Muntz (PEP106)'s Contract	2025-07-17	\N	monthly	monthly	28000	draft	30		t	t	0	\N	\N	\N	107	\N	\N	\N	\N	\N	\N
123	2025-07-17 11:32:14.032894+05:30	t	Vincenza Weiland (PEP84)'s Contract	2025-07-17	\N	monthly	monthly	28000	draft	30		t	t	0	\N	\N	\N	85	\N	\N	\N	\N	\N	\N
124	2025-07-17 11:32:14.046167+05:30	t	Weston Martina (PEP120)'s Contract	2025-07-17	\N	monthly	monthly	28000	draft	30		t	t	0	\N	\N	\N	121	\N	\N	\N	\N	\N	\N
125	2025-07-17 11:32:14.060084+05:30	t	Willodean Harn (PEP119)'s Contract	2025-07-17	\N	monthly	monthly	28000	draft	30		t	t	0	\N	\N	\N	120	\N	\N	\N	\N	\N	\N
1	2025-07-17 11:32:12.362757+05:30	t	Michael Brown (PEP01)'s Contract	2024-01-01	\N	monthly	monthly	28000	active	30		t	t	0		\N	1	2	\N	1	1	1	1	1
126	2025-07-17 13:37:53.131171+05:30	t	Aashutosh Kumar (PEP0002)'s Contract	2025-07-17	\N	monthly	monthly	0	active	30		t	t	0		1	2	127	\N	3	3	1	2	2
127	2025-07-21 16:28:24.472873+05:30	t	Lucas Rogers  's Contract	2025-07-21	\N	monthly	monthly	0	draft	30		t	t	0	\N	1	\N	128	\N	\N	\N	1	\N	\N
128	2025-07-22 13:04:16.734849+05:30	t	Sayan Deb (PEP0003)'s Contract	2025-07-22	\N	monthly	monthly	0	draft	30		t	t	0	\N	1	\N	129	\N	\N	\N	1	\N	\N
129	2025-07-22 13:06:35.547418+05:30	t	Rakhi B (PEP0004)'s Contract	2025-07-22	\N	monthly	monthly	0	draft	30		t	t	0	\N	1	\N	130	\N	\N	\N	1	\N	\N
130	2025-07-22 13:13:42.586983+05:30	t	Sumit S (PEP0005)'s Contract	2025-07-22	\N	monthly	monthly	0	draft	30		t	t	0	\N	1	\N	131	\N	\N	\N	1	\N	\N
131	2025-07-23 11:44:32.283426+05:30	t	new one (PEP0006)'s Contract	2025-07-23	\N	monthly	monthly	0	draft	30		t	t	0	\N	1	\N	132	\N	\N	\N	1	\N	\N
132	2025-07-24 15:57:45.02382+05:30	t	Liam Bennett  's Contract	2025-07-24	\N	monthly	monthly	0	draft	30		t	t	0	\N	1	\N	133	\N	\N	\N	1	\N	\N
75	2025-07-17 11:32:13.383756+05:30	t	Super Admin's Contract	2024-05-22	\N	monthly	monthly	18000	active	30		t	t	0		\N	1	1	\N	15	19	1	1	1
133	2025-07-29 17:49:21.140955+05:30	t	Anil Sharma  's Contract	2025-07-29	\N	monthly	monthly	0	draft	30		t	t	0	\N	1	\N	134	\N	\N	\N	1	\N	\N
\.


--
-- Data for Name: payroll_deduction; Type: TABLE DATA; Schema: public; Owner: horilla
--

COPY public.payroll_deduction (id, created_at, is_active, title, one_time_date, include_active_employees, is_tax, is_pretax, is_condition_based, field, condition, value, update_compensation, is_fixed, amount, based_on, rate, employer_rate, has_max_limit, maximum_amount, maximum_unit, if_choice, if_condition, if_amount, start_range, end_range, only_show_under_employee, is_installment, company_id_id, created_by_id, modified_by_id) FROM stdin;
1	2025-06-21 14:08:13.177+05:30	t	Provident Fund (PF)	\N	t	f	t	f	\N	\N	\N	\N	f	\N	basic_pay	12	0	f	\N	month_working_days	basic_pay	gt	0	\N	\N	f	f	\N	1	1
2	2025-06-21 14:08:56.869+05:30	t	Professional Tax	\N	t	f	t	f	\N	\N	\N	\N	f	\N	basic_pay	2	0	f	\N	month_working_days	basic_pay	gt	23000	\N	\N	f	f	\N	1	1
3	2025-06-21 14:09:35.476+05:30	t	ESI	\N	t	f	t	f	\N	\N	\N	\N	f	\N	basic_pay	0.75	2.25	f	\N	month_working_days	basic_pay	lt	21000	\N	\N	f	f	\N	1	1
4	2025-06-21 14:10:56.257+05:30	t	Emergency Loan - 2025-06-01	2025-06-01	f	f	t	f	\N	\N	\N	\N	t	3000	\N	0	0	f	\N	month_working_days	basic_pay	gt	0	\N	\N	t	t	\N	1	1
5	2025-06-21 14:10:56.311+05:30	t	Emergency Loan - 2025-06-01	2025-06-01	f	f	t	f	\N	\N	\N	\N	t	3000	\N	0	0	f	\N	month_working_days	basic_pay	gt	0	\N	\N	t	t	\N	1	1
6	2025-06-21 14:10:56.359+05:30	t	Emergency Loan - 2025-06-01	2025-06-01	f	f	t	f	\N	\N	\N	\N	t	3000	\N	0	0	f	\N	month_working_days	basic_pay	gt	0	\N	\N	t	t	\N	1	1
7	2025-06-21 14:10:56.407+05:30	t	Emergency Loan - 2025-02-01	2025-02-01	f	f	t	f	\N	\N	\N	\N	t	3000	\N	0	0	f	\N	month_working_days	basic_pay	gt	0	\N	\N	t	t	\N	1	1
8	2025-06-21 14:10:56.455+05:30	t	Emergency Loan - 2025-06-01	2025-06-01	f	f	t	f	\N	\N	\N	\N	t	3000	\N	0	0	f	\N	month_working_days	basic_pay	gt	0	\N	\N	t	t	\N	1	1
9	2025-06-21 14:10:56.506+05:30	t	Emergency Loan - 2025-04-01	2025-04-01	f	f	t	f	\N	\N	\N	\N	t	3000	\N	0	0	f	\N	month_working_days	basic_pay	gt	0	\N	\N	t	t	\N	1	1
10	2025-06-21 14:10:56.557+05:30	t	Emergency Loan - 2025-05-01	2025-05-01	f	f	t	f	\N	\N	\N	\N	t	3000	\N	0	0	f	\N	month_working_days	basic_pay	gt	0	\N	\N	t	t	\N	1	1
11	2025-06-21 14:10:56.608+05:30	t	Emergency Loan - 2025-06-01	2025-06-01	f	f	t	f	\N	\N	\N	\N	t	3000	\N	0	0	f	\N	month_working_days	basic_pay	gt	0	\N	\N	t	t	\N	1	1
12	2025-06-21 14:10:56.657+05:30	t	Emergency Loan - 2025-07-01	2025-07-01	f	f	t	f	\N	\N	\N	\N	t	3000	\N	0	0	f	\N	month_working_days	basic_pay	gt	0	\N	\N	t	t	\N	1	1
13	2025-06-21 14:10:56.708+05:30	t	Emergency Loan - 2025-08-01	2025-08-01	f	f	t	f	\N	\N	\N	\N	t	3000	\N	0	0	f	\N	month_working_days	basic_pay	gt	0	\N	\N	t	t	\N	1	1
14	2025-06-21 14:10:56.758+05:30	t	Emergency Loan - 2025-12-01	2025-12-01	f	f	t	f	\N	\N	\N	\N	t	3000	\N	0	0	f	\N	month_working_days	basic_pay	gt	0	\N	\N	t	t	\N	1	1
15	2025-06-21 14:10:56.822+05:30	t	Emergency Loan - 2025-10-01	2025-10-01	f	f	t	f	\N	\N	\N	\N	t	3000	\N	0	0	f	\N	month_working_days	basic_pay	gt	0	\N	\N	t	t	\N	1	1
16	2025-06-21 14:10:56.903+05:30	t	Emergency Loan - 2025-12-01	2025-12-01	f	f	t	f	\N	\N	\N	\N	t	3000	\N	0	0	f	\N	month_working_days	basic_pay	gt	0	\N	\N	t	t	\N	1	1
17	2025-06-21 14:10:56.97+05:30	t	Emergency Loan - 2025-12-01	2025-12-01	f	f	t	f	\N	\N	\N	\N	t	3000	\N	0	0	f	\N	month_working_days	basic_pay	gt	0	\N	\N	t	t	\N	1	1
18	2025-06-21 14:10:57.023+05:30	t	Emergency Loan - 2026-01-01	2026-01-01	f	f	t	f	\N	\N	\N	\N	t	3000	\N	0	0	f	\N	month_working_days	basic_pay	gt	0	\N	\N	t	t	\N	1	1
19	2025-06-21 14:10:57.089+05:30	t	Emergency Loan - 2026-02-01	2026-02-01	f	f	t	f	\N	\N	\N	\N	t	3000	\N	0	0	f	\N	month_working_days	basic_pay	gt	0	\N	\N	t	t	\N	1	1
20	2025-06-21 14:10:57.139+05:30	t	Emergency Loan - 2026-03-01	2026-03-01	f	f	t	f	\N	\N	\N	\N	t	3000	\N	0	0	f	\N	month_working_days	basic_pay	gt	0	\N	\N	t	t	\N	1	1
21	2025-06-21 14:10:57.185+05:30	t	Emergency Loan - 2026-04-01	2026-04-01	f	f	t	f	\N	\N	\N	\N	t	3000	\N	0	0	f	\N	month_working_days	basic_pay	gt	0	\N	\N	t	t	\N	1	1
22	2025-07-17 11:32:18.830472+05:30	t	Medical Loan - 2025-01-01	2025-01-01	f	f	t	f	\N	\N	\N	\N	t	5000	\N	0	0	f	\N	month_working_days	basic_pay	gt	0	\N	\N	t	t	\N	\N	\N
23	2025-07-17 11:32:18.840936+05:30	t	Medical Loan - 2025-02-01	2025-02-01	f	f	t	f	\N	\N	\N	\N	t	5000	\N	0	0	f	\N	month_working_days	basic_pay	gt	0	\N	\N	t	t	\N	\N	\N
24	2025-07-17 11:32:18.849377+05:30	t	Medical Loan - 2025-03-01	2025-03-01	f	f	t	f	\N	\N	\N	\N	t	5000	\N	0	0	f	\N	month_working_days	basic_pay	gt	0	\N	\N	t	t	\N	\N	\N
25	2025-07-17 11:32:18.858479+05:30	t	Medical Loan - 2025-04-01	2025-04-01	f	f	t	f	\N	\N	\N	\N	t	5000	\N	0	0	f	\N	month_working_days	basic_pay	gt	0	\N	\N	t	t	\N	\N	\N
26	2025-07-17 11:32:18.866848+05:30	t	Medical Loan - 2025-05-01	2025-05-01	f	f	t	f	\N	\N	\N	\N	t	5000	\N	0	0	f	\N	month_working_days	basic_pay	gt	0	\N	\N	t	t	\N	\N	\N
27	2025-07-17 11:32:18.875526+05:30	t	Medical Loan - 2025-06-01	2025-06-01	f	f	t	f	\N	\N	\N	\N	t	5000	\N	0	0	f	\N	month_working_days	basic_pay	gt	0	\N	\N	t	t	\N	\N	\N
28	2025-07-17 11:32:18.884067+05:30	t	Medical Loan - 2025-07-01	2025-07-01	f	f	t	f	\N	\N	\N	\N	t	5000	\N	0	0	f	\N	month_working_days	basic_pay	gt	0	\N	\N	t	t	\N	\N	\N
29	2025-07-17 11:32:18.892996+05:30	t	Medical Loan - 2025-08-01	2025-08-01	f	f	t	f	\N	\N	\N	\N	t	5000	\N	0	0	f	\N	month_working_days	basic_pay	gt	0	\N	\N	t	t	\N	\N	\N
30	2025-07-17 11:32:18.901339+05:30	t	Medical Loan - 2025-09-01	2025-09-01	f	f	t	f	\N	\N	\N	\N	t	5000	\N	0	0	f	\N	month_working_days	basic_pay	gt	0	\N	\N	t	t	\N	\N	\N
31	2025-07-17 11:32:18.909609+05:30	t	Medical Loan - 2025-10-01	2025-10-01	f	f	t	f	\N	\N	\N	\N	t	5000	\N	0	0	f	\N	month_working_days	basic_pay	gt	0	\N	\N	t	t	\N	\N	\N
32	2025-07-17 11:32:18.918002+05:30	t	Medical Loan - 2025-11-01	2025-11-01	f	f	t	f	\N	\N	\N	\N	t	5000	\N	0	0	f	\N	month_working_days	basic_pay	gt	0	\N	\N	t	t	\N	\N	\N
33	2025-07-17 11:32:18.926412+05:30	t	Medical Loan - 2025-12-01	2025-12-01	f	f	t	f	\N	\N	\N	\N	t	5000	\N	0	0	f	\N	month_working_days	basic_pay	gt	0	\N	\N	t	t	\N	\N	\N
34	2025-07-18 17:56:37.712938+05:30	t	Leave penalty 2025-07-29	2025-07-29	f	f	t	f	\N	\N	\N	\N	t	100	\N	0	0	f	\N	month_working_days	basic_pay	gt	0	\N	\N	t	f	4	129	129
35	2025-07-18 17:56:38.836596+05:30	t	Leave penalty 2025-07-29	2025-07-29	f	f	t	f	\N	\N	\N	\N	t	100	\N	0	0	f	\N	month_working_days	basic_pay	gt	0	\N	\N	t	f	4	129	129
36	2025-07-18 17:58:11.003777+05:30	t	Leave penalty 2025-08-27	2025-08-27	f	f	t	f	\N	\N	\N	\N	t	100	\N	0	0	f	\N	month_working_days	basic_pay	gt	0	\N	\N	t	f	4	129	129
\.


--
-- Data for Name: payroll_deduction_exclude_employees; Type: TABLE DATA; Schema: public; Owner: horilla
--

COPY public.payroll_deduction_exclude_employees (id, deduction_id, employee_id) FROM stdin;
\.


--
-- Data for Name: payroll_deduction_other_conditions; Type: TABLE DATA; Schema: public; Owner: horilla
--

COPY public.payroll_deduction_other_conditions (id, deduction_id, multiplecondition_id) FROM stdin;
\.


--
-- Data for Name: payroll_deduction_specific_employees; Type: TABLE DATA; Schema: public; Owner: horilla
--

COPY public.payroll_deduction_specific_employees (id, deduction_id, employee_id) FROM stdin;
1	4	13
2	5	13
3	6	13
4	7	13
5	8	13
6	9	13
7	10	13
8	11	13
9	12	13
10	13	13
11	14	13
12	15	13
13	16	13
14	17	13
15	18	13
16	19	13
17	20	13
18	21	13
19	22	18
20	23	18
21	24	18
22	25	18
23	26	18
24	27	18
25	28	18
26	29	18
27	30	18
28	31	18
29	32	18
30	33	18
31	34	127
32	35	127
33	36	127
\.


--
-- Data for Name: payroll_encashmentgeneralsettings; Type: TABLE DATA; Schema: public; Owner: horilla
--

COPY public.payroll_encashmentgeneralsettings (id, bonus_amount, leave_amount) FROM stdin;
\.


--
-- Data for Name: payroll_filingstatus; Type: TABLE DATA; Schema: public; Owner: horilla
--

COPY public.payroll_filingstatus (id, created_at, is_active, filing_status, based_on, use_py, python_code, description, company_id_id, created_by_id, modified_by_id) FROM stdin;
1	2025-06-21 14:12:22.725+05:30	t	Single Filers	taxable_gross_pay	f	"""\nfederal_tax.py\n"""\n\nYEARLY_TAXABLE_INCOME = 189000.52\n\n\ndef calcluate_federal_tax(yearly_income: int, **kwargs) -> float:\n    """\n    Federal Tax calculation method\n\n    yearly_income: The early converted 'based on' amount\n\n    eg: yearly_income-> 189000 then taxable_amount-> 39312.0 (yearly)\n    """\n\n    def filter_brackets(brackets: list) -> list:\n        """\n        This method to filter out the actual brackets/brackets range\n        """\n        # brackets that contains actual bracket range, calculated_rate, and diff amount\n        filterd_brackets = []\n        for bracket in brackets:\n            if bracket["max"] > bracket["min"]:\n\n                # bracket: {'rate': 12, 'min': 11000, 'max': 44725}\n\n                # finding diff amount and adding to the bracket\n                bracket["diff"] = bracket["max"] - bracket["min"]\n                # find bracket rate from the difference and adding to bracket\n                bracket["calculated_rate"] = (bracket["rate"] / 100) * bracket["diff"]\n\n                # bracket: {'rate': 12, 'min': 11000, 'max': 44725, 'diff': 33725, 'calculated_rate': 4047.0}\n\n                filterd_brackets.append(bracket)\n                continue\n            # returning valid filtered brackets\n            return filterd_brackets\n        # returning valid filtered brackets\n        return filterd_brackets\n\n    # filter_brackets method/function will sort out the brackets\n\n    # for example for the 189000 yearly income come in the 32% group,\n    # so the final the max considered as min(231250,189000) which is 189000\n    brackets = [\n        {"rate": 10, "min": 0, "max": min(11000, yearly_income)},\n        {"rate": 12, "min": 11000, "max": min(44725, yearly_income)},\n        {"rate": 22, "min": 44725, "max": min(95375, yearly_income)},\n        {"rate": 24, "min": 95375, "max": min(182100, yearly_income)},\n        {"rate": 32, "min": 182100, "max": min(231250, yearly_income)},\n        {"rate": 35, "min": 231250, "max": min(578125, yearly_income)},\n        {"rate": 37, "min": 578125, "max": max(578125, yearly_income)},\n    ]\n\n    # filtering the brackets to actual range\n    brackets = filter_brackets(brackets=brackets)\n\n    # finding yearly taxable amount\n    taxable_amount = sum(bracket["calculated_rate"] for bracket in brackets)\n\n    """\n    use formated_result method to print the table\n    """\n    # formated_result(brackets=brackets, taxable_amount=taxable_amount)\n\n    # returning the taxable amount later on the yearly taxable amount-\n    # is converted to daily and calculate federal tax for the total days between the\n    # Payslip period\n    return taxable_amount\n\n\ndef formated_result(brackets: dict, taxable_amount: float) -> None:\n    """\n    It will print the brackets such a formated way\n    """\n    col_width = 7\n    print("----------------------Brackets----------------------")\n    print(\n        f"|{'Rate':<{col_width}}  |{'Min':<{col_width}} |{'Max':<{col_width}}  |{'Taxable':<{col_width}}  |{'Bracket Tax':<{col_width}} |"\n    )\n\n    for bracket in brackets:\n        print(\n            f"|{bracket['rate']:<{col_width}}% |{bracket['min']:<{col_width}} | {bracket['max']:<{col_width}} | {bracket['diff']:<{col_width}} | {round(bracket['calculated_rate'],2):<{col_width + 3}} |"\n        )\n\n    print(f"|             YEARLY TAXABLE INCOME    | {taxable_amount}    |")\n    print("----------------------------------------------------")\n\n\nmonth_taxable = calcluate_federal_tax(YEARLY_TAXABLE_INCOME)\nprint("YEARLY TAXABLE AMOUNT", month_taxable)		\N	1	1
2	2025-06-21 14:12:28.019+05:30	t	Married Filing Separately(MFS)	taxable_gross_pay	f	"""\nfederal_tax.py\n"""\n\nYEARLY_TAXABLE_INCOME = 189000.52\n\n\ndef calcluate_federal_tax(yearly_income: int, **kwargs) -> float:\n    """\n    Federal Tax calculation method\n\n    yearly_income: The early converted 'based on' amount\n\n    eg: yearly_income-> 189000 then taxable_amount-> 39312.0 (yearly)\n    """\n\n    def filter_brackets(brackets: list) -> list:\n        """\n        This method to filter out the actual brackets/brackets range\n        """\n        # brackets that contains actual bracket range, calculated_rate, and diff amount\n        filterd_brackets = []\n        for bracket in brackets:\n            if bracket["max"] > bracket["min"]:\n\n                # bracket: {'rate': 12, 'min': 11000, 'max': 44725}\n\n                # finding diff amount and adding to the bracket\n                bracket["diff"] = bracket["max"] - bracket["min"]\n                # find bracket rate from the difference and adding to bracket\n                bracket["calculated_rate"] = (bracket["rate"] / 100) * bracket["diff"]\n\n                # bracket: {'rate': 12, 'min': 11000, 'max': 44725, 'diff': 33725, 'calculated_rate': 4047.0}\n\n                filterd_brackets.append(bracket)\n                continue\n            # returning valid filtered brackets\n            return filterd_brackets\n        # returning valid filtered brackets\n        return filterd_brackets\n\n    # filter_brackets method/function will sort out the brackets\n\n    # for example for the 189000 yearly income come in the 32% group,\n    # so the final the max considered as min(231250,189000) which is 189000\n    brackets = [\n        {"rate": 10, "min": 0, "max": min(11000, yearly_income)},\n        {"rate": 12, "min": 11000, "max": min(44725, yearly_income)},\n        {"rate": 22, "min": 44725, "max": min(95375, yearly_income)},\n        {"rate": 24, "min": 95375, "max": min(182100, yearly_income)},\n        {"rate": 32, "min": 182100, "max": min(231250, yearly_income)},\n        {"rate": 35, "min": 231250, "max": min(578125, yearly_income)},\n        {"rate": 37, "min": 578125, "max": max(578125, yearly_income)},\n    ]\n\n    # filtering the brackets to actual range\n    brackets = filter_brackets(brackets=brackets)\n\n    # finding yearly taxable amount\n    taxable_amount = sum(bracket["calculated_rate"] for bracket in brackets)\n\n    """\n    use formated_result method to print the table\n    """\n    # formated_result(brackets=brackets, taxable_amount=taxable_amount)\n\n    # returning the taxable amount later on the yearly taxable amount-\n    # is converted to daily and calculate federal tax for the total days between the\n    # Payslip period\n    return taxable_amount\n\n\ndef formated_result(brackets: dict, taxable_amount: float) -> None:\n    """\n    It will print the brackets such a formated way\n    """\n    col_width = 7\n    print("----------------------Brackets----------------------")\n    print(\n        f"|{'Rate':<{col_width}}  |{'Min':<{col_width}} |{'Max':<{col_width}}  |{'Taxable':<{col_width}}  |{'Bracket Tax':<{col_width}} |"\n    )\n\n    for bracket in brackets:\n        print(\n            f"|{bracket['rate']:<{col_width}}% |{bracket['min']:<{col_width}} | {bracket['max']:<{col_width}} | {bracket['diff']:<{col_width}} | {round(bracket['calculated_rate'],2):<{col_width + 3}} |"\n        )\n\n    print(f"|             YEARLY TAXABLE INCOME    | {taxable_amount}    |")\n    print("----------------------------------------------------")\n\n\nmonth_taxable = calcluate_federal_tax(YEARLY_TAXABLE_INCOME)\nprint("YEARLY TAXABLE AMOUNT", month_taxable)		\N	1	1
3	2025-06-21 14:12:34.764+05:30	t	Married Filing Jointly (MFJ)	taxable_gross_pay	f	"""\nfederal_tax.py\n"""\n\nYEARLY_TAXABLE_INCOME = 189000.52\n\n\ndef calcluate_federal_tax(yearly_income: int, **kwargs) -> float:\n    """\n    Federal Tax calculation method\n\n    yearly_income: The early converted 'based on' amount\n\n    eg: yearly_income-> 189000 then taxable_amount-> 39312.0 (yearly)\n    """\n\n    def filter_brackets(brackets: list) -> list:\n        """\n        This method to filter out the actual brackets/brackets range\n        """\n        # brackets that contains actual bracket range, calculated_rate, and diff amount\n        filterd_brackets = []\n        for bracket in brackets:\n            if bracket["max"] > bracket["min"]:\n\n                # bracket: {'rate': 12, 'min': 11000, 'max': 44725}\n\n                # finding diff amount and adding to the bracket\n                bracket["diff"] = bracket["max"] - bracket["min"]\n                # find bracket rate from the difference and adding to bracket\n                bracket["calculated_rate"] = (bracket["rate"] / 100) * bracket["diff"]\n\n                # bracket: {'rate': 12, 'min': 11000, 'max': 44725, 'diff': 33725, 'calculated_rate': 4047.0}\n\n                filterd_brackets.append(bracket)\n                continue\n            # returning valid filtered brackets\n            return filterd_brackets\n        # returning valid filtered brackets\n        return filterd_brackets\n\n    # filter_brackets method/function will sort out the brackets\n\n    # for example for the 189000 yearly income come in the 32% group,\n    # so the final the max considered as min(231250,189000) which is 189000\n    brackets = [\n        {"rate": 10, "min": 0, "max": min(11000, yearly_income)},\n        {"rate": 12, "min": 11000, "max": min(44725, yearly_income)},\n        {"rate": 22, "min": 44725, "max": min(95375, yearly_income)},\n        {"rate": 24, "min": 95375, "max": min(182100, yearly_income)},\n        {"rate": 32, "min": 182100, "max": min(231250, yearly_income)},\n        {"rate": 35, "min": 231250, "max": min(578125, yearly_income)},\n        {"rate": 37, "min": 578125, "max": max(578125, yearly_income)},\n    ]\n\n    # filtering the brackets to actual range\n    brackets = filter_brackets(brackets=brackets)\n\n    # finding yearly taxable amount\n    taxable_amount = sum(bracket["calculated_rate"] for bracket in brackets)\n\n    """\n    use formated_result method to print the table\n    """\n    # formated_result(brackets=brackets, taxable_amount=taxable_amount)\n\n    # returning the taxable amount later on the yearly taxable amount-\n    # is converted to daily and calculate federal tax for the total days between the\n    # Payslip period\n    return taxable_amount\n\n\ndef formated_result(brackets: dict, taxable_amount: float) -> None:\n    """\n    It will print the brackets such a formated way\n    """\n    col_width = 7\n    print("----------------------Brackets----------------------")\n    print(\n        f"|{'Rate':<{col_width}}  |{'Min':<{col_width}} |{'Max':<{col_width}}  |{'Taxable':<{col_width}}  |{'Bracket Tax':<{col_width}} |"\n    )\n\n    for bracket in brackets:\n        print(\n            f"|{bracket['rate']:<{col_width}}% |{bracket['min']:<{col_width}} | {bracket['max']:<{col_width}} | {bracket['diff']:<{col_width}} | {round(bracket['calculated_rate'],2):<{col_width + 3}} |"\n        )\n\n    print(f"|             YEARLY TAXABLE INCOME    | {taxable_amount}    |")\n    print("----------------------------------------------------")\n\n\nmonth_taxable = calcluate_federal_tax(YEARLY_TAXABLE_INCOME)\nprint("YEARLY TAXABLE AMOUNT", month_taxable)		\N	1	1
4	2025-06-21 14:12:40.096+05:30	t	Head of Household (HOH)	taxable_gross_pay	f	"""\nfederal_tax.py\n"""\n\nYEARLY_TAXABLE_INCOME = 189000.52\n\n\ndef calcluate_federal_tax(yearly_income: int, **kwargs) -> float:\n    """\n    Federal Tax calculation method\n\n    yearly_income: The early converted 'based on' amount\n\n    eg: yearly_income-> 189000 then taxable_amount-> 39312.0 (yearly)\n    """\n\n    def filter_brackets(brackets: list) -> list:\n        """\n        This method to filter out the actual brackets/brackets range\n        """\n        # brackets that contains actual bracket range, calculated_rate, and diff amount\n        filterd_brackets = []\n        for bracket in brackets:\n            if bracket["max"] > bracket["min"]:\n\n                # bracket: {'rate': 12, 'min': 11000, 'max': 44725}\n\n                # finding diff amount and adding to the bracket\n                bracket["diff"] = bracket["max"] - bracket["min"]\n                # find bracket rate from the difference and adding to bracket\n                bracket["calculated_rate"] = (bracket["rate"] / 100) * bracket["diff"]\n\n                # bracket: {'rate': 12, 'min': 11000, 'max': 44725, 'diff': 33725, 'calculated_rate': 4047.0}\n\n                filterd_brackets.append(bracket)\n                continue\n            # returning valid filtered brackets\n            return filterd_brackets\n        # returning valid filtered brackets\n        return filterd_brackets\n\n    # filter_brackets method/function will sort out the brackets\n\n    # for example for the 189000 yearly income come in the 32% group,\n    # so the final the max considered as min(231250,189000) which is 189000\n    brackets = [\n        {"rate": 10, "min": 0, "max": min(11000, yearly_income)},\n        {"rate": 12, "min": 11000, "max": min(44725, yearly_income)},\n        {"rate": 22, "min": 44725, "max": min(95375, yearly_income)},\n        {"rate": 24, "min": 95375, "max": min(182100, yearly_income)},\n        {"rate": 32, "min": 182100, "max": min(231250, yearly_income)},\n        {"rate": 35, "min": 231250, "max": min(578125, yearly_income)},\n        {"rate": 37, "min": 578125, "max": max(578125, yearly_income)},\n    ]\n\n    # filtering the brackets to actual range\n    brackets = filter_brackets(brackets=brackets)\n\n    # finding yearly taxable amount\n    taxable_amount = sum(bracket["calculated_rate"] for bracket in brackets)\n\n    """\n    use formated_result method to print the table\n    """\n    # formated_result(brackets=brackets, taxable_amount=taxable_amount)\n\n    # returning the taxable amount later on the yearly taxable amount-\n    # is converted to daily and calculate federal tax for the total days between the\n    # Payslip period\n    return taxable_amount\n\n\ndef formated_result(brackets: dict, taxable_amount: float) -> None:\n    """\n    It will print the brackets such a formated way\n    """\n    col_width = 7\n    print("----------------------Brackets----------------------")\n    print(\n        f"|{'Rate':<{col_width}}  |{'Min':<{col_width}} |{'Max':<{col_width}}  |{'Taxable':<{col_width}}  |{'Bracket Tax':<{col_width}} |"\n    )\n\n    for bracket in brackets:\n        print(\n            f"|{bracket['rate']:<{col_width}}% |{bracket['min']:<{col_width}} | {bracket['max']:<{col_width}} | {bracket['diff']:<{col_width}} | {round(bracket['calculated_rate'],2):<{col_width + 3}} |"\n        )\n\n    print(f"|             YEARLY TAXABLE INCOME    | {taxable_amount}    |")\n    print("----------------------------------------------------")\n\n\nmonth_taxable = calcluate_federal_tax(YEARLY_TAXABLE_INCOME)\nprint("YEARLY TAXABLE AMOUNT", month_taxable)		\N	1	1
\.


--
-- Data for Name: payroll_historicalcontract; Type: TABLE DATA; Schema: public; Owner: horilla
--

COPY public.payroll_historicalcontract (id, created_at, is_active, history_title, history_description, history_highlight, contract_name, contract_start_date, contract_end_date, wage_type, pay_frequency, wage, contract_status, notice_period_in_days, contract_document, deduct_leave_from_basic_pay, calculate_daily_leave_amount, deduction_for_one_leave_amount, note, history_id, history_date, history_change_reason, history_type, created_by_id, department_id, employee_id_id, filing_status_id, history_relation_id, history_user_id, job_position_id, job_role_id, modified_by_id, shift_id, work_type_id) FROM stdin;
1	2025-07-17 11:32:12.362757+05:30	t	\N	\N	f	Michael Brown (PEP01)'s Contract	2024-01-01	\N	monthly	monthly	28000	draft	30		t	t	0	\N	1	2025-07-17 11:32:12.363933+05:30	\N	+	\N	\N	2	\N	1	\N	\N	\N	\N	\N	\N
2	2025-07-17 11:32:12.383207+05:30	t	\N	\N	f	Sarah Anderson (PEP02)'s Contract	2024-01-01	\N	monthly	monthly	15000	draft	30		t	t	0	\N	2	2025-07-17 11:32:12.383631+05:30	\N	+	\N	\N	3	\N	2	\N	\N	\N	\N	\N	\N
3	2025-07-17 11:32:12.396463+05:30	t	\N	\N	f	Emily Clark (PEP03)'s Contract	2024-01-01	\N	monthly	monthly	15000	draft	30		t	t	0	\N	3	2025-07-17 11:32:12.39701+05:30	\N	+	\N	\N	4	\N	3	\N	\N	\N	\N	\N	\N
4	2025-07-17 11:32:12.408608+05:30	t	\N	\N	f	Jessica Evans (PEP05)'s Contract	2024-01-01	\N	monthly	monthly	15000	draft	30		t	t	0	\N	4	2025-07-17 11:32:12.409014+05:30	\N	+	\N	\N	5	\N	4	\N	\N	\N	\N	\N	\N
5	2025-07-17 11:32:12.4222+05:30	t	\N	\N	f	Matthew Harris (PEP08)'s Contract	2024-01-01	\N	monthly	monthly	15000	draft	30		t	t	0	\N	5	2025-07-17 11:32:12.422595+05:30	\N	+	\N	\N	6	\N	5	\N	\N	\N	\N	\N	\N
6	2025-07-17 11:32:12.435566+05:30	t	\N	\N	f	David King (PEP10)'s Contract	2024-01-01	\N	monthly	monthly	15000	draft	30		t	t	0	\N	6	2025-07-17 11:32:12.435952+05:30	\N	+	\N	\N	7	\N	6	\N	\N	\N	\N	\N	\N
7	2025-07-17 11:32:12.448799+05:30	t	\N	\N	f	Emma Lee (PEP11)'s Contract	2024-01-01	\N	monthly	monthly	15000	draft	30		t	t	0	\N	7	2025-07-17 11:32:12.44919+05:30	\N	+	\N	\N	8	\N	7	\N	\N	\N	\N	\N	\N
8	2025-07-17 11:32:12.461489+05:30	t	\N	\N	f	Christopher Miller (PEP12)'s Contract	2024-01-01	\N	monthly	monthly	15000	draft	30		t	t	0	\N	8	2025-07-17 11:32:12.461972+05:30	\N	+	\N	\N	9	\N	8	\N	\N	\N	\N	\N	\N
9	2025-07-17 11:32:12.474194+05:30	t	\N	\N	f	Mia Nelson (PEP13)'s Contract	2024-02-01	\N	monthly	monthly	15000	draft	30		t	t	0	\N	9	2025-07-17 11:32:12.474603+05:30	\N	+	\N	\N	10	\N	9	\N	\N	\N	\N	\N	\N
10	2025-07-17 11:32:12.488076+05:30	t	\N	\N	f	Benjamin Parker (PEP14)'s Contract	2024-02-01	\N	monthly	monthly	15000	draft	30		t	t	0	\N	10	2025-07-17 11:32:12.488468+05:30	\N	+	\N	\N	11	\N	10	\N	\N	\N	\N	\N	\N
11	2025-07-17 11:32:12.501762+05:30	t	\N	\N	f	Abigail Roberts (PEP15)'s Contract	2024-02-01	\N	monthly	monthly	15000	draft	30		t	t	0	\N	11	2025-07-17 11:32:12.502172+05:30	\N	+	\N	\N	12	\N	11	\N	\N	\N	\N	\N	\N
12	2025-07-17 11:32:12.515617+05:30	t	\N	\N	f	Alexander Smith (PEP16)'s Contract	2024-02-01	\N	monthly	monthly	15000	draft	30		t	t	0	\N	12	2025-07-17 11:32:12.516078+05:30	\N	+	\N	\N	13	\N	12	\N	\N	\N	\N	\N	\N
13	2025-07-17 11:32:12.528541+05:30	t	\N	\N	f	Isabella Thompson (PEP17)'s Contract	2024-02-01	\N	monthly	monthly	25000	draft	30		t	t	0	\N	13	2025-07-17 11:32:12.529049+05:30	\N	+	\N	\N	14	\N	13	\N	\N	\N	\N	\N	\N
14	2025-07-17 11:32:12.541597+05:30	t	\N	\N	f	Jacob Walker (PEP18)'s Contract	2024-02-01	\N	monthly	monthly	25000	draft	30		t	t	0	\N	14	2025-07-17 11:32:12.542036+05:30	\N	+	\N	\N	15	\N	14	\N	\N	\N	\N	\N	\N
15	2025-07-17 11:32:12.555764+05:30	t	\N	\N	f	Charlotte White (PEP19)'s Contract	2024-02-01	\N	monthly	monthly	25000	draft	30		t	t	0	\N	15	2025-07-17 11:32:12.556134+05:30	\N	+	\N	\N	16	\N	15	\N	\N	\N	\N	\N	\N
16	2025-07-17 11:32:12.569607+05:30	t	\N	\N	f	Noah Young (PEP20)'s Contract	2024-02-01	\N	monthly	monthly	25000	draft	30		t	t	0	\N	16	2025-07-17 11:32:12.570094+05:30	\N	+	\N	\N	17	\N	16	\N	\N	\N	\N	\N	\N
17	2025-07-17 11:32:12.582947+05:30	t	\N	\N	f	Grace Allen (PEP21)'s Contract	2024-02-01	\N	monthly	monthly	25000	draft	30		t	t	0	\N	17	2025-07-17 11:32:12.583386+05:30	\N	+	\N	\N	18	\N	17	\N	\N	\N	\N	\N	\N
18	2025-07-17 11:32:12.59536+05:30	t	\N	\N	f	Samuel Baker (PEP22)'s Contract	2024-02-01	\N	monthly	monthly	25000	draft	30		t	t	0	\N	18	2025-07-17 11:32:12.595786+05:30	\N	+	\N	\N	19	\N	18	\N	\N	\N	\N	\N	\N
19	2025-07-17 11:32:12.607956+05:30	t	\N	\N	f	Lily Campbell (PEP23)'s Contract	2024-02-01	\N	monthly	monthly	35000	draft	30		t	t	0	\N	19	2025-07-17 11:32:12.608338+05:30	\N	+	\N	\N	20	\N	19	\N	\N	\N	\N	\N	\N
20	2025-07-17 11:32:12.626074+05:30	t	\N	\N	f	Lucas Carter (PEP24)'s Contract	2024-02-01	\N	monthly	monthly	35000	draft	30		t	t	0	\N	20	2025-07-17 11:32:12.626485+05:30	\N	+	\N	\N	21	\N	20	\N	\N	\N	\N	\N	\N
21	2025-07-17 11:32:12.640121+05:30	t	\N	\N	f	Amelia Cooper (PEP25)'s Contract	2024-02-01	\N	monthly	monthly	35000	draft	30		t	t	0	\N	21	2025-07-17 11:32:12.64054+05:30	\N	+	\N	\N	22	\N	21	\N	\N	\N	\N	\N	\N
22	2025-07-17 11:32:12.654103+05:30	t	\N	\N	f	Mason Diaz (PEP26)'s Contract	2024-02-01	\N	monthly	monthly	35000	draft	30		t	t	0	\N	22	2025-07-17 11:32:12.654518+05:30	\N	+	\N	\N	23	\N	22	\N	\N	\N	\N	\N	\N
23	2025-07-17 11:32:12.667949+05:30	t	\N	\N	f	Harper Edwards (PEP27)'s Contract	2024-02-01	\N	monthly	monthly	35000	draft	30		t	t	0	\N	23	2025-07-17 11:32:12.668368+05:30	\N	+	\N	\N	24	\N	23	\N	\N	\N	\N	\N	\N
24	2025-07-17 11:32:12.680844+05:30	t	\N	\N	f	Logan Flores (PEP28)'s Contract	2024-02-01	\N	monthly	monthly	35000	draft	30		t	t	0	\N	24	2025-07-17 11:32:12.681364+05:30	\N	+	\N	\N	25	\N	24	\N	\N	\N	\N	\N	\N
25	2025-07-17 11:32:12.693095+05:30	t	\N	\N	f	Evelyn Garcia (PEP29)'s Contract	2024-05-22	\N	monthly	monthly	35000	draft	30		t	t	0	\N	25	2025-07-17 11:32:12.693471+05:30	\N	+	\N	\N	26	\N	25	\N	\N	\N	\N	\N	\N
26	2025-07-17 11:32:12.70643+05:30	t	\N	\N	f	Ethan Gonzalez (PEP30)'s Contract	2024-05-22	\N	monthly	monthly	35000	draft	30		t	t	0	\N	26	2025-07-17 11:32:12.706802+05:30	\N	+	\N	\N	27	\N	26	\N	\N	\N	\N	\N	\N
27	2025-07-17 11:32:12.719957+05:30	t	\N	\N	f	Avery Hill (PEP31)'s Contract	2024-05-22	\N	monthly	monthly	35000	draft	30		t	t	0	\N	27	2025-07-17 11:32:12.720372+05:30	\N	+	\N	\N	28	\N	27	\N	\N	\N	\N	\N	\N
28	2025-07-17 11:32:12.733347+05:30	t	\N	\N	f	William Hughes (PEP32)'s Contract	2024-05-22	\N	monthly	monthly	32000	draft	30		t	t	0	\N	28	2025-07-17 11:32:12.733796+05:30	\N	+	\N	\N	29	\N	28	\N	\N	\N	\N	\N	\N
29	2025-07-17 11:32:12.746207+05:30	t	\N	\N	f	Ella Jackson (PEP33)'s Contract	2024-05-22	\N	monthly	monthly	32000	draft	30		t	t	0	\N	29	2025-07-17 11:32:12.746643+05:30	\N	+	\N	\N	30	\N	29	\N	\N	\N	\N	\N	\N
30	2025-07-17 11:32:12.759314+05:30	t	\N	\N	f	Owen Jenkins (PEP34)'s Contract	2024-05-22	\N	monthly	monthly	32000	draft	30		t	t	0	\N	30	2025-07-17 11:32:12.759725+05:30	\N	+	\N	\N	31	\N	30	\N	\N	\N	\N	\N	\N
31	2025-07-17 11:32:12.773171+05:30	t	\N	\N	f	Madison Kelly (PEP35)'s Contract	2024-05-22	\N	monthly	monthly	32000	draft	30		t	t	0	\N	31	2025-07-17 11:32:12.77357+05:30	\N	+	\N	\N	32	\N	31	\N	\N	\N	\N	\N	\N
32	2025-07-17 11:32:12.787297+05:30	t	\N	\N	f	Henry Lewis (PEP36)'s Contract	2024-05-22	\N	monthly	monthly	32000	draft	30		t	t	0	\N	32	2025-07-17 11:32:12.787713+05:30	\N	+	\N	\N	33	\N	32	\N	\N	\N	\N	\N	\N
33	2025-07-17 11:32:12.800731+05:30	t	\N	\N	f	Scarlett Martinez (PEP37)'s Contract	2024-05-22	\N	monthly	monthly	32000	draft	30		t	t	0	\N	33	2025-07-17 11:32:12.801151+05:30	\N	+	\N	\N	34	\N	33	\N	\N	\N	\N	\N	\N
34	2025-07-17 11:32:12.813738+05:30	t	\N	\N	f	Sebastian Mitchell (PEP38)'s Contract	2024-05-22	\N	monthly	monthly	32000	draft	30		t	t	0	\N	34	2025-07-17 11:32:12.81415+05:30	\N	+	\N	\N	35	\N	34	\N	\N	\N	\N	\N	\N
35	2025-07-17 11:32:12.826677+05:30	t	\N	\N	f	Chloe Morgan (PEP39)'s Contract	2024-05-22	\N	monthly	monthly	32000	draft	30		t	t	0	\N	35	2025-07-17 11:32:12.827281+05:30	\N	+	\N	\N	36	\N	35	\N	\N	\N	\N	\N	\N
36	2025-07-17 11:32:12.846487+05:30	t	\N	\N	f	Mila Perez (PEP41)'s Contract	2024-05-22	\N	monthly	monthly	40000	draft	30		t	t	0	\N	36	2025-07-17 11:32:12.846967+05:30	\N	+	\N	\N	38	\N	36	\N	\N	\N	\N	\N	\N
37	2025-07-17 11:32:12.859909+05:30	t	\N	\N	f	Gabriel Phillips (PEP42)'s Contract	2024-05-22	\N	monthly	monthly	40000	draft	30		t	t	0	\N	37	2025-07-17 11:32:12.860328+05:30	\N	+	\N	\N	39	\N	37	\N	\N	\N	\N	\N	\N
38	2025-07-17 11:32:12.873642+05:30	t	\N	\N	f	Aria Powell (PEP43)'s Contract	2024-05-22	\N	monthly	monthly	40000	draft	30		t	t	0	\N	38	2025-07-17 11:32:12.874014+05:30	\N	+	\N	\N	40	\N	38	\N	\N	\N	\N	\N	\N
39	2025-07-17 11:32:12.887311+05:30	t	\N	\N	f	Wyatt Ramirez (PEP44)'s Contract	2024-05-22	\N	monthly	monthly	40000	draft	30		t	t	0	\N	39	2025-07-17 11:32:12.887825+05:30	\N	+	\N	\N	41	\N	39	\N	\N	\N	\N	\N	\N
40	2025-07-17 11:32:12.901158+05:30	t	\N	\N	f	Nora Reed (PEP45)'s Contract	2024-05-22	\N	monthly	monthly	40000	draft	30		t	t	0	\N	40	2025-07-17 11:32:12.901577+05:30	\N	+	\N	\N	42	\N	40	\N	\N	\N	\N	\N	\N
41	2025-07-17 11:32:12.913539+05:30	t	\N	\N	f	Jack Rivera (PEP46)'s Contract	2024-05-22	\N	monthly	monthly	40000	draft	30		t	t	0	\N	41	2025-07-17 11:32:12.914001+05:30	\N	+	\N	\N	43	\N	41	\N	\N	\N	\N	\N	\N
42	2025-07-17 11:32:12.926457+05:30	t	\N	\N	f	Ellie Rogers (PEP47)'s Contract	2024-05-22	\N	monthly	monthly	40000	draft	30		t	t	0	\N	42	2025-07-17 11:32:12.926869+05:30	\N	+	\N	\N	44	\N	42	\N	\N	\N	\N	\N	\N
43	2025-07-17 11:32:12.94+05:30	t	\N	\N	f	Levi Sanders (PEP48)'s Contract	2024-05-22	\N	monthly	monthly	40000	draft	30		t	t	0	\N	43	2025-07-17 11:32:12.940403+05:30	\N	+	\N	\N	45	\N	43	\N	\N	\N	\N	\N	\N
44	2025-07-17 11:32:12.954022+05:30	t	\N	\N	f	Penelope Scott (PEP49)'s Contract	2024-05-22	\N	monthly	monthly	40000	draft	30		t	t	0	\N	44	2025-07-17 11:32:12.954438+05:30	\N	+	\N	\N	46	\N	44	\N	\N	\N	\N	\N	\N
45	2025-07-17 11:32:12.967398+05:30	t	\N	\N	f	Carter Stewart (PEP50)'s Contract	2024-05-22	\N	monthly	monthly	40000	draft	30		t	t	0	\N	45	2025-07-17 11:32:12.967827+05:30	\N	+	\N	\N	47	\N	45	\N	\N	\N	\N	\N	\N
46	2025-07-17 11:32:12.980523+05:30	t	\N	\N	f	Victoria Turner (PEP53)'s Contract	2024-05-22	\N	monthly	monthly	40000	draft	30		t	t	0	\N	46	2025-07-17 11:32:12.98097+05:30	\N	+	\N	\N	48	\N	46	\N	\N	\N	\N	\N	\N
47	2025-07-17 11:32:12.993379+05:30	t	\N	\N	f	Zoey Watson (PEP55)'s Contract	2024-05-22	\N	monthly	monthly	40000	draft	30		t	t	0	\N	47	2025-07-17 11:32:12.993795+05:30	\N	+	\N	\N	49	\N	47	\N	\N	\N	\N	\N	\N
48	2025-07-17 11:32:13.007031+05:30	t	\N	\N	f	Nathaniel Wright (PEP56)'s Contract	2024-05-22	\N	monthly	monthly	40000	draft	30		t	t	0	\N	48	2025-07-17 11:32:13.007432+05:30	\N	+	\N	\N	50	\N	48	\N	\N	\N	\N	\N	\N
49	2025-07-17 11:32:13.02073+05:30	t	\N	\N	f	Hazel Adams (PEP57)'s Contract	2024-05-22	\N	monthly	monthly	40000	draft	30		t	t	0	\N	49	2025-07-17 11:32:13.021151+05:30	\N	+	\N	\N	51	\N	49	\N	\N	\N	\N	\N	\N
50	2025-07-17 11:32:13.034091+05:30	t	\N	\N	f	Julian Barnes (PEP58)'s Contract	2024-05-22	\N	monthly	monthly	40000	draft	30		t	t	0	\N	50	2025-07-17 11:32:13.034493+05:30	\N	+	\N	\N	52	\N	50	\N	\N	\N	\N	\N	\N
51	2025-07-17 11:32:13.046654+05:30	t	\N	\N	f	Stella Bell (PEP59)'s Contract	2024-05-22	\N	monthly	monthly	40000	draft	30		t	t	0	\N	51	2025-07-17 11:32:13.047143+05:30	\N	+	\N	\N	53	\N	51	\N	\N	\N	\N	\N	\N
52	2025-07-17 11:32:13.060048+05:30	t	\N	\N	f	Ryan Bennett (PEP60)'s Contract	2024-05-22	\N	monthly	monthly	40000	draft	30		t	t	0	\N	52	2025-07-17 11:32:13.060477+05:30	\N	+	\N	\N	54	\N	52	\N	\N	\N	\N	\N	\N
53	2025-07-17 11:32:13.073757+05:30	t	\N	\N	f	Hannah Brooks (PEP61)'s Contract	2024-05-22	\N	monthly	monthly	40000	draft	30		t	t	0	\N	53	2025-07-17 11:32:13.074159+05:30	\N	+	\N	\N	55	\N	53	\N	\N	\N	\N	\N	\N
54	2025-07-17 11:32:13.087472+05:30	t	\N	\N	f	Hunter Butler (PEP62)'s Contract	2024-05-22	\N	monthly	monthly	12000	draft	30		t	t	0	\N	54	2025-07-17 11:32:13.087893+05:30	\N	+	\N	\N	56	\N	54	\N	\N	\N	\N	\N	\N
55	2025-07-17 11:32:13.100613+05:30	t	\N	\N	f	Ruby Cook (PEP63)'s Contract	2024-05-22	\N	monthly	monthly	12000	draft	30		t	t	0	\N	55	2025-07-17 11:32:13.101226+05:30	\N	+	\N	\N	57	\N	55	\N	\N	\N	\N	\N	\N
56	2025-07-17 11:32:13.113379+05:30	t	\N	\N	f	Elijah Cox (PEP64)'s Contract	2024-05-22	\N	monthly	monthly	12000	draft	30		t	t	0	\N	56	2025-07-17 11:32:13.113884+05:30	\N	+	\N	\N	58	\N	56	\N	\N	\N	\N	\N	\N
57	2025-07-17 11:32:13.126632+05:30	t	\N	\N	f	Lucy Cruz (PEP65)'s Contract	2024-05-22	\N	monthly	monthly	12000	draft	30		t	t	0	\N	57	2025-07-17 11:32:13.12706+05:30	\N	+	\N	\N	59	\N	57	\N	\N	\N	\N	\N	\N
58	2025-07-17 11:32:13.140312+05:30	t	\N	\N	f	Joseph Diaz (PEP66)'s Contract	2024-05-22	\N	monthly	monthly	12000	draft	30		t	t	0	\N	58	2025-07-17 11:32:13.14074+05:30	\N	+	\N	\N	60	\N	58	\N	\N	\N	\N	\N	\N
59	2025-07-17 11:32:13.154335+05:30	t	\N	\N	f	Sadie Ellis (PEP67)'s Contract	2024-05-22	\N	monthly	monthly	12000	draft	30		t	t	0	\N	59	2025-07-17 11:32:13.154765+05:30	\N	+	\N	\N	61	\N	59	\N	\N	\N	\N	\N	\N
60	2025-07-17 11:32:13.167968+05:30	t	\N	\N	f	Caleb Fisher (PEP68)'s Contract	2024-05-22	\N	monthly	monthly	12000	draft	30		t	t	0	\N	60	2025-07-17 11:32:13.168396+05:30	\N	+	\N	\N	62	\N	60	\N	\N	\N	\N	\N	\N
61	2025-07-17 11:32:13.180781+05:30	t	\N	\N	f	Alice Foster (PEP69)'s Contract	2024-05-22	\N	monthly	monthly	12000	draft	30		t	t	0	\N	61	2025-07-17 11:32:13.181223+05:30	\N	+	\N	\N	63	\N	61	\N	\N	\N	\N	\N	\N
62	2025-07-17 11:32:13.193634+05:30	t	\N	\N	f	Nicholas George (PEP70)'s Contract	2024-05-22	\N	monthly	monthly	12000	draft	30		t	t	0	\N	62	2025-07-17 11:32:13.194059+05:30	\N	+	\N	\N	64	\N	62	\N	\N	\N	\N	\N	\N
63	2025-07-17 11:32:13.208578+05:30	t	\N	\N	f	Layla Gonzales (PEP71)'s Contract	2024-05-22	\N	monthly	monthly	12000	draft	30		t	t	0	\N	63	2025-07-17 11:32:13.209005+05:30	\N	+	\N	\N	65	\N	63	\N	\N	\N	\N	\N	\N
64	2025-07-17 11:32:13.224389+05:30	t	\N	\N	f	Jonathan Gray (PEP72)'s Contract	2024-05-22	\N	monthly	monthly	12000	draft	30		t	t	0	\N	64	2025-07-17 11:32:13.224844+05:30	\N	+	\N	\N	66	\N	64	\N	\N	\N	\N	\N	\N
65	2025-07-17 11:32:13.239543+05:30	t	\N	\N	f	Violet Griffin (PEP73)'s Contract	2024-05-22	\N	monthly	monthly	12000	draft	30		t	t	0	\N	65	2025-07-17 11:32:13.240012+05:30	\N	+	\N	\N	67	\N	65	\N	\N	\N	\N	\N	\N
66	2025-07-17 11:32:13.255267+05:30	t	\N	\N	f	Andrew Hayes (PEP74)'s Contract	2024-05-22	\N	monthly	monthly	18000	draft	30		t	t	0	\N	66	2025-07-17 11:32:13.255705+05:30	\N	+	\N	\N	68	\N	66	\N	\N	\N	\N	\N	\N
67	2025-07-17 11:32:13.270052+05:30	t	\N	\N	f	Sofia Howard (PEP75)'s Contract	2024-05-22	\N	monthly	monthly	18000	draft	30		t	t	0	\N	67	2025-07-17 11:32:13.270538+05:30	\N	+	\N	\N	69	\N	67	\N	\N	\N	\N	\N	\N
68	2025-07-17 11:32:13.285457+05:30	t	\N	\N	f	James Davis (PEP04)'s Contract	2024-01-01	\N	monthly	monthly	18000	draft	30		t	t	0	\N	68	2025-07-17 11:32:13.28595+05:30	\N	+	\N	\N	70	\N	68	\N	\N	\N	\N	\N	\N
69	2025-07-17 11:32:13.29987+05:30	t	\N	\N	f	Daniel Foster (PEP06)'s Contract	2024-01-01	\N	monthly	monthly	18000	draft	30		t	t	0	\N	69	2025-07-17 11:32:13.300545+05:30	\N	+	\N	\N	71	\N	69	\N	\N	\N	\N	\N	\N
70	2025-07-17 11:32:13.314333+05:30	t	\N	\N	f	Olivia Green (PEP07)'s Contract	2024-01-01	\N	monthly	monthly	18000	draft	30		t	t	0	\N	70	2025-07-17 11:32:13.314893+05:30	\N	+	\N	\N	72	\N	70	\N	\N	\N	\N	\N	\N
71	2025-07-17 11:32:13.32822+05:30	t	\N	\N	f	Sophia Johnson (PEP09)'s Contract	2024-01-01	\N	monthly	monthly	18000	draft	30		t	t	0	\N	71	2025-07-17 11:32:13.328681+05:30	\N	+	\N	\N	73	\N	71	\N	\N	\N	\N	\N	\N
72	2025-07-17 11:32:13.343248+05:30	t	\N	\N	f	Riley Taylor (PEP51)'s Contract	2024-05-22	\N	monthly	monthly	18000	draft	30		t	t	0	\N	72	2025-07-17 11:32:13.34369+05:30	\N	+	\N	\N	74	\N	72	\N	\N	\N	\N	\N	\N
73	2025-07-17 11:32:13.356924+05:30	t	\N	\N	f	Isaac Torres (PEP52)'s Contract	2024-05-22	\N	monthly	monthly	18000	draft	30		t	t	0	\N	73	2025-07-17 11:32:13.357348+05:30	\N	+	\N	\N	75	\N	73	\N	\N	\N	\N	\N	\N
74	2025-07-17 11:32:13.370603+05:30	t	\N	\N	f	Dylan Ward (PEP54)'s Contract	2024-05-22	\N	monthly	monthly	18000	draft	30		t	t	0	\N	74	2025-07-17 11:32:13.37103+05:30	\N	+	\N	\N	76	\N	74	\N	\N	\N	\N	\N	\N
75	2025-07-17 11:32:13.383756+05:30	t	\N	\N	f	Adam Luis (PEP00)'s Contract	2024-05-22	\N	monthly	monthly	18000	draft	30		t	t	0	\N	75	2025-07-17 11:32:13.384275+05:30	\N	+	\N	\N	1	\N	75	\N	\N	\N	\N	\N	\N
76	2025-07-17 11:32:13.395446+05:30	t	\N	\N	f	Angel Sanor (PEP118)'s Contract	2025-07-17	\N	monthly	monthly	18000	draft	30		t	t	0	\N	76	2025-07-17 11:32:13.395878+05:30	\N	+	\N	\N	119	\N	76	\N	\N	\N	\N	\N	\N
77	2025-07-17 11:32:13.408913+05:30	t	\N	\N	f	Angelyn Vong (PEP102)'s Contract	2025-07-17	\N	monthly	monthly	18000	draft	30		t	t	0	\N	77	2025-07-17 11:32:13.40932+05:30	\N	+	\N	\N	103	\N	77	\N	\N	\N	\N	\N	\N
78	2025-07-17 11:32:13.422567+05:30	t	\N	\N	f	Arcelia Bouska (PEP86)'s Contract	2025-07-17	\N	monthly	monthly	18000	draft	30		t	t	0	\N	78	2025-07-17 11:32:13.423088+05:30	\N	+	\N	\N	87	\N	78	\N	\N	\N	\N	\N	\N
79	2025-07-17 11:32:13.436488+05:30	t	\N	\N	f	Belinda Partain (PEP96)'s Contract	2025-07-17	\N	monthly	monthly	27000	draft	30		t	t	0	\N	79	2025-07-17 11:32:13.436906+05:30	\N	+	\N	\N	97	\N	79	\N	\N	\N	\N	\N	\N
80	2025-07-17 11:32:13.449453+05:30	t	\N	\N	f	Carla Trumbull (PEP105)'s Contract	2025-07-17	\N	monthly	monthly	27000	draft	30		t	t	0	\N	80	2025-07-17 11:32:13.449909+05:30	\N	+	\N	\N	106	\N	80	\N	\N	\N	\N	\N	\N
81	2025-07-17 11:32:13.462137+05:30	t	\N	\N	f	Chase Karner (PEP115)'s Contract	2025-07-17	\N	monthly	monthly	27000	draft	30		t	t	0	\N	81	2025-07-17 11:32:13.462546+05:30	\N	+	\N	\N	116	\N	81	\N	\N	\N	\N	\N	\N
82	2025-07-17 11:32:13.476015+05:30	t	\N	\N	f	Demetria Abbey (PEP123)'s Contract	2025-07-17	\N	monthly	monthly	27000	draft	30		t	t	0	\N	82	2025-07-17 11:32:13.476424+05:30	\N	+	\N	\N	124	\N	82	\N	\N	\N	\N	\N	\N
83	2025-07-17 11:32:13.490434+05:30	t	\N	\N	f	Dewitt Borger (PEP110)'s Contract	2025-07-17	\N	monthly	monthly	27000	draft	30		t	t	0	\N	83	2025-07-17 11:32:13.49086+05:30	\N	+	\N	\N	111	\N	83	\N	\N	\N	\N	\N	\N
84	2025-07-17 11:32:13.504337+05:30	t	\N	\N	f	Dorcas Darity (PEP117)'s Contract	2025-07-17	\N	monthly	monthly	27000	draft	30		t	t	0	\N	84	2025-07-17 11:32:13.504768+05:30	\N	+	\N	\N	118	\N	84	\N	\N	\N	\N	\N	\N
85	2025-07-17 11:32:13.517999+05:30	t	\N	\N	f	Dulce Abril (PEP76)'s Contract	2025-07-17	\N	monthly	monthly	27000	draft	30		t	t	0	\N	85	2025-07-17 11:32:13.518556+05:30	\N	+	\N	\N	77	\N	85	\N	\N	\N	\N	\N	\N
86	2025-07-17 11:32:13.530521+05:30	t	\N	\N	f	Earlean Melgar (PEP83)'s Contract	2025-07-17	\N	monthly	monthly	27000	draft	30		t	t	0	\N	86	2025-07-17 11:32:13.531142+05:30	\N	+	\N	\N	84	\N	86	\N	\N	\N	\N	\N	\N
87	2025-07-17 11:32:13.544144+05:30	t	\N	\N	f	Etta Hurn (PEP82)'s Contract	2025-07-17	\N	monthly	monthly	27000	draft	30		t	t	0	\N	87	2025-07-17 11:32:13.544546+05:30	\N	+	\N	\N	83	\N	87	\N	\N	\N	\N	\N	\N
88	2025-07-17 11:32:13.5581+05:30	t	\N	\N	f	Fallon Winward (PEP85)'s Contract	2025-07-17	\N	monthly	monthly	27000	draft	30		t	t	0	\N	88	2025-07-17 11:32:13.558517+05:30	\N	+	\N	\N	86	\N	88	\N	\N	\N	\N	\N	\N
89	2025-07-17 11:32:13.571869+05:30	t	\N	\N	f	Felisa Cail (PEP122)'s Contract	2025-07-17	\N	monthly	monthly	27000	draft	30		t	t	0	\N	89	2025-07-17 11:32:13.572291+05:30	\N	+	\N	\N	123	\N	89	\N	\N	\N	\N	\N	\N
90	2025-07-17 11:32:13.585182+05:30	t	\N	\N	f	Francesca Beaudreau (PEP103)'s Contract	2025-07-17	\N	monthly	monthly	27000	draft	30		t	t	0	\N	90	2025-07-17 11:32:13.585652+05:30	\N	+	\N	\N	104	\N	90	\N	\N	\N	\N	\N	\N
91	2025-07-17 11:32:13.598331+05:30	t	\N	\N	f	Franklyn Unknow (PEP87)'s Contract	2025-07-17	\N	monthly	monthly	37000	draft	30		t	t	0	\N	91	2025-07-17 11:32:13.598822+05:30	\N	+	\N	\N	88	\N	91	\N	\N	\N	\N	\N	\N
92	2025-07-17 11:32:13.611721+05:30	t	\N	\N	f	Garth Gangi (PEP104)'s Contract	2025-07-17	\N	monthly	monthly	37000	draft	30		t	t	0	\N	92	2025-07-17 11:32:13.612158+05:30	\N	+	\N	\N	105	\N	92	\N	\N	\N	\N	\N	\N
93	2025-07-17 11:32:13.626087+05:30	t	\N	\N	f	Gaston Brumm (PEP81)'s Contract	2025-07-17	\N	monthly	monthly	37000	draft	30		t	t	0	\N	93	2025-07-17 11:32:13.626501+05:30	\N	+	\N	\N	82	\N	93	\N	\N	\N	\N	\N	\N
94	2025-07-17 11:32:13.640603+05:30	t	\N	\N	f	Holly Eudy (PEP97)'s Contract	2025-07-17	\N	monthly	monthly	37000	draft	30		t	t	0	\N	94	2025-07-17 11:32:13.641+05:30	\N	+	\N	\N	98	\N	94	\N	\N	\N	\N	\N	\N
95	2025-07-17 11:32:13.654398+05:30	t	\N	\N	f	Jeromy Danz (PEP124)'s Contract	2025-07-17	\N	monthly	monthly	37000	draft	30		t	t	0	\N	95	2025-07-17 11:32:13.654815+05:30	\N	+	\N	\N	125	\N	95	\N	\N	\N	\N	\N	\N
96	2025-07-17 11:32:13.667666+05:30	t	\N	\N	f	Jona Grindle (PEP108)'s Contract	2025-07-17	\N	monthly	monthly	37000	draft	30		t	t	0	\N	96	2025-07-17 11:32:13.66824+05:30	\N	+	\N	\N	109	\N	96	\N	\N	\N	\N	\N	\N
97	2025-07-17 11:32:13.680139+05:30	t	\N	\N	f	Judie Claywell (PEP109)'s Contract	2025-07-17	\N	monthly	monthly	37000	draft	30		t	t	0	\N	97	2025-07-17 11:32:13.680862+05:30	\N	+	\N	\N	110	\N	97	\N	\N	\N	\N	\N	\N
98	2025-07-17 11:32:13.693903+05:30	t	\N	\N	f	Kathleen Hanner (PEP79)'s Contract	2025-07-17	\N	monthly	monthly	37000	draft	30		t	t	0	\N	98	2025-07-17 11:32:13.694308+05:30	\N	+	\N	\N	80	\N	98	\N	\N	\N	\N	\N	\N
99	2025-07-17 11:32:13.707579+05:30	t	\N	\N	f	Kelsie Wachtel (PEP112)'s Contract	2025-07-17	\N	monthly	monthly	37000	draft	30		t	t	0	\N	99	2025-07-17 11:32:13.707999+05:30	\N	+	\N	\N	113	\N	99	\N	\N	\N	\N	\N	\N
100	2025-07-17 11:32:13.721075+05:30	t	\N	\N	f	Kina Hazelton (PEP90)'s Contract	2025-07-17	\N	monthly	monthly	37000	draft	30		t	t	0	\N	100	2025-07-17 11:32:13.721495+05:30	\N	+	\N	\N	91	\N	100	\N	\N	\N	\N	\N	\N
101	2025-07-17 11:32:13.73496+05:30	t	\N	\N	f	Lauralee Perrine (PEP93)'s Contract	2025-07-17	\N	monthly	monthly	37000	draft	30		t	t	0	\N	101	2025-07-17 11:32:13.735528+05:30	\N	+	\N	\N	94	\N	101	\N	\N	\N	\N	\N	\N
102	2025-07-17 11:32:13.747777+05:30	t	\N	\N	f	Lester Prothro (PEP100)'s Contract	2025-07-17	\N	monthly	monthly	50000	draft	30		t	t	0	\N	102	2025-07-17 11:32:13.748324+05:30	\N	+	\N	\N	101	\N	102	\N	\N	\N	\N	\N	\N
103	2025-07-17 11:32:13.761137+05:30	t	\N	\N	f	Libbie Dalby (PEP99)'s Contract	2025-07-17	\N	monthly	monthly	50000	draft	30		t	t	0	\N	103	2025-07-17 11:32:13.76155+05:30	\N	+	\N	\N	100	\N	103	\N	\N	\N	\N	\N	\N
104	2025-07-17 11:32:13.775215+05:30	t	\N	\N	f	Loreta Curren (PEP94)'s Contract	2025-07-17	\N	monthly	monthly	38000	draft	30		t	t	0	\N	104	2025-07-17 11:32:13.775633+05:30	\N	+	\N	\N	95	\N	104	\N	\N	\N	\N	\N	\N
105	2025-07-17 11:32:13.789236+05:30	t	\N	\N	f	Many Cuccia (PEP98)'s Contract	2025-07-17	\N	monthly	monthly	38000	draft	30		t	t	0	\N	105	2025-07-17 11:32:13.789654+05:30	\N	+	\N	\N	99	\N	105	\N	\N	\N	\N	\N	\N
106	2025-07-17 11:32:13.802146+05:30	t	\N	\N	f	Mara Hashimoto (PEP77)'s Contract	2025-07-17	\N	monthly	monthly	38000	draft	30		t	t	0	\N	106	2025-07-17 11:32:13.802688+05:30	\N	+	\N	\N	78	\N	106	\N	\N	\N	\N	\N	\N
107	2025-07-17 11:32:13.814674+05:30	t	\N	\N	f	Marcel Zabriskie (PEP89)'s Contract	2025-07-17	\N	monthly	monthly	38000	draft	30		t	t	0	\N	107	2025-07-17 11:32:13.815237+05:30	\N	+	\N	\N	90	\N	107	\N	\N	\N	\N	\N	\N
108	2025-07-17 11:32:13.828494+05:30	t	\N	\N	f	Marvel Hail (PEP101)'s Contract	2025-07-17	\N	monthly	monthly	38000	draft	30		t	t	0	\N	108	2025-07-17 11:32:13.828973+05:30	\N	+	\N	\N	102	\N	108	\N	\N	\N	\N	\N	\N
109	2025-07-17 11:32:13.842656+05:30	t	\N	\N	f	Nena Hacker (PEP111)'s Contract	2025-07-17	\N	monthly	monthly	38000	draft	30		t	t	0	\N	109	2025-07-17 11:32:13.843072+05:30	\N	+	\N	\N	112	\N	109	\N	\N	\N	\N	\N	\N
110	2025-07-17 11:32:13.855979+05:30	t	\N	\N	f	Nereida Magwood (PEP80)'s Contract	2025-07-17	\N	monthly	monthly	38000	draft	30		t	t	0	\N	110	2025-07-17 11:32:13.856438+05:30	\N	+	\N	\N	81	\N	110	\N	\N	\N	\N	\N	\N
111	2025-07-17 11:32:13.869683+05:30	t	\N	\N	f	Philip Gent (PEP78)'s Contract	2025-07-17	\N	monthly	monthly	38000	draft	30		t	t	0	\N	111	2025-07-17 11:32:13.870164+05:30	\N	+	\N	\N	79	\N	111	\N	\N	\N	\N	\N	\N
112	2025-07-17 11:32:13.882605+05:30	t	\N	\N	f	Rasheeda Alkire (PEP125)'s Contract	2025-07-17	\N	monthly	monthly	38000	draft	30		t	t	0	\N	112	2025-07-17 11:32:13.883119+05:30	\N	+	\N	\N	126	\N	112	\N	\N	\N	\N	\N	\N
113	2025-07-17 11:32:13.895562+05:30	t	\N	\N	f	Roma Lafollette (PEP121)'s Contract	2025-07-17	\N	monthly	monthly	38000	draft	30		t	t	0	\N	113	2025-07-17 11:32:13.896051+05:30	\N	+	\N	\N	122	\N	113	\N	\N	\N	\N	\N	\N
114	2025-07-17 11:32:13.909747+05:30	t	\N	\N	f	Sau Pfau (PEP113)'s Contract	2025-07-17	\N	monthly	monthly	38000	draft	30		t	t	0	\N	114	2025-07-17 11:32:13.910166+05:30	\N	+	\N	\N	114	\N	114	\N	\N	\N	\N	\N	\N
115	2025-07-17 11:32:13.92399+05:30	t	\N	\N	f	Shanice Mccrystal (PEP114)'s Contract	2025-07-17	\N	monthly	monthly	28000	draft	30		t	t	0	\N	115	2025-07-17 11:32:13.924401+05:30	\N	+	\N	\N	115	\N	115	\N	\N	\N	\N	\N	\N
116	2025-07-17 11:32:13.93813+05:30	t	\N	\N	f	Shavon Benito (PEP92)'s Contract	2025-07-17	\N	monthly	monthly	28000	draft	30		t	t	0	\N	116	2025-07-17 11:32:13.938553+05:30	\N	+	\N	\N	93	\N	116	\N	\N	\N	\N	\N	\N
117	2025-07-17 11:32:13.95106+05:30	t	\N	\N	f	Shavonne Pia (PEP91)'s Contract	2025-07-17	\N	monthly	monthly	28000	draft	30		t	t	0	\N	117	2025-07-17 11:32:13.951574+05:30	\N	+	\N	\N	92	\N	117	\N	\N	\N	\N	\N	\N
118	2025-07-17 11:32:13.964199+05:30	t	\N	\N	f	Sherron Ascencio (PEP88)'s Contract	2025-07-17	\N	monthly	monthly	28000	draft	30		t	t	0	\N	118	2025-07-17 11:32:13.964615+05:30	\N	+	\N	\N	89	\N	118	\N	\N	\N	\N	\N	\N
119	2025-07-17 11:32:13.977808+05:30	t	\N	\N	f	Stasia Becker (PEP107)'s Contract	2025-07-17	\N	monthly	monthly	28000	draft	30		t	t	0	\N	119	2025-07-17 11:32:13.978212+05:30	\N	+	\N	\N	108	\N	119	\N	\N	\N	\N	\N	\N
120	2025-07-17 11:32:13.991868+05:30	t	\N	\N	f	Teresa Strawn (PEP95)'s Contract	2025-07-17	\N	monthly	monthly	28000	draft	30		t	t	0	\N	120	2025-07-17 11:32:13.992292+05:30	\N	+	\N	\N	96	\N	120	\N	\N	\N	\N	\N	\N
121	2025-07-17 11:32:14.00559+05:30	t	\N	\N	f	Tommie Underdahl (PEP116)'s Contract	2025-07-17	\N	monthly	monthly	28000	draft	30		t	t	0	\N	121	2025-07-17 11:32:14.006023+05:30	\N	+	\N	\N	117	\N	121	\N	\N	\N	\N	\N	\N
122	2025-07-17 11:32:14.019529+05:30	t	\N	\N	f	Veta Muntz (PEP106)'s Contract	2025-07-17	\N	monthly	monthly	28000	draft	30		t	t	0	\N	122	2025-07-17 11:32:14.020067+05:30	\N	+	\N	\N	107	\N	122	\N	\N	\N	\N	\N	\N
123	2025-07-17 11:32:14.032894+05:30	t	\N	\N	f	Vincenza Weiland (PEP84)'s Contract	2025-07-17	\N	monthly	monthly	28000	draft	30		t	t	0	\N	123	2025-07-17 11:32:14.033463+05:30	\N	+	\N	\N	85	\N	123	\N	\N	\N	\N	\N	\N
124	2025-07-17 11:32:14.046167+05:30	t	\N	\N	f	Weston Martina (PEP120)'s Contract	2025-07-17	\N	monthly	monthly	28000	draft	30		t	t	0	\N	124	2025-07-17 11:32:14.04658+05:30	\N	+	\N	\N	121	\N	124	\N	\N	\N	\N	\N	\N
125	2025-07-17 11:32:14.060084+05:30	t	\N	\N	f	Willodean Harn (PEP119)'s Contract	2025-07-17	\N	monthly	monthly	28000	draft	30		t	t	0	\N	125	2025-07-17 11:32:14.060483+05:30	\N	+	\N	\N	120	\N	125	\N	\N	\N	\N	\N	\N
126	2025-07-17 13:37:53.131171+05:30	t	\N	\N	f	Aashutosh Kumar (PEP0002)'s Contract	2025-07-17	\N	monthly	monthly	0	draft	30		t	t	0	\N	126	2025-07-17 13:37:53.132879+05:30	\N	+	1	\N	127	\N	126	1	\N	\N	1	\N	\N
75	2025-07-17 11:32:13.383756+05:30	t	\N	\N	f	Adam Luis (PEP00)'s Contract	2024-05-22	\N	monthly	monthly	18000	active	30		t	t	0		127	2025-07-17 15:00:15.53537+05:30	\N	~	\N	1	1	\N	75	1	\N	\N	1	1	\N
1	2025-07-17 11:32:12.362757+05:30	t	\N	\N	f	Michael Brown (PEP01)'s Contract	2024-01-01	\N	monthly	monthly	28000	active	30		t	t	0		128	2025-07-17 15:00:34.252472+05:30	\N	~	\N	1	2	\N	1	1	1	1	1	1	1
126	2025-07-17 13:37:53.131171+05:30	t	\N	\N	f	Aashutosh Kumar (PEP0002)'s Contract	2025-07-17	\N	monthly	monthly	0	active	30		t	t	0		129	2025-07-21 15:06:00.876563+05:30	\N	~	1	2	127	\N	126	1	3	3	1	2	2
127	2025-07-21 16:28:24.472873+05:30	t	\N	\N	f	Lucas Rogers  's Contract	2025-07-21	\N	monthly	monthly	0	draft	30		t	t	0	\N	130	2025-07-21 16:28:24.474099+05:30	\N	+	1	\N	128	\N	127	1	\N	\N	1	\N	\N
128	2025-07-22 13:04:16.734849+05:30	t	\N	\N	f	Sayan Deb (PEP0003)'s Contract	2025-07-22	\N	monthly	monthly	0	draft	30		t	t	0	\N	131	2025-07-22 13:04:16.736643+05:30	\N	+	1	\N	129	\N	128	1	\N	\N	1	\N	\N
129	2025-07-22 13:06:35.547418+05:30	t	\N	\N	f	Rakhi B (PEP0004)'s Contract	2025-07-22	\N	monthly	monthly	0	draft	30		t	t	0	\N	132	2025-07-22 13:06:35.54803+05:30	\N	+	1	\N	130	\N	129	1	\N	\N	1	\N	\N
130	2025-07-22 13:13:42.586983+05:30	t	\N	\N	f	Sumit S (PEP0005)'s Contract	2025-07-22	\N	monthly	monthly	0	draft	30		t	t	0	\N	133	2025-07-22 13:13:42.587491+05:30	\N	+	1	\N	131	\N	130	1	\N	\N	1	\N	\N
131	2025-07-23 11:44:32.283426+05:30	t	\N	\N	f	new one (PEP0006)'s Contract	2025-07-23	\N	monthly	monthly	0	draft	30		t	t	0	\N	134	2025-07-23 11:44:32.285201+05:30	\N	+	1	\N	132	\N	131	1	\N	\N	1	\N	\N
132	2025-07-24 15:57:45.02382+05:30	t	\N	\N	f	Liam Bennett  's Contract	2025-07-24	\N	monthly	monthly	0	draft	30		t	t	0	\N	135	2025-07-24 15:57:45.025463+05:30	\N	+	1	\N	133	\N	132	1	\N	\N	1	\N	\N
75	2025-07-17 11:32:13.383756+05:30	t	\N	\N	f	Super Admin's Contract	2024-05-22	\N	monthly	monthly	18000	active	30		t	t	0		136	2025-07-29 12:57:22.464475+05:30	\N	~	\N	1	1	\N	75	1	15	19	1	1	1
133	2025-07-29 17:49:21.140955+05:30	t	\N	\N	f	Anil Sharma  's Contract	2025-07-29	\N	monthly	monthly	0	draft	30		t	t	0	\N	137	2025-07-29 17:49:21.142832+05:30	\N	+	1	\N	134	\N	133	1	\N	\N	1	\N	\N
\.


--
-- Data for Name: payroll_historicalcontract_history_tags; Type: TABLE DATA; Schema: public; Owner: horilla
--

COPY public.payroll_historicalcontract_history_tags (id, historicalcontract_id, audittag_id) FROM stdin;
\.


--
-- Data for Name: payroll_historicalpayslip; Type: TABLE DATA; Schema: public; Owner: horilla
--

COPY public.payroll_historicalpayslip (id, created_at, is_active, history_title, history_description, history_highlight, group_name, reference, start_date, end_date, pay_head_data, contract_wage, basic_pay, gross_pay, deduction, net_pay, status, sent_to_employee, history_id, history_date, history_change_reason, history_type, created_by_id, employee_id_id, history_relation_id, history_user_id, modified_by_id) FROM stdin;
1	2025-07-17 15:01:23.687895+05:30	t	\N	\N	f	\N	\N	2025-03-01	2025-03-31	{"range": "Mar 01 2025 - Mar 31 2025", "net_pay": 0.0, "employee": 2, "end_date": "2025-03-31", "basic_pay": 0.0, "gross_pay": 0.0, "paid_days": 0.0, "allowances": [{"title": "House Rent Allowance (HRA)", "amount": 0, "is_taxable": true, "allowance_id": 1}], "start_date": "2025-03-01", "federal_tax": 0, "loss_of_pay": 28000.0, "unpaid_days": 24.0, "contract_wage": 28000.0, "net_deductions": [], "tax_deductions": [], "total_deductions": 0.0, "pretax_deductions": [{"title": "Provident Fund (PF)", "amount": 0, "is_pretax": true, "deduction_id": 1, "employer_contribution_rate": 0.0}, {"title": "Professional Tax", "amount": 0, "is_pretax": true, "deduction_id": 2, "employer_contribution_rate": 0.0}, {"title": "ESI", "amount": 0.0, "based_on": "basic_pay", "is_pretax": true, "deduction_id": 3, "employer_contribution_rate": 2.25, "employer_contribution_amount": 0.0}], "taxable_gross_pay": 0.0, "post_tax_deductions": [], "basic_pay_deductions": [], "gross_pay_deductions": []}	28000	0	0	0	0	draft	f	1	2025-07-17 15:01:23.690347+05:30	\N	+	1	2	1	1	1
1	2025-07-17 15:01:23.687895+05:30	t	\N	\N	f	\N	\N	2025-03-01	2025-03-31	{"range": "Mar 01 2025 - Mar 31 2025", "net_pay": 0.0, "employee": 2, "end_date": "2025-03-31", "basic_pay": 0.0, "gross_pay": 0.0, "paid_days": 0.0, "allowances": [{"title": "House Rent Allowance (HRA)", "amount": 0, "is_taxable": true, "allowance_id": 1}], "start_date": "2025-03-01", "federal_tax": 0, "loss_of_pay": 28000.0, "unpaid_days": 24.0, "contract_wage": 28000.0, "net_deductions": [], "tax_deductions": [], "total_deductions": 0.0, "pretax_deductions": [{"title": "Provident Fund (PF)", "amount": 0, "is_pretax": true, "deduction_id": 1, "employer_contribution_rate": 0.0}, {"title": "Professional Tax", "amount": 0, "is_pretax": true, "deduction_id": 2, "employer_contribution_rate": 0.0}, {"title": "ESI", "amount": 0.0, "based_on": "basic_pay", "is_pretax": true, "deduction_id": 3, "employer_contribution_rate": 2.25, "employer_contribution_amount": 0.0}], "taxable_gross_pay": 0.0, "post_tax_deductions": [], "basic_pay_deductions": [], "gross_pay_deductions": []}	28000	0	0	0	0	paid	f	2	2025-07-17 15:01:36.977943+05:30	\N	~	1	2	1	1	1
2	2025-07-21 15:07:55.594952+05:30	t	\N	\N	f	\N	\N	2025-06-01	2025-06-30	{"range": "Jun 01 2025 - Jun 30 2025", "net_pay": 2273.913043478264, "employee": 2, "end_date": "2025-06-30", "basic_pay": 2434.7826086956557, "gross_pay": 2584.34782608696, "paid_days": 2.0, "allowances": [{"title": "House Rent Allowance (HRA)", "amount": 109.5652173913045, "is_taxable": true, "allowance_id": 1}, {"title": "Meal Allowance", "amount": 40.0, "is_taxable": true, "allowance_id": 2}], "start_date": "2025-06-01", "federal_tax": 0, "loss_of_pay": 25565.217391304344, "unpaid_days": 21.0, "contract_wage": 28000.0, "net_deductions": [], "tax_deductions": [], "total_deductions": 310.43478260869614, "pretax_deductions": [{"title": "Provident Fund (PF)", "amount": 292.1739130434787, "is_pretax": true, "deduction_id": 1, "employer_contribution_rate": 0.0}, {"title": "Professional Tax", "amount": 0, "is_pretax": true, "deduction_id": 2, "employer_contribution_rate": 0.0}, {"title": "ESI", "amount": 18.26086956521742, "based_on": "basic_pay", "is_pretax": true, "deduction_id": 3, "employer_contribution_rate": 2.25, "employer_contribution_amount": 54.78260869565225}], "taxable_gross_pay": 2273.913043478264, "post_tax_deductions": [], "basic_pay_deductions": [], "gross_pay_deductions": []}	28000	2434.78	2584.35	310.43	2273.91	draft	f	3	2025-07-21 15:07:55.59756+05:30	\N	+	1	2	2	1	1
2	2025-07-21 15:07:55.594952+05:30	t	\N	\N	f	\N	\N	2025-06-01	2025-06-30	{"range": "Jun 01 2025 - Jun 30 2025", "net_pay": 0.0, "employee": 2, "end_date": "2025-06-30", "basic_pay": 0.0, "gross_pay": 0.0, "paid_days": 0.0, "allowances": [{"title": "House Rent Allowance (HRA)", "amount": 0, "is_taxable": true, "allowance_id": 1}], "start_date": "2025-06-01", "federal_tax": 0, "loss_of_pay": 28000.0, "unpaid_days": 23.0, "contract_wage": 28000.0, "net_deductions": [], "tax_deductions": [], "total_deductions": 0.0, "pretax_deductions": [{"title": "Provident Fund (PF)", "amount": 0, "is_pretax": true, "deduction_id": 1, "employer_contribution_rate": 0.0}, {"title": "Professional Tax", "amount": 0, "is_pretax": true, "deduction_id": 2, "employer_contribution_rate": 0.0}, {"title": "ESI", "amount": 0.0, "based_on": "basic_pay", "is_pretax": true, "deduction_id": 3, "employer_contribution_rate": 2.25, "employer_contribution_amount": 0.0}], "taxable_gross_pay": 0.0, "post_tax_deductions": [], "basic_pay_deductions": [], "gross_pay_deductions": []}	28000	0	0	0	0	draft	f	4	2025-07-21 15:17:08.999735+05:30	\N	~	1	2	2	1	1
2	2025-07-21 15:07:55.594952+05:30	t	\N	\N	f	\N	\N	2025-06-01	2025-06-30	{"range": "Jun 01 2025 - Jun 30 2025", "net_pay": 1156.956521739132, "employee": 2, "end_date": "2025-06-30", "basic_pay": 1217.3913043478278, "gross_pay": 1312.17391304348, "paid_days": 1.0, "allowances": [{"title": "House Rent Allowance (HRA)", "amount": 54.78260869565225, "is_taxable": true, "allowance_id": 1}, {"title": "Meal Allowance", "amount": 40.0, "is_taxable": true, "allowance_id": 2}], "start_date": "2025-06-01", "federal_tax": 0, "loss_of_pay": 26782.608695652172, "unpaid_days": 22.0, "contract_wage": 28000.0, "net_deductions": [], "tax_deductions": [], "total_deductions": 155.21739130434807, "pretax_deductions": [{"title": "Provident Fund (PF)", "amount": 146.08695652173935, "is_pretax": true, "deduction_id": 1, "employer_contribution_rate": 0.0}, {"title": "Professional Tax", "amount": 0, "is_pretax": true, "deduction_id": 2, "employer_contribution_rate": 0.0}, {"title": "ESI", "amount": 9.13043478260871, "based_on": "basic_pay", "is_pretax": true, "deduction_id": 3, "employer_contribution_rate": 2.25, "employer_contribution_amount": 27.391304347826125}], "taxable_gross_pay": 1156.956521739132, "post_tax_deductions": [], "basic_pay_deductions": [], "gross_pay_deductions": []}	28000	1217.39	1312.17	155.22	1156.96	draft	f	5	2025-07-21 15:19:09.132974+05:30	\N	~	1	2	2	1	1
2	2025-07-21 15:07:55.594952+05:30	t	\N	\N	f	\N	\N	2025-06-01	2025-06-30	{"range": "Jun 01 2025 - Jun 30 2025", "net_pay": 1755.4347826086964, "employee": 2, "end_date": "2025-06-30", "basic_pay": 1826.08695652174, "gross_pay": 1988.2608695652182, "paid_days": 1.5, "allowances": [{"title": "House Rent Allowance (HRA)", "amount": 82.1739130434783, "is_taxable": true, "allowance_id": 1}, {"title": "Meal Allowance", "amount": 80.0, "is_taxable": true, "allowance_id": 2}], "start_date": "2025-06-01", "federal_tax": 0, "loss_of_pay": 26173.91304347826, "unpaid_days": 21.5, "contract_wage": 28000.0, "net_deductions": [], "tax_deductions": [], "total_deductions": 232.82608695652186, "pretax_deductions": [{"title": "Provident Fund (PF)", "amount": 219.1304347826088, "is_pretax": true, "deduction_id": 1, "employer_contribution_rate": 0.0}, {"title": "Professional Tax", "amount": 0, "is_pretax": true, "deduction_id": 2, "employer_contribution_rate": 0.0}, {"title": "ESI", "amount": 13.69565217391305, "based_on": "basic_pay", "is_pretax": true, "deduction_id": 3, "employer_contribution_rate": 2.25, "employer_contribution_amount": 41.08695652173915}], "taxable_gross_pay": 1755.4347826086964, "post_tax_deductions": [], "basic_pay_deductions": [], "gross_pay_deductions": []}	28000	1826.09	1988.26	232.83	1755.43	draft	f	6	2025-07-21 15:21:04.101984+05:30	\N	~	1	2	2	1	1
\.


--
