-- Data for Name: payroll_historicalpayslip_history_tags; Type: TABLE DATA; Schema: public; Owner: horilla
--

COPY public.payroll_historicalpayslip_history_tags (id, historicalpayslip_id, audittag_id) FROM stdin;
\.


--
-- Data for Name: payroll_loanaccount; Type: TABLE DATA; Schema: public; Owner: horilla
--

COPY public.payroll_loanaccount (id, created_at, is_active, type, title, loan_amount, provided_date, description, is_fixed, rate, installment_amount, installments, installment_start_date, apply_on, settled, settled_date, allowance_id_id, asset_id_id, created_by_id, employee_id_id, modified_by_id) FROM stdin;
1	2025-06-12 15:15:26.097+05:30	t	loan	Medical Loan	60000	2025-06-01	Loan for parents medical case	t	0	5000	12	2025-01-01	end_of_month	f	\N	5	\N	1	18	1
\.


--
-- Data for Name: payroll_loanaccount_deduction_ids; Type: TABLE DATA; Schema: public; Owner: horilla
--

COPY public.payroll_loanaccount_deduction_ids (id, loanaccount_id, deduction_id) FROM stdin;
13	1	1
14	1	2
15	1	3
\.


--
-- Data for Name: payroll_multiplecondition; Type: TABLE DATA; Schema: public; Owner: horilla
--

COPY public.payroll_multiplecondition (id, field, condition, value) FROM stdin;
\.


--
-- Data for Name: payroll_overrideattendance; Type: TABLE DATA; Schema: public; Owner: horilla
--

COPY public.payroll_overrideattendance (attendance_ptr_id) FROM stdin;
\.


--
-- Data for Name: payroll_overrideleaverequest; Type: TABLE DATA; Schema: public; Owner: horilla
--

COPY public.payroll_overrideleaverequest (leaverequest_ptr_id) FROM stdin;
\.


--
-- Data for Name: payroll_payrollgeneralsetting; Type: TABLE DATA; Schema: public; Owner: horilla
--

COPY public.payroll_payrollgeneralsetting (id, notice_period, company_id_id) FROM stdin;
\.


--
-- Data for Name: payroll_payrollsettings; Type: TABLE DATA; Schema: public; Owner: horilla
--

COPY public.payroll_payrollsettings (id, created_at, is_active, currency_symbol, "position", company_id_id, created_by_id, modified_by_id) FROM stdin;
1	2025-06-21 12:46:03.794+05:30	t	$	postfix	\N	\N	\N
\.


--
-- Data for Name: payroll_payslip; Type: TABLE DATA; Schema: public; Owner: horilla
--

COPY public.payroll_payslip (id, created_at, is_active, group_name, reference, start_date, end_date, pay_head_data, contract_wage, basic_pay, gross_pay, deduction, net_pay, status, sent_to_employee, created_by_id, employee_id_id, modified_by_id) FROM stdin;
1	2025-07-17 15:01:23.687895+05:30	t	\N	\N	2025-03-01	2025-03-31	{"range": "Mar 01 2025 - Mar 31 2025", "net_pay": 0.0, "employee": 2, "end_date": "2025-03-31", "basic_pay": 0.0, "gross_pay": 0.0, "paid_days": 0.0, "allowances": [{"title": "House Rent Allowance (HRA)", "amount": 0, "is_taxable": true, "allowance_id": 1}], "start_date": "2025-03-01", "federal_tax": 0, "loss_of_pay": 28000.0, "unpaid_days": 24.0, "contract_wage": 28000.0, "net_deductions": [], "tax_deductions": [], "total_deductions": 0.0, "pretax_deductions": [{"title": "Provident Fund (PF)", "amount": 0, "is_pretax": true, "deduction_id": 1, "employer_contribution_rate": 0.0}, {"title": "Professional Tax", "amount": 0, "is_pretax": true, "deduction_id": 2, "employer_contribution_rate": 0.0}, {"title": "ESI", "amount": 0.0, "based_on": "basic_pay", "is_pretax": true, "deduction_id": 3, "employer_contribution_rate": 2.25, "employer_contribution_amount": 0.0}], "taxable_gross_pay": 0.0, "post_tax_deductions": [], "basic_pay_deductions": [], "gross_pay_deductions": []}	28000	0	0	0	0	paid	f	1	2	1
2	2025-07-21 15:07:55.594952+05:30	t	\N	\N	2025-06-01	2025-06-30	{"range": "Jun 01 2025 - Jun 30 2025", "net_pay": 1755.4347826086964, "employee": 2, "end_date": "2025-06-30", "basic_pay": 1826.08695652174, "gross_pay": 1988.2608695652182, "paid_days": 1.5, "allowances": [{"title": "House Rent Allowance (HRA)", "amount": 82.1739130434783, "is_taxable": true, "allowance_id": 1}, {"title": "Meal Allowance", "amount": 80.0, "is_taxable": true, "allowance_id": 2}], "start_date": "2025-06-01", "federal_tax": 0, "loss_of_pay": 26173.91304347826, "unpaid_days": 21.5, "contract_wage": 28000.0, "net_deductions": [], "tax_deductions": [], "total_deductions": 232.82608695652186, "pretax_deductions": [{"title": "Provident Fund (PF)", "amount": 219.1304347826088, "is_pretax": true, "deduction_id": 1, "employer_contribution_rate": 0.0}, {"title": "Professional Tax", "amount": 0, "is_pretax": true, "deduction_id": 2, "employer_contribution_rate": 0.0}, {"title": "ESI", "amount": 13.69565217391305, "based_on": "basic_pay", "is_pretax": true, "deduction_id": 3, "employer_contribution_rate": 2.25, "employer_contribution_amount": 41.08695652173915}], "taxable_gross_pay": 1755.4347826086964, "post_tax_deductions": [], "basic_pay_deductions": [], "gross_pay_deductions": []}	28000	1826.09	1988.26	232.83	1755.43	draft	f	1	2	1
\.


--
-- Data for Name: payroll_payslip_installment_ids; Type: TABLE DATA; Schema: public; Owner: horilla
--

COPY public.payroll_payslip_installment_ids (id, payslip_id, deduction_id) FROM stdin;
\.


--
-- Data for Name: payroll_payslipautogenerate; Type: TABLE DATA; Schema: public; Owner: horilla
--

COPY public.payroll_payslipautogenerate (id, generate_day, auto_generate, company_id_id) FROM stdin;
\.


--
-- Data for Name: payroll_reimbursement; Type: TABLE DATA; Schema: public; Owner: horilla
--

COPY public.payroll_reimbursement (id, created_at, is_active, title, type, allowance_on, attachment, ad_to_encash, cfd_to_encash, bonus_to_encash, amount, status, description, allowance_id_id, approved_by_id, created_by_id, employee_id_id, leave_type_id_id, modified_by_id) FROM stdin;
1	2025-06-21 14:12:06.139+05:30	t	Reimbursment For Travel	reimbursement	2025-06-01	payroll/reimbursements/Passport_yHUaQ2e.pdf	0	0	0	2000	requested	Request for travels amount reimbursment	\N	\N	1	11	\N	1
2	2024-10-15 10:08:48.945+05:30	t	Transportation Cost	reimbursement	2024-10-17	payroll/reimbursements/Multiple_Approvals_1Q5Ce9r.png	0	0	0	100	requested	Transportation cost for client meeting (taxi fare to and from office to clientÆs location).	\N	\N	1	28	\N	1
3	2024-10-15 10:09:28.342+05:30	t	Conference registratio	reimbursement	2024-10-18	payroll/reimbursements/Cosec_TgVWkpp.png	0	0	0	1200	requested	Conference registration fee for DjangoCon 2024 (online workshop).	\N	\N	1	19	\N	1
4	2024-10-15 10:09:56.67+05:30	t	Lunch with client	reimbursement	2024-10-15	payroll/reimbursements/Mutliple_Approval_Form_gcX4pnl.png	0	0	0	300	requested	Lunch with client (meal expenses incurred during project discussion with ABC Corp).	\N	\N	1	22	\N	1
5	2024-10-15 10:10:31.35+05:30	t	Software license	reimbursement	2024-10-15	payroll/reimbursements/Horilla_2_PLf7NkW.png	0	0	0	2500	requested	Software license for Sublime Text (1-year subscription for team development).	\N	\N	1	19	\N	1
6	2025-07-17 14:58:05.978963+05:30	t	test	leave_encashment	2025-07-17		5	0	0	5	requested	test	\N	\N	1	127	7	1
7	2025-07-17 15:44:28.423999+05:30	t	test	reimbursement	2025-07-17	payroll/reimbursements/Screenshot_from_2025-07-17_13-18-32.png	0	0	0	1200	requested	test approved	\N	\N	1	127	7	1
8	2025-07-17 15:51:22.915559+05:30	t	test	reimbursement	2025-07-20	payroll/reimbursements/Screenshot_from_2025-07-17_13-18-32_30ittIy.png	0	0	0	1800	requested	test	\N	\N	1	127	7	1
9	2025-07-17 16:26:07.760678+05:30	t	test	reimbursement	2025-07-17	payroll/reimbursements/Screenshot_from_2025-07-17_13-18-32_UDmU73I.png	0	0	0	1200	requested	test	\N	\N	1	127	7	1
10	2025-07-17 16:30:39.571686+05:30	t	test	reimbursement	2025-07-17	payroll/reimbursements/Screenshot_from_2025-07-17_13-18-32_y7MQzX0.png	0	0	0	1223	requested	test	\N	\N	1	127	7	1
11	2025-07-18 16:12:30.385404+05:30	t	tets	reimbursement	2025-07-18	payroll/reimbursements/Screenshot_from_2025-07-17_13-18-32_K3yEjbB.png	0	0	0	120	requested	test	\N	\N	1	127	7	1
12	2025-07-18 16:12:57.938504+05:30	t	test	leave_encashment	2025-07-18		5	0	0	5	requested	test	\N	\N	1	127	7	1
13	2025-07-18 16:13:19.759234+05:30	t	test	reimbursement	2025-07-18	payroll/reimbursements/Screenshot_from_2025-07-17_13-18-32_aPC416n.png	0	0	0	1200	requested	test	\N	\N	1	127	7	1
14	2025-07-18 16:13:46.984942+05:30	t	tets	leave_encashment	2025-07-18		4	0	0	4	requested	test	\N	\N	1	127	7	1
15	2025-07-18 17:13:44.240074+05:30	t	Test	bonus_encashment	2025-07-18		0	0	100	100	requested	PFA	\N	\N	1	127	\N	1
16	2025-07-18 17:14:20.648358+05:30	t	test	leave_encashment	2025-07-24		2	0	0	2	requested	test	\N	\N	1	127	7	1
17	2025-07-18 17:14:37.99072+05:30	t	test	reimbursement	2025-07-18	payroll/reimbursements/Screenshot_from_2025-07-17_13-18-32_SQtF7gV.png	0	0	0	100	requested	test	\N	\N	1	127	7	1
18	2025-07-18 17:14:56.350941+05:30	t	test	reimbursement	2025-07-18	payroll/reimbursements/Screenshot_from_2025-07-17_13-18-32_cqcV7Tv.png	0	0	0	1200	requested	test	\N	\N	1	127	7	1
19	2025-07-18 17:20:45.559639+05:30	t	test	reimbursement	2025-07-18	payroll/reimbursements/Screenshot_from_2025-07-17_13-18-32_UGyiRJK.png	0	0	0	1200	requested	trets	\N	\N	1	127	7	1
20	2025-07-18 17:21:18.000479+05:30	t	tets	bonus_encashment	2025-07-18		0	0	123	123	requested	test	\N	\N	1	127	\N	1
21	2025-07-18 17:21:31.361105+05:30	t	test	leave_encashment	2025-07-18		5	0	0	5	requested	test	\N	\N	1	127	7	1
22	2025-07-21 11:24:35.133861+05:30	t	test	reimbursement	2025-07-21	payroll/reimbursements/Screenshot_from_2025-07-17_13-18-32_4l9yFHg.png	0	0	0	1800	requested	TEST PDF	\N	\N	129	127	7	129
23	2025-07-21 11:25:17.101462+05:30	t	TEST	leave_encashment	2025-07-21		5	0	0	5	requested	new one	\N	\N	129	127	7	129
24	2025-07-21 11:26:16.211774+05:30	t	New Imp	bonus_encashment	2025-07-21		0	0	900	900	requested	test	\N	\N	129	127	\N	129
25	2025-07-21 12:00:54.927577+05:30	t	newp	reimbursement	2025-07-21	payroll/reimbursements/Screenshot_from_2025-07-17_13-18-32_B5ZPw6E.png	0	0	0	1200	requested	test	\N	\N	1	127	7	1
26	2025-07-21 12:01:22.416381+05:30	t	new	bonus_encashment	2025-07-21		0	0	10	10	requested	test	\N	\N	1	127	\N	1
27	2025-07-21 12:01:58.170026+05:30	t	test bbm	leave_encashment	2025-07-21		5	0	0	5	requested	MMKB	\N	\N	1	127	6	1
28	2025-07-21 12:05:57.520208+05:30	t	test	reimbursement	2025-07-23	payroll/reimbursements/Screenshot_from_2025-07-17_13-18-32_pbA3QXz.png	0	0	0	120	requested	test	\N	\N	1	127	7	1
29	2025-07-21 12:06:17.933643+05:30	t	newone	bonus_encashment	2025-07-21		0	0	100	100	requested	test	\N	\N	1	127	\N	1
30	2025-07-21 12:06:37.905291+05:30	t	test	leave_encashment	2025-07-21		2	0	0	2	requested	test	\N	\N	1	127	7	1
\.


--
-- Data for Name: payroll_reimbursement_other_attachments; Type: TABLE DATA; Schema: public; Owner: horilla
--

COPY public.payroll_reimbursement_other_attachments (id, reimbursement_id, reimbursementmultipleattachment_id) FROM stdin;
1	1	1
2	7	2
3	8	3
4	9	4
5	10	5
6	11	6
7	13	7
8	17	8
9	18	9
10	19	10
11	22	11
12	25	12
13	28	13
\.


--
-- Data for Name: payroll_reimbursementfile; Type: TABLE DATA; Schema: public; Owner: horilla
--

COPY public.payroll_reimbursementfile (id, file) FROM stdin;
\.


--
-- Data for Name: payroll_reimbursementmultipleattachment; Type: TABLE DATA; Schema: public; Owner: horilla
--

COPY public.payroll_reimbursementmultipleattachment (id, attachment) FROM stdin;
1	payroll/reimbursements/Passport.pdf
2	payroll/reimbursements/Screenshot_from_2025-07-17_13-18-32_BiVmkCw.png
3	payroll/reimbursements/Screenshot_from_2025-07-17_13-18-32_2c32euq.png
4	payroll/reimbursements/Screenshot_from_2025-07-17_13-18-32_KmU5BFa.png
5	payroll/reimbursements/Screenshot_from_2025-07-17_13-18-32_kjXLiwW.png
6	payroll/reimbursements/Screenshot_from_2025-07-17_13-18-32_CImoDyt.png
7	payroll/reimbursements/Screenshot_from_2025-07-17_13-18-32_ZCxsKsb.png
8	payroll/reimbursements/Screenshot_from_2025-07-17_13-18-32_OhWLsAg.png
9	payroll/reimbursements/Screenshot_from_2025-07-17_13-18-32_ER6hQmJ.png
10	payroll/reimbursements/Screenshot_from_2025-07-17_13-18-32_V9NwSP5.png
11	payroll/reimbursements/Screenshot_from_2025-07-17_13-18-32_Z09Sfyb.png
12	payroll/reimbursements/Screenshot_from_2025-07-17_13-18-32_tYq6X7w.png
13	payroll/reimbursements/Screenshot_from_2025-07-17_13-18-32_IJp3rln.png
\.


--
-- Data for Name: payroll_reimbursementrequestcomment; Type: TABLE DATA; Schema: public; Owner: horilla
--

COPY public.payroll_reimbursementrequestcomment (id, is_active, comment, created_at, created_by_id, employee_id_id, modified_by_id, request_id_id) FROM stdin;
\.


--
-- Data for Name: payroll_reimbursementrequestcomment_files; Type: TABLE DATA; Schema: public; Owner: horilla
--

COPY public.payroll_reimbursementrequestcomment_files (id, reimbursementrequestcomment_id, reimbursementfile_id) FROM stdin;
\.


--
-- Data for Name: payroll_taxbracket; Type: TABLE DATA; Schema: public; Owner: horilla
--

COPY public.payroll_taxbracket (id, created_at, is_active, min_income, max_income, tax_rate, created_by_id, filing_status_id_id, modified_by_id) FROM stdin;
1	2025-06-21 14:14:26.05+05:30	t	0	11600	10	1	1	1
2	2025-06-21 14:14:36.408+05:30	t	11601	47150	12	1	1	1
3	2025-06-21 14:14:45.023+05:30	t	47151	100525	22	1	1	1
4	2025-06-21 14:15:07.251+05:30	t	100526	191950	24	1	1	1
5	2025-06-21 14:15:28.22+05:30	t	191951	243725	32	1	1	1
6	2025-06-21 14:15:42.61+05:30	t	243726	609350	35	1	1	1
7	2025-06-21 14:15:58.234+05:30	t	609351	Infinity	37	1	1	1
8	2025-06-21 14:16:40.497+05:30	t	0	11600	10	1	2	1
9	2025-06-21 14:16:49.039+05:30	t	11601	47150	12	1	2	1
10	2025-06-21 14:16:59.265+05:30	t	47151	100525	22	1	2	1
11	2025-06-21 14:17:12.204+05:30	t	100526	191950	24	1	2	1
12	2025-06-21 14:17:26.068+05:30	t	191951	243725	32	1	2	1
13	2025-06-21 14:17:40.309+05:30	t	243726	365600	35	1	2	1
14	2025-06-21 14:17:48.308+05:30	t	365601	Infinity	37	1	2	1
15	2025-06-21 14:18:13.578+05:30	t	0	23200	10	1	3	1
16	2025-06-21 14:18:22.948+05:30	t	23201	94300	12	1	3	1
17	2025-06-21 14:18:38.104+05:30	t	94301	201050	22	1	3	1
18	2025-06-21 14:18:52.625+05:30	t	201051	383900	24	1	3	1
19	2025-06-21 14:19:09.192+05:30	t	383901	487450	32	1	3	1
20	2025-06-21 14:19:23.918+05:30	t	487451	731200	35	1	3	1
21	2025-06-21 14:19:32.982+05:30	t	731201	Infinity	37	1	3	1
22	2025-06-21 14:19:55.138+05:30	t	0	16550	10	1	4	1
23	2025-06-21 14:20:07.112+05:30	t	16551	63100	12	1	4	1
24	2025-06-21 14:20:16.831+05:30	t	63101	100500	22	1	4	1
25	2025-06-21 14:20:44.001+05:30	t	100501	191950	24	1	4	1
26	2025-06-21 14:20:56.7+05:30	t	191951	243700	32	1	4	1
27	2025-06-21 14:21:10.92+05:30	t	243701	609350	35	1	4	1
28	2025-06-21 14:21:25.104+05:30	t	609351	Infinity	37	1	4	1
\.


--
-- Data for Name: payroll_workrecord; Type: TABLE DATA; Schema: public; Owner: horilla
--

COPY public.payroll_workrecord (id, record_name, work_record_type, date, at_work, min_hour, at_work_second, min_hour_second, note, message, is_attendance_record, is_leave_record, day_percentage, last_update, employee_id_id) FROM stdin;
\.


--
-- Data for Name: pms_anonymousfeedback; Type: TABLE DATA; Schema: public; Owner: horilla
--

COPY public.pms_anonymousfeedback (id, feedback_subject, based_on, status, created_at, archive, anonymous_feedback_id, feedback_description, department_id_id, employee_id_id, job_position_id_id) FROM stdin;
\.


--
-- Data for Name: pms_answer; Type: TABLE DATA; Schema: public; Owner: horilla
--

COPY public.pms_answer (id, answer, employee_id_id, feedback_id_id, question_id_id) FROM stdin;
\.


--
-- Data for Name: pms_bonuspointsetting; Type: TABLE DATA; Schema: public; Owner: horilla
--

COPY public.pms_bonuspointsetting (id, model, applicable_for, bonus_for, field_1, conditions, field_2, points, is_active) FROM stdin;
\.


--
-- Data for Name: pms_comment; Type: TABLE DATA; Schema: public; Owner: horilla
--

COPY public.pms_comment (id, comment, created_at, employee_id_id, employee_objective_id_id) FROM stdin;
\.


--
-- Data for Name: pms_employeebonuspoint; Type: TABLE DATA; Schema: public; Owner: horilla
--

COPY public.pms_employeebonuspoint (id, created_at, is_active, bonus_point, instance, based_on, bonus_point_id_id, created_by_id, employee_id_id, modified_by_id) FROM stdin;
1	2025-07-18 17:11:56.936237+05:30	t	1000	\N	Provident Fund	\N	1	127	1
\.


--
-- Data for Name: pms_employeekeyresult; Type: TABLE DATA; Schema: public; Owner: horilla
--

COPY public.pms_employeekeyresult (id, key_result, key_result_description, progress_type, status, created_at, updated_at, start_value, current_value, target_value, start_date, end_date, progress_percentage, employee_objective_id_id, key_result_id_id) FROM stdin;
1	Social Media Influvencer	\N	%	Not Started	2024-09-17	2024-09-17	0	0	100	\N	\N	0	1	3
2	Digital Marketing	\N	%	Not Started	2024-09-17	2024-09-17	0	0	100	\N	\N	0	1	2
3	Contact Customer	\N	%	Not Started	2024-09-17	2024-09-17	0	0	100	\N	\N	0	1	1
4	Social Media Influvencer	\N	%	Not Started	2024-09-17	2024-09-17	0	0	100	\N	\N	0	2	3
5	Digital Marketing	\N	%	Not Started	2024-09-17	2024-09-17	0	0	100	\N	\N	0	2	2
6	Contact Customer	\N	%	Not Started	2024-09-17	2024-09-17	0	0	100	\N	\N	0	2	1
7	Social Media Influvencer	\N	%	Not Started	2024-09-17	2024-09-17	0	0	100	\N	\N	0	3	3
8	Digital Marketing	\N	%	Not Started	2024-09-17	2024-09-17	0	0	100	\N	\N	0	3	2
9	Contact Customer	\N	%	Not Started	2024-09-17	2024-09-17	0	0	100	\N	\N	0	3	1
\.


--
-- Data for Name: pms_employeeobjective; Type: TABLE DATA; Schema: public; Owner: horilla
--

COPY public.pms_employeeobjective (id, is_active, objective, objective_description, created_at, updated_at, start_date, end_date, status, progress_percentage, archive, created_by_id, employee_id_id, modified_by_id, objective_id_id) FROM stdin;
1	t	\N	\N	2024-09-17	2024-09-17	2024-09-23	2024-10-23	Not Started	0	f	1	12	1	1
2	t	\N	\N	2024-09-17	2024-09-17	2024-09-23	2024-10-23	Not Started	0	f	1	13	1	1
3	t	\N	\N	2024-09-17	2024-09-17	2024-09-23	2024-10-23	Not Started	0	f	1	68	1	1
\.


--
-- Data for Name: pms_employeeobjective_key_result_id; Type: TABLE DATA; Schema: public; Owner: horilla
--

COPY public.pms_employeeobjective_key_result_id (id, employeeobjective_id, keyresult_id) FROM stdin;
\.


--
-- Data for Name: pms_feedback; Type: TABLE DATA; Schema: public; Owner: horilla
--

COPY public.pms_feedback (id, created_at, is_active, review_cycle, status, archive, start_date, end_date, cyclic_feedback, cyclic_feedback_days_count, cyclic_feedback_period, cyclic_next_start_date, cyclic_next_end_date, created_by_id, employee_id_id, manager_id_id, modified_by_id, question_template_id_id) FROM stdin;
1	2025-06-10 08:47:18.931+05:30	t	Isabella Feedback	Not Started	f	2025-06-01	2025-06-30	f	\N	\N	\N	\N	1	14	13	1	1
\.


--
-- Data for Name: pms_feedback_colleague_id; Type: TABLE DATA; Schema: public; Owner: horilla
--

COPY public.pms_feedback_colleague_id (id, feedback_id, employee_id) FROM stdin;
1	1	16
2	1	18
\.


--
-- Data for Name: pms_feedback_employee_key_results_id; Type: TABLE DATA; Schema: public; Owner: horilla
--

COPY public.pms_feedback_employee_key_results_id (id, feedback_id, employeekeyresult_id) FROM stdin;
\.


--
-- Data for Name: pms_feedback_others_id; Type: TABLE DATA; Schema: public; Owner: horilla
--

COPY public.pms_feedback_others_id (id, feedback_id, employee_id) FROM stdin;
\.


--
-- Data for Name: pms_feedback_subordinate_id; Type: TABLE DATA; Schema: public; Owner: horilla
--

COPY public.pms_feedback_subordinate_id (id, feedback_id, employee_id) FROM stdin;
\.


--
-- Data for Name: pms_historicalcomment; Type: TABLE DATA; Schema: public; Owner: horilla
--

COPY public.pms_historicalcomment (id, history_title, history_description, history_highlight, created_at, history_id, history_date, history_change_reason, history_type, employee_id_id, employee_objective_id_id, history_user_id) FROM stdin;
\.


--
-- Data for Name: pms_historicalcomment_history_tags; Type: TABLE DATA; Schema: public; Owner: horilla
--

COPY public.pms_historicalcomment_history_tags (id, historicalcomment_id, audittag_id) FROM stdin;
\.


--
-- Data for Name: pms_historicalemployeekeyresult; Type: TABLE DATA; Schema: public; Owner: horilla
--

COPY public.pms_historicalemployeekeyresult (id, history_title, history_description, history_highlight, key_result, key_result_description, progress_type, status, created_at, updated_at, start_value, current_value, target_value, start_date, end_date, progress_percentage, history_id, history_date, history_change_reason, history_type, employee_objective_id_id, history_user_id, key_result_id_id) FROM stdin;
\.


--
-- Data for Name: pms_historicalemployeekeyresult_history_tags; Type: TABLE DATA; Schema: public; Owner: horilla
--

COPY public.pms_historicalemployeekeyresult_history_tags (id, historicalemployeekeyresult_id, audittag_id) FROM stdin;
\.


--
-- Data for Name: pms_historicalemployeeobjective; Type: TABLE DATA; Schema: public; Owner: horilla
--

COPY public.pms_historicalemployeeobjective (id, is_active, history_title, history_description, history_highlight, objective, objective_description, created_at, updated_at, start_date, end_date, status, progress_percentage, archive, history_id, history_date, history_change_reason, history_type, created_by_id, employee_id_id, history_relation_id, history_user_id, modified_by_id, objective_id_id) FROM stdin;
\.


--
-- Data for Name: pms_historicalemployeeobjective_history_tags; Type: TABLE DATA; Schema: public; Owner: horilla
--

COPY public.pms_historicalemployeeobjective_history_tags (id, historicalemployeeobjective_id, audittag_id) FROM stdin;
\.


--
-- Data for Name: pms_historicalkeyresult; Type: TABLE DATA; Schema: public; Owner: horilla
--

COPY public.pms_historicalkeyresult (id, created_at, is_active, history_title, history_description, history_highlight, title, description, progress_type, target_value, duration, archive, history_id, history_date, history_change_reason, history_type, company_id_id, created_by_id, history_user_id, modified_by_id) FROM stdin;
3	2024-09-17 15:02:55.218+05:30	t	\N	\N	f	Social Media Influvencer	Description	%	100	2	f	1	2025-06-09 09:26:31.268+05:30	\N	~	1	1	\N	1
3	2024-09-17 15:02:55.218+05:30	t	\N	\N	f	Social Media Influvencer	Description	%	100	2	f	2	2025-06-09 09:36:25.161+05:30	\N	~	1	1	\N	1
3	2024-09-17 15:02:55.218+05:30	t	\N	\N	f	Social Media Influvencer	Description	%	100	2	f	3	2025-06-09 09:37:56.768+05:30	\N	~	1	1	\N	1
3	2024-09-17 15:02:55.218+05:30	t	\N	\N	f	Social Media Influvencer	Description	%	100	2	f	4	2025-06-09 09:38:22.171+05:30	\N	~	1	1	\N	1
3	2024-09-17 15:02:55.218+05:30	t	\N	\N	f	Social Media Influvencer	Description	%	100	2	f	5	2025-06-09 09:38:35.727+05:30	\N	~	1	1	\N	1
3	2024-09-17 15:02:55.218+05:30	t	\N	\N	f	Social Media Influvencer	Description	%	100	2	f	6	2025-06-09 09:39:07.671+05:30	\N	~	1	1	\N	1
3	2024-09-17 15:02:55.218+05:30	t	\N	\N	f	Social Media Influvencer	Description	%	100	2	f	7	2025-06-09 09:42:17.507+05:30	\N	~	1	1	\N	1
3	2024-09-17 15:02:55.218+05:30	t	\N	\N	f	Social Media Influvencer	Description	%	100	2	f	8	2025-06-09 09:42:25.983+05:30	\N	~	1	1	\N	1
3	2024-09-17 15:02:55.218+05:30	t	\N	\N	f	Social Media Influvencer	Description	%	100	2	f	9	2025-06-09 09:56:23.522+05:30	\N	~	1	1	\N	1
3	2024-09-17 15:02:55.218+05:30	t	\N	\N	f	Social Media Influvencer	Description	%	100	2	f	10	2025-06-09 09:56:43.184+05:30	\N	~	1	1	\N	1
3	2024-09-17 15:02:55.218+05:30	t	\N	\N	f	Social Media Influvencer	Description	%	100	2	f	11	2025-06-09 09:57:06.415+05:30	\N	~	1	1	\N	1
3	2024-09-17 15:02:55.218+05:30	t	\N	\N	f	Social Media Influvencer	Description	%	100	2	f	12	2025-06-09 09:58:09.36+05:30	\N	~	1	1	\N	1
3	2024-09-17 15:02:55.218+05:30	t	\N	\N	f	Social Media Influvencer	Description	%	100	2	f	13	2025-06-09 09:59:04.33+05:30	\N	~	1	1	\N	1
3	2024-09-17 15:02:55.218+05:30	t	\N	\N	f	Social Media Influvencer	Description	%	100	2	f	14	2025-06-09 10:01:04.038+05:30	\N	~	1	1	\N	1
3	2024-09-17 15:02:55.218+05:30	t	\N	\N	f	Social Media Influvencer	Description	%	100	2	f	15	2025-06-09 10:13:23.982+05:30	\N	~	1	1	\N	1
3	2024-09-17 15:02:55.218+05:30	t	\N	\N	f	Social Media Influvencer	Description	%	100	2	f	16	2025-06-09 10:27:27.561+05:30	\N	~	1	1	\N	1
3	2024-09-17 15:02:55.218+05:30	t	\N	\N	f	Social Media Influvencer	Description	%	100	2	f	17	2025-06-09 10:38:11.324+05:30	\N	~	1	1	\N	1
3	2024-09-17 15:02:55.218+05:30	t	\N	\N	f	Social Media Influvencer	Description	%	100	2	f	18	2025-06-09 10:38:23.57+05:30	\N	~	1	1	\N	1
3	2024-09-17 15:02:55.218+05:30	t	\N	\N	f	Social Media Influvencer	Description	%	100	2	f	19	2025-06-09 10:38:37.172+05:30	\N	~	1	1	\N	1
3	2024-09-17 15:02:55.218+05:30	t	\N	\N	f	Social Media Influvencer	Description	%	100	2	f	20	2025-06-09 10:39:12.127+05:30	\N	~	1	1	\N	1
3	2024-09-17 15:02:55.218+05:30	t	\N	\N	f	Social Media Influvencer	Description	%	100	2	f	21	2025-06-09 10:39:30.817+05:30	\N	~	1	1	\N	1
3	2024-09-17 15:02:55.218+05:30	t	\N	\N	f	Social Media Influvencer	Description	%	100	2	f	22	2025-06-09 10:39:55.938+05:30	\N	~	1	1	\N	1
3	2024-09-17 15:02:55.218+05:30	t	\N	\N	f	Social Media Influvencer	Description	%	100	2	f	23	2025-06-09 10:58:30.867+05:30	\N	~	1	1	\N	1
3	2024-09-17 15:02:55.218+05:30	t	\N	\N	f	Social Media Influvencer	Description	%	100	2	f	24	2025-06-09 10:59:44.623+05:30	\N	~	1	1	\N	1
3	2024-09-17 15:02:55.218+05:30	t	\N	\N	f	Social Media Influvencer	Description	%	100	2	f	25	2025-06-09 11:06:32.069+05:30	\N	~	1	1	\N	1
3	2024-09-17 15:02:55.218+05:30	t	\N	\N	f	Social Media Influvencer	Description	%	100	2	f	26	2025-06-09 11:06:37.67+05:30	\N	~	1	1	\N	1
3	2024-09-17 15:02:55.218+05:30	t	\N	\N	f	Social Media Influvencer	Description	%	100	2	f	27	2025-06-09 11:11:32.527+05:30	\N	~	1	1	\N	1
3	2024-09-17 15:02:55.218+05:30	t	\N	\N	f	Social Media Influvencer	Description	%	100	2	f	28	2025-06-09 11:11:49.267+05:30	\N	~	1	1	\N	1
3	2024-09-17 15:02:55.218+05:30	t	\N	\N	f	Social Media Influvencer	Description	%	100	2	f	29	2025-06-09 11:12:06.763+05:30	\N	~	1	1	\N	1
3	2024-09-17 15:02:55.218+05:30	t	\N	\N	f	Social Media Influvencer	Description	%	100	2	f	30	2025-06-09 11:12:11.592+05:30	\N	~	1	1	\N	1
3	2024-09-17 15:02:55.218+05:30	t	\N	\N	f	Social Media Influvencer	Description	%	100	2	f	31	2025-06-09 16:35:35.708+05:30	\N	~	1	1	\N	1
3	2024-09-17 15:02:55.218+05:30	t	\N	\N	f	Social Media Influvencer	Description	%	100	2	f	32	2025-06-09 16:36:37.94+05:30	\N	~	1	1	\N	1
3	2024-09-17 15:02:55.218+05:30	t	\N	\N	f	Social Media Influvencer	Description	%	100	2	f	33	2025-06-09 16:52:34.873+05:30	\N	~	1	1	\N	1
3	2024-09-17 15:02:55.218+05:30	t	\N	\N	f	Social Media Influvencer	Description	%	100	2	f	34	2025-06-09 16:52:40.444+05:30	\N	~	1	1	\N	1
3	2024-09-17 15:02:55.218+05:30	t	\N	\N	f	Social Media Influvencer	Description	%	100	2	f	35	2025-06-10 08:36:08.373+05:30	\N	~	1	1	\N	1
3	2024-09-17 15:02:55.218+05:30	t	\N	\N	f	Social Media Influvencer	Description	%	100	2	f	36	2025-06-10 08:36:17.492+05:30	\N	~	1	1	\N	1
3	2024-09-17 15:02:55.218+05:30	t	\N	\N	f	Social Media Influvencer	Description	%	100	2	f	37	2025-06-10 08:52:10.14+05:30	\N	~	1	1	\N	1
3	2024-09-17 15:02:55.218+05:30	t	\N	\N	f	Social Media Influvencer	Description	%	100	2	f	38	2025-06-10 08:52:31.426+05:30	\N	~	1	1	\N	1
3	2024-09-17 15:02:55.218+05:30	t	\N	\N	f	Social Media Influvencer	Description	%	100	2	f	39	2025-07-17 12:59:15.488304+05:30	\N	~	1	1	\N	1
3	2024-09-17 15:02:55.218+05:30	t	\N	\N	f	Social Media Influvencer	Description	%	100	2	f	40	2025-07-17 12:59:20.018032+05:30	\N	~	1	1	\N	1
3	2024-09-17 15:02:55.218+05:30	t	\N	\N	f	Social Media Influvencer	Description	%	100	2	f	41	2025-07-17 14:46:30.865226+05:30	\N	~	1	1	\N	1
3	2024-09-17 15:02:55.218+05:30	t	\N	\N	f	Social Media Influvencer	Description	%	100	2	f	42	2025-07-17 14:46:35.373774+05:30	\N	~	1	1	\N	1
3	2024-09-17 15:02:55.218+05:30	t	\N	\N	f	Social Media Influvencer	Description	%	100	2	f	43	2025-07-17 15:43:14.309732+05:30	\N	~	1	1	\N	1
3	2024-09-17 15:02:55.218+05:30	t	\N	\N	f	Social Media Influvencer	Description	%	100	2	f	44	2025-07-17 15:43:18.795736+05:30	\N	~	1	1	\N	1
3	2024-09-17 15:02:55.218+05:30	t	\N	\N	f	Social Media Influvencer	Description	%	100	2	f	45	2025-07-17 16:48:57.227881+05:30	\N	~	1	1	\N	1
3	2024-09-17 15:02:55.218+05:30	t	\N	\N	f	Social Media Influvencer	Description	%	100	2	f	46	2025-07-17 16:49:12.874772+05:30	\N	~	1	1	\N	1
3	2024-09-17 15:02:55.218+05:30	t	\N	\N	f	Social Media Influvencer	Description	%	100	2	f	47	2025-07-17 16:49:54.635554+05:30	\N	~	1	1	\N	1
3	2024-09-17 15:02:55.218+05:30	t	\N	\N	f	Social Media Influvencer	Description	%	100	2	f	48	2025-07-17 16:50:00.623603+05:30	\N	~	1	1	\N	1
3	2024-09-17 15:02:55.218+05:30	t	\N	\N	f	Social Media Influvencer	Description	%	100	2	f	49	2025-07-17 16:51:09.726291+05:30	\N	~	1	1	\N	1
3	2024-09-17 15:02:55.218+05:30	t	\N	\N	f	Social Media Influvencer	Description	%	100	2	f	50	2025-07-17 16:53:34.901597+05:30	\N	~	1	1	\N	1
3	2024-09-17 15:02:55.218+05:30	t	\N	\N	f	Social Media Influvencer	Description	%	100	2	f	51	2025-07-17 16:53:36.686677+05:30	\N	~	1	1	\N	1
3	2024-09-17 15:02:55.218+05:30	t	\N	\N	f	Social Media Influvencer	Description	%	100	2	f	52	2025-07-17 16:54:35.60999+05:30	\N	~	1	1	\N	1
3	2024-09-17 15:02:55.218+05:30	t	\N	\N	f	Social Media Influvencer	Description	%	100	2	f	53	2025-07-17 16:54:42.107417+05:30	\N	~	1	1	\N	1
3	2024-09-17 15:02:55.218+05:30	t	\N	\N	f	Social Media Influvencer	Description	%	100	2	f	54	2025-07-17 16:58:02.02894+05:30	\N	~	1	1	\N	1
3	2024-09-17 15:02:55.218+05:30	t	\N	\N	f	Social Media Influvencer	Description	%	100	2	f	55	2025-07-17 16:58:03.868377+05:30	\N	~	1	1	\N	1
3	2024-09-17 15:02:55.218+05:30	t	\N	\N	f	Social Media Influvencer	Description	%	100	2	f	56	2025-07-17 16:59:38.213+05:30	\N	~	1	1	\N	1
3	2024-09-17 15:02:55.218+05:30	t	\N	\N	f	Social Media Influvencer	Description	%	100	2	f	57	2025-07-17 17:49:10.251267+05:30	\N	~	1	1	\N	1
3	2024-09-17 15:02:55.218+05:30	t	\N	\N	f	Social Media Influvencer	Description	%	100	2	f	58	2025-07-17 17:49:13.818132+05:30	\N	~	1	1	\N	1
3	2024-09-17 15:02:55.218+05:30	t	\N	\N	f	Social Media Influvencer	Description	%	100	2	f	59	2025-07-17 17:49:32.33356+05:30	\N	~	1	1	\N	1
3	2024-09-17 15:02:55.218+05:30	t	\N	\N	f	Social Media Influvencer	Description	%	100	2	f	60	2025-07-17 17:49:53.861452+05:30	\N	~	1	1	\N	1
3	2024-09-17 15:02:55.218+05:30	t	\N	\N	f	Social Media Influvencer	Description	%	100	2	f	61	2025-07-17 17:50:10.895874+05:30	\N	~	1	1	\N	1
3	2024-09-17 15:02:55.218+05:30	t	\N	\N	f	Social Media Influvencer	Description	%	100	2	f	62	2025-07-17 17:53:44.608234+05:30	\N	~	1	1	\N	1
3	2024-09-17 15:02:55.218+05:30	t	\N	\N	f	Social Media Influvencer	Description	%	100	2	f	63	2025-07-17 17:53:48.196778+05:30	\N	~	1	1	\N	1
3	2024-09-17 15:02:55.218+05:30	t	\N	\N	f	Social Media Influvencer	Description	%	100	2	f	64	2025-07-17 18:34:42.909143+05:30	\N	~	1	1	\N	1
3	2024-09-17 15:02:55.218+05:30	t	\N	\N	f	Social Media Influvencer	Description	%	100	2	f	65	2025-07-17 18:34:47.342041+05:30	\N	~	1	1	\N	1
3	2024-09-17 15:02:55.218+05:30	t	\N	\N	f	Social Media Influvencer	Description	%	100	2	f	66	2025-07-17 18:43:41.294655+05:30	\N	~	1	1	\N	1
3	2024-09-17 15:02:55.218+05:30	t	\N	\N	f	Social Media Influvencer	Description	%	100	2	f	67	2025-07-17 18:45:23.179928+05:30	\N	~	1	1	\N	1
3	2024-09-17 15:02:55.218+05:30	t	\N	\N	f	Social Media Influvencer	Description	%	100	2	f	68	2025-07-17 18:45:27.003279+05:30	\N	~	1	1	\N	1
3	2024-09-17 15:02:55.218+05:30	t	\N	\N	f	Social Media Influvencer	Description	%	100	2	f	69	2025-07-17 19:54:48.839337+05:30	\N	~	1	1	\N	1
3	2024-09-17 15:02:55.218+05:30	t	\N	\N	f	Social Media Influvencer	Description	%	100	2	f	70	2025-07-17 19:54:52.765938+05:30	\N	~	1	1	\N	1
3	2024-09-17 15:02:55.218+05:30	t	\N	\N	f	Social Media Influvencer	Description	%	100	2	f	71	2025-07-18 12:43:09.394473+05:30	\N	~	1	1	\N	1
3	2024-09-17 15:02:55.218+05:30	t	\N	\N	f	Social Media Influvencer	Description	%	100	2	f	72	2025-07-18 12:43:13.940335+05:30	\N	~	1	1	\N	1
3	2024-09-17 15:02:55.218+05:30	t	\N	\N	f	Social Media Influvencer	Description	%	100	2	f	73	2025-07-18 16:09:51.338923+05:30	\N	~	1	1	\N	1
3	2024-09-17 15:02:55.218+05:30	t	\N	\N	f	Social Media Influvencer	Description	%	100	2	f	74	2025-07-18 16:09:55.849316+05:30	\N	~	1	1	\N	1
3	2024-09-17 15:02:55.218+05:30	t	\N	\N	f	Social Media Influvencer	Description	%	100	2	f	75	2025-07-18 17:10:05.998429+05:30	\N	~	1	1	\N	1
3	2024-09-17 15:02:55.218+05:30	t	\N	\N	f	Social Media Influvencer	Description	%	100	2	f	76	2025-07-18 17:10:10.907409+05:30	\N	~	1	1	\N	1
3	2024-09-17 15:02:55.218+05:30	t	\N	\N	f	Social Media Influvencer	Description	%	100	2	f	77	2025-07-21 10:39:43.7902+05:30	\N	~	1	1	\N	1
3	2024-09-17 15:02:55.218+05:30	t	\N	\N	f	Social Media Influvencer	Description	%	100	2	f	78	2025-07-21 10:39:48.162706+05:30	\N	~	1	1	\N	1
3	2024-09-17 15:02:55.218+05:30	t	\N	\N	f	Social Media Influvencer	Description	%	100	2	f	79	2025-07-21 10:48:12.111377+05:30	\N	~	1	1	\N	1
3	2024-09-17 15:02:55.218+05:30	t	\N	\N	f	Social Media Influvencer	Description	%	100	2	f	80	2025-07-21 10:48:15.669455+05:30	\N	~	1	1	\N	1
3	2024-09-17 15:02:55.218+05:30	t	\N	\N	f	Social Media Influvencer	Description	%	100	2	f	81	2025-07-21 11:23:30.601304+05:30	\N	~	1	1	\N	1
3	2024-09-17 15:02:55.218+05:30	t	\N	\N	f	Social Media Influvencer	Description	%	100	2	f	82	2025-07-21 11:23:34.610145+05:30	\N	~	1	1	\N	1
3	2024-09-17 15:02:55.218+05:30	t	\N	\N	f	Social Media Influvencer	Description	%	100	2	f	83	2025-07-21 14:34:54.552667+05:30	\N	~	1	1	\N	1
3	2024-09-17 15:02:55.218+05:30	t	\N	\N	f	Social Media Influvencer	Description	%	100	2	f	84	2025-07-21 14:34:58.117952+05:30	\N	~	1	1	\N	1
3	2024-09-17 15:02:55.218+05:30	t	\N	\N	f	Social Media Influvencer	Description	%	100	2	f	85	2025-07-21 14:47:55.350987+05:30	\N	~	1	1	\N	1
3	2024-09-17 15:02:55.218+05:30	t	\N	\N	f	Social Media Influvencer	Description	%	100	2	f	86	2025-07-21 14:47:59.14053+05:30	\N	~	1	1	\N	1
3	2024-09-17 15:02:55.218+05:30	t	\N	\N	f	Social Media Influvencer	Description	%	100	2	f	87	2025-07-21 15:04:22.773987+05:30	\N	~	1	1	\N	1
3	2024-09-17 15:02:55.218+05:30	t	\N	\N	f	Social Media Influvencer	Description	%	100	2	f	88	2025-07-21 15:04:29.532995+05:30	\N	~	1	1	\N	1
3	2024-09-17 15:02:55.218+05:30	t	\N	\N	f	Social Media Influvencer	Description	%	100	2	f	89	2025-07-21 15:04:33.216624+05:30	\N	~	1	1	\N	1
3	2024-09-17 15:02:55.218+05:30	t	\N	\N	f	Social Media Influvencer	Description	%	100	2	f	90	2025-07-21 15:55:11.031446+05:30	\N	~	1	1	\N	1
3	2024-09-17 15:02:55.218+05:30	t	\N	\N	f	Social Media Influvencer	Description	%	100	2	f	91	2025-07-21 15:55:15.089847+05:30	\N	~	1	1	\N	1
3	2024-09-17 15:02:55.218+05:30	t	\N	\N	f	Social Media Influvencer	Description	%	100	2	f	92	2025-07-21 16:27:32.820605+05:30	\N	~	1	1	\N	1
3	2024-09-17 15:02:55.218+05:30	t	\N	\N	f	Social Media Influvencer	Description	%	100	2	f	93	2025-07-21 16:27:36.539337+05:30	\N	~	1	1	\N	1
3	2024-09-17 15:02:55.218+05:30	t	\N	\N	f	Social Media Influvencer	Description	%	100	2	f	94	2025-07-22 10:26:37.475993+05:30	\N	~	1	1	\N	1
3	2024-09-17 15:02:55.218+05:30	t	\N	\N	f	Social Media Influvencer	Description	%	100	2	f	95	2025-07-22 10:26:42.210068+05:30	\N	~	1	1	\N	1
3	2024-09-17 15:02:55.218+05:30	t	\N	\N	f	Social Media Influvencer	Description	%	100	2	f	96	2025-07-22 11:06:15.20069+05:30	\N	~	1	1	\N	1
3	2024-09-17 15:02:55.218+05:30	t	\N	\N	f	Social Media Influvencer	Description	%	100	2	f	97	2025-07-22 11:06:19.402488+05:30	\N	~	1	1	\N	1
3	2024-09-17 15:02:55.218+05:30	t	\N	\N	f	Social Media Influvencer	Description	%	100	2	f	98	2025-07-22 11:11:34.797017+05:30	\N	~	1	1	\N	1
3	2024-09-17 15:02:55.218+05:30	t	\N	\N	f	Social Media Influvencer	Description	%	100	2	f	99	2025-07-22 11:11:38.360425+05:30	\N	~	1	1	\N	1
3	2024-09-17 15:02:55.218+05:30	t	\N	\N	f	Social Media Influvencer	Description	%	100	2	f	100	2025-07-22 11:34:04.642341+05:30	\N	~	1	1	\N	1
3	2024-09-17 15:02:55.218+05:30	t	\N	\N	f	Social Media Influvencer	Description	%	100	2	f	101	2025-07-22 11:34:08.227697+05:30	\N	~	1	1	\N	1
3	2024-09-17 15:02:55.218+05:30	t	\N	\N	f	Social Media Influvencer	Description	%	100	2	f	102	2025-07-22 15:54:33.530223+05:30	\N	~	1	1	\N	1
3	2024-09-17 15:02:55.218+05:30	t	\N	\N	f	Social Media Influvencer	Description	%	100	2	f	103	2025-07-22 15:54:37.142689+05:30	\N	~	1	1	\N	1
3	2024-09-17 15:02:55.218+05:30	t	\N	\N	f	Social Media Influvencer	Description	%	100	2	f	104	2025-07-22 16:09:09.599401+05:30	\N	~	1	1	\N	1
3	2024-09-17 15:02:55.218+05:30	t	\N	\N	f	Social Media Influvencer	Description	%	100	2	f	105	2025-07-22 16:09:13.624427+05:30	\N	~	1	1	\N	1
3	2024-09-17 15:02:55.218+05:30	t	\N	\N	f	Social Media Influvencer	Description	%	100	2	f	106	2025-07-22 16:10:12.518928+05:30	\N	~	1	1	\N	1
3	2024-09-17 15:02:55.218+05:30	t	\N	\N	f	Social Media Influvencer	Description	%	100	2	f	107	2025-07-22 16:10:16.340764+05:30	\N	~	1	1	\N	1
3	2024-09-17 15:02:55.218+05:30	t	\N	\N	f	Social Media Influvencer	Description	%	100	2	f	108	2025-07-22 16:48:07.761631+05:30	\N	~	1	1	\N	1
3	2024-09-17 15:02:55.218+05:30	t	\N	\N	f	Social Media Influvencer	Description	%	100	2	f	109	2025-07-22 16:48:11.372866+05:30	\N	~	1	1	\N	1
3	2024-09-17 15:02:55.218+05:30	t	\N	\N	f	Social Media Influvencer	Description	%	100	2	f	110	2025-07-22 17:36:50.660604+05:30	\N	~	1	1	\N	1
3	2024-09-17 15:02:55.218+05:30	t	\N	\N	f	Social Media Influvencer	Description	%	100	2	f	111	2025-07-22 17:36:54.419056+05:30	\N	~	1	1	\N	1
3	2024-09-17 15:02:55.218+05:30	t	\N	\N	f	Social Media Influvencer	Description	%	100	2	f	112	2025-07-22 18:09:20.24693+05:30	\N	~	1	1	\N	1
3	2024-09-17 15:02:55.218+05:30	t	\N	\N	f	Social Media Influvencer	Description	%	100	2	f	113	2025-07-22 18:09:24.816585+05:30	\N	~	1	1	\N	1
3	2024-09-17 15:02:55.218+05:30	t	\N	\N	f	Social Media Influvencer	Description	%	100	2	f	114	2025-07-22 18:09:55.292124+05:30	\N	~	1	1	\N	1
3	2024-09-17 15:02:55.218+05:30	t	\N	\N	f	Social Media Influvencer	Description	%	100	2	f	115	2025-07-22 18:10:11.60372+05:30	\N	~	1	1	\N	1
3	2024-09-17 15:02:55.218+05:30	t	\N	\N	f	Social Media Influvencer	Description	%	100	2	f	116	2025-07-22 18:10:19.968568+05:30	\N	~	1	1	\N	1
3	2024-09-17 15:02:55.218+05:30	t	\N	\N	f	Social Media Influvencer	Description	%	100	2	f	117	2025-07-22 18:10:23.635091+05:30	\N	~	1	1	\N	1
3	2024-09-17 15:02:55.218+05:30	t	\N	\N	f	Social Media Influvencer	Description	%	100	2	f	118	2025-07-23 10:36:10.288178+05:30	\N	~	1	1	\N	1
3	2024-09-17 15:02:55.218+05:30	t	\N	\N	f	Social Media Influvencer	Description	%	100	2	f	119	2025-07-23 10:36:17.930306+05:30	\N	~	1	1	\N	1
3	2024-09-17 15:02:55.218+05:30	t	\N	\N	f	Social Media Influvencer	Description	%	100	2	f	120	2025-07-23 10:36:48.236694+05:30	\N	~	1	1	\N	1
3	2024-09-17 15:02:55.218+05:30	t	\N	\N	f	Social Media Influvencer	Description	%	100	2	f	121	2025-07-23 10:36:52.092695+05:30	\N	~	1	1	\N	1
3	2024-09-17 15:02:55.218+05:30	t	\N	\N	f	Social Media Influvencer	Description	%	100	2	f	122	2025-07-23 10:37:06.550775+05:30	\N	~	1	1	\N	1
3	2024-09-17 15:02:55.218+05:30	t	\N	\N	f	Social Media Influvencer	Description	%	100	2	f	123	2025-07-23 10:37:10.325782+05:30	\N	~	1	1	\N	1
3	2024-09-17 15:02:55.218+05:30	t	\N	\N	f	Social Media Influvencer	Description	%	100	2	f	124	2025-07-23 10:40:03.227032+05:30	\N	~	1	1	\N	1
3	2024-09-17 15:02:55.218+05:30	t	\N	\N	f	Social Media Influvencer	Description	%	100	2	f	125	2025-07-23 10:40:06.798734+05:30	\N	~	1	1	\N	1
3	2024-09-17 15:02:55.218+05:30	t	\N	\N	f	Social Media Influvencer	Description	%	100	2	f	126	2025-07-23 11:21:39.125857+05:30	\N	~	1	1	\N	1
3	2024-09-17 15:02:55.218+05:30	t	\N	\N	f	Social Media Influvencer	Description	%	100	2	f	127	2025-07-23 11:21:42.982931+05:30	\N	~	1	1	\N	1
3	2024-09-17 15:02:55.218+05:30	t	\N	\N	f	Social Media Influvencer	Description	%	100	2	f	128	2025-07-23 12:24:16.459143+05:30	\N	~	1	1	\N	1
3	2024-09-17 15:02:55.218+05:30	t	\N	\N	f	Social Media Influvencer	Description	%	100	2	f	129	2025-07-23 12:24:20.146251+05:30	\N	~	1	1	\N	1
3	2024-09-17 15:02:55.218+05:30	t	\N	\N	f	Social Media Influvencer	Description	%	100	2	f	130	2025-07-23 13:00:00.812061+05:30	\N	~	1	1	\N	1
3	2024-09-17 15:02:55.218+05:30	t	\N	\N	f	Social Media Influvencer	Description	%	100	2	f	131	2025-07-23 13:00:04.464013+05:30	\N	~	1	1	\N	1
3	2024-09-17 15:02:55.218+05:30	t	\N	\N	f	Social Media Influvencer	Description	%	100	2	f	132	2025-07-23 13:02:45.210972+05:30	\N	~	1	1	\N	1
3	2024-09-17 15:02:55.218+05:30	t	\N	\N	f	Social Media Influvencer	Description	%	100	2	f	133	2025-07-23 13:02:48.961944+05:30	\N	~	1	1	\N	1
3	2024-09-17 15:02:55.218+05:30	t	\N	\N	f	Social Media Influvencer	Description	%	100	2	f	134	2025-07-23 13:43:21.083057+05:30	\N	~	1	1	\N	1
3	2024-09-17 15:02:55.218+05:30	t	\N	\N	f	Social Media Influvencer	Description	%	100	2	f	135	2025-07-23 13:43:26.018261+05:30	\N	~	1	1	\N	1
3	2024-09-17 15:02:55.218+05:30	t	\N	\N	f	Social Media Influvencer	Description	%	100	2	f	136	2025-07-23 14:54:27.566907+05:30	\N	~	1	1	\N	1
3	2024-09-17 15:02:55.218+05:30	t	\N	\N	f	Social Media Influvencer	Description	%	100	2	f	137	2025-07-23 14:54:31.153602+05:30	\N	~	1	1	\N	1
3	2024-09-17 15:02:55.218+05:30	t	\N	\N	f	Social Media Influvencer	Description	%	100	2	f	138	2025-07-23 15:13:25.480609+05:30	\N	~	1	1	\N	1
3	2024-09-17 15:02:55.218+05:30	t	\N	\N	f	Social Media Influvencer	Description	%	100	2	f	139	2025-07-23 15:13:30.699707+05:30	\N	~	1	1	\N	1
3	2024-09-17 15:02:55.218+05:30	t	\N	\N	f	Social Media Influvencer	Description	%	100	2	f	140	2025-07-23 15:13:52.945748+05:30	\N	~	1	1	\N	1
3	2024-09-17 15:02:55.218+05:30	t	\N	\N	f	Social Media Influvencer	Description	%	100	2	f	141	2025-07-23 15:14:05.192335+05:30	\N	~	1	1	\N	1
3	2024-09-17 15:02:55.218+05:30	t	\N	\N	f	Social Media Influvencer	Description	%	100	2	f	142	2025-07-23 15:14:08.990016+05:30	\N	~	1	1	\N	1
3	2024-09-17 15:02:55.218+05:30	t	\N	\N	f	Social Media Influvencer	Description	%	100	2	f	143	2025-07-23 16:10:12.467084+05:30	\N	~	1	1	\N	1
3	2024-09-17 15:02:55.218+05:30	t	\N	\N	f	Social Media Influvencer	Description	%	100	2	f	144	2025-07-23 16:10:16.046427+05:30	\N	~	1	1	\N	1
3	2024-09-17 15:02:55.218+05:30	t	\N	\N	f	Social Media Influvencer	Description	%	100	2	f	145	2025-07-23 17:46:17.183841+05:30	\N	~	1	1	\N	1
3	2024-09-17 15:02:55.218+05:30	t	\N	\N	f	Social Media Influvencer	Description	%	100	2	f	146	2025-07-23 17:46:53.258403+05:30	\N	~	1	1	\N	1
3	2024-09-17 15:02:55.218+05:30	t	\N	\N	f	Social Media Influvencer	Description	%	100	2	f	147	2025-07-23 17:47:00.503381+05:30	\N	~	1	1	\N	1
3	2024-09-17 15:02:55.218+05:30	t	\N	\N	f	Social Media Influvencer	Description	%	100	2	f	148	2025-07-23 17:47:33.2344+05:30	\N	~	1	1	\N	1
3	2024-09-17 15:02:55.218+05:30	t	\N	\N	f	Social Media Influvencer	Description	%	100	2	f	149	2025-07-23 17:48:20.945515+05:30	\N	~	1	1	\N	1
3	2024-09-17 15:02:55.218+05:30	t	\N	\N	f	Social Media Influvencer	Description	%	100	2	f	150	2025-07-23 17:51:13.964723+05:30	\N	~	1	1	\N	1
3	2024-09-17 15:02:55.218+05:30	t	\N	\N	f	Social Media Influvencer	Description	%	100	2	f	151	2025-07-23 17:51:30.784505+05:30	\N	~	1	1	\N	1
3	2024-09-17 15:02:55.218+05:30	t	\N	\N	f	Social Media Influvencer	Description	%	100	2	f	152	2025-07-23 17:51:59.677531+05:30	\N	~	1	1	\N	1
3	2024-09-17 15:02:55.218+05:30	t	\N	\N	f	Social Media Influvencer	Description	%	100	2	f	153	2025-07-23 18:24:23.34323+05:30	\N	~	1	1	\N	1
3	2024-09-17 15:02:55.218+05:30	t	\N	\N	f	Social Media Influvencer	Description	%	100	2	f	154	2025-07-23 18:24:27.04175+05:30	\N	~	1	1	\N	1
3	2024-09-17 15:02:55.218+05:30	t	\N	\N	f	Social Media Influvencer	Description	%	100	2	f	155	2025-07-23 18:30:14.529521+05:30	\N	~	1	1	\N	1
3	2024-09-17 15:02:55.218+05:30	t	\N	\N	f	Social Media Influvencer	Description	%	100	2	f	156	2025-07-23 18:30:18.210896+05:30	\N	~	1	1	\N	1
3	2024-09-17 15:02:55.218+05:30	t	\N	\N	f	Social Media Influvencer	Description	%	100	2	f	157	2025-07-23 19:11:50.608143+05:30	\N	~	1	1	\N	1
3	2024-09-17 15:02:55.218+05:30	t	\N	\N	f	Social Media Influvencer	Description	%	100	2	f	158	2025-07-24 10:33:39.671265+05:30	\N	~	1	1	\N	1
3	2024-09-17 15:02:55.218+05:30	t	\N	\N	f	Social Media Influvencer	Description	%	100	2	f	159	2025-07-24 10:33:44.091054+05:30	\N	~	1	1	\N	1
3	2024-09-17 15:02:55.218+05:30	t	\N	\N	f	Social Media Influvencer	Description	%	100	2	f	160	2025-07-24 11:00:29.322836+05:30	\N	~	1	1	\N	1
3	2024-09-17 15:02:55.218+05:30	t	\N	\N	f	Social Media Influvencer	Description	%	100	2	f	161	2025-07-24 11:00:33.041149+05:30	\N	~	1	1	\N	1
3	2024-09-17 15:02:55.218+05:30	t	\N	\N	f	Social Media Influvencer	Description	%	100	2	f	162	2025-07-24 11:42:42.750012+05:30	\N	~	1	1	\N	1
3	2024-09-17 15:02:55.218+05:30	t	\N	\N	f	Social Media Influvencer	Description	%	100	2	f	163	2025-07-24 12:01:41.471119+05:30	\N	~	1	1	\N	1
3	2024-09-17 15:02:55.218+05:30	t	\N	\N	f	Social Media Influvencer	Description	%	100	2	f	164	2025-07-24 12:01:49.651356+05:30	\N	~	1	1	\N	1
3	2024-09-17 15:02:55.218+05:30	t	\N	\N	f	Social Media Influvencer	Description	%	100	2	f	165	2025-07-24 12:20:40.8767+05:30	\N	~	1	1	\N	1
3	2024-09-17 15:02:55.218+05:30	t	\N	\N	f	Social Media Influvencer	Description	%	100	2	f	166	2025-07-24 12:20:45.036222+05:30	\N	~	1	1	\N	1
3	2024-09-17 15:02:55.218+05:30	t	\N	\N	f	Social Media Influvencer	Description	%	100	2	f	167	2025-07-24 12:28:13.72134+05:30	\N	~	1	1	\N	1
3	2024-09-17 15:02:55.218+05:30	t	\N	\N	f	Social Media Influvencer	Description	%	100	2	f	168	2025-07-24 12:28:17.398659+05:30	\N	~	1	1	\N	1
3	2024-09-17 15:02:55.218+05:30	t	\N	\N	f	Social Media Influvencer	Description	%	100	2	f	169	2025-07-24 13:44:33.299621+05:30	\N	~	1	1	\N	1
3	2024-09-17 15:02:55.218+05:30	t	\N	\N	f	Social Media Influvencer	Description	%	100	2	f	170	2025-07-24 13:44:44.678191+05:30	\N	~	1	1	\N	1
3	2024-09-17 15:02:55.218+05:30	t	\N	\N	f	Social Media Influvencer	Description	%	100	2	f	171	2025-07-24 13:46:30.828035+05:30	\N	~	1	1	\N	1
3	2024-09-17 15:02:55.218+05:30	t	\N	\N	f	Social Media Influvencer	Description	%	100	2	f	172	2025-07-24 13:46:40.1796+05:30	\N	~	1	1	\N	1
3	2024-09-17 15:02:55.218+05:30	t	\N	\N	f	Social Media Influvencer	Description	%	100	2	f	173	2025-07-24 14:50:07.584326+05:30	\N	~	1	1	\N	1
3	2024-09-17 15:02:55.218+05:30	t	\N	\N	f	Social Media Influvencer	Description	%	100	2	f	174	2025-07-24 14:50:11.431254+05:30	\N	~	1	1	\N	1
3	2024-09-17 15:02:55.218+05:30	t	\N	\N	f	Social Media Influvencer	Description	%	100	2	f	175	2025-07-24 15:20:07.048203+05:30	\N	~	1	1	\N	1
3	2024-09-17 15:02:55.218+05:30	t	\N	\N	f	Social Media Influvencer	Description	%	100	2	f	176	2025-07-24 15:21:04.443237+05:30	\N	~	1	1	\N	1
3	2024-09-17 15:02:55.218+05:30	t	\N	\N	f	Social Media Influvencer	Description	%	100	2	f	177	2025-07-24 15:21:23.748328+05:30	\N	~	1	1	\N	1
3	2024-09-17 15:02:55.218+05:30	t	\N	\N	f	Social Media Influvencer	Description	%	100	2	f	178	2025-07-24 15:22:25.368559+05:30	\N	~	1	1	\N	1
3	2024-09-17 15:02:55.218+05:30	t	\N	\N	f	Social Media Influvencer	Description	%	100	2	f	179	2025-07-24 15:22:55.46848+05:30	\N	~	1	1	\N	1
3	2024-09-17 15:02:55.218+05:30	t	\N	\N	f	Social Media Influvencer	Description	%	100	2	f	180	2025-07-24 15:23:34.557538+05:30	\N	~	1	1	\N	1
3	2024-09-17 15:02:55.218+05:30	t	\N	\N	f	Social Media Influvencer	Description	%	100	2	f	181	2025-07-24 15:24:17.896514+05:30	\N	~	1	1	\N	1
3	2024-09-17 15:02:55.218+05:30	t	\N	\N	f	Social Media Influvencer	Description	%	100	2	f	182	2025-07-24 15:29:50.462697+05:30	\N	~	1	1	\N	1
3	2024-09-17 15:02:55.218+05:30	t	\N	\N	f	Social Media Influvencer	Description	%	100	2	f	183	2025-07-24 15:29:54.136927+05:30	\N	~	1	1	\N	1
3	2024-09-17 15:02:55.218+05:30	t	\N	\N	f	Social Media Influvencer	Description	%	100	2	f	184	2025-07-24 15:43:24.364188+05:30	\N	~	1	1	\N	1
3	2024-09-17 15:02:55.218+05:30	t	\N	\N	f	Social Media Influvencer	Description	%	100	2	f	185	2025-07-24 15:43:28.085937+05:30	\N	~	1	1	\N	1
3	2024-09-17 15:02:55.218+05:30	t	\N	\N	f	Social Media Influvencer	Description	%	100	2	f	186	2025-07-24 16:24:16.321824+05:30	\N	~	1	1	\N	1
3	2024-09-17 15:02:55.218+05:30	t	\N	\N	f	Social Media Influvencer	Description	%	100	2	f	187	2025-07-24 16:24:22.956199+05:30	\N	~	1	1	\N	1
3	2024-09-17 15:02:55.218+05:30	t	\N	\N	f	Social Media Influvencer	Description	%	100	2	f	188	2025-07-25 11:36:01.449608+05:30	\N	~	1	1	\N	1
3	2024-09-17 15:02:55.218+05:30	t	\N	\N	f	Social Media Influvencer	Description	%	100	2	f	189	2025-07-25 11:36:20.65582+05:30	\N	~	1	1	\N	1
3	2024-09-17 15:02:55.218+05:30	t	\N	\N	f	Social Media Influvencer	Description	%	100	2	f	190	2025-07-25 14:45:20.066038+05:30	\N	~	1	1	\N	1
3	2024-09-17 15:02:55.218+05:30	t	\N	\N	f	Social Media Influvencer	Description	%	100	2	f	191	2025-07-25 14:45:35.152946+05:30	\N	~	1	1	\N	1
3	2024-09-17 15:02:55.218+05:30	t	\N	\N	f	Social Media Influvencer	Description	%	100	2	f	192	2025-07-25 14:53:46.856127+05:30	\N	~	1	1	\N	1
3	2024-09-17 15:02:55.218+05:30	t	\N	\N	f	Social Media Influvencer	Description	%	100	2	f	193	2025-07-25 15:03:23.519115+05:30	\N	~	1	1	\N	1
3	2024-09-17 15:02:55.218+05:30	t	\N	\N	f	Social Media Influvencer	Description	%	100	2	f	194	2025-07-25 15:03:30.166727+05:30	\N	~	1	1	\N	1
3	2024-09-17 15:02:55.218+05:30	t	\N	\N	f	Social Media Influvencer	Description	%	100	2	f	195	2025-07-28 11:37:18.089081+05:30	\N	~	1	1	\N	1
4	2025-07-28 12:12:23.656943+05:30	t	\N	\N	f	tt	tt	%	100	1	f	196	2025-07-28 12:12:23.661919+05:30	\N	+	4	1	1	1
3	2024-09-17 15:02:55.218+05:30	t	\N	\N	f	Social Media Influvencer	Description	%	100	2	f	197	2025-07-28 14:48:19.881696+05:30	\N	~	1	1	\N	1
3	2024-09-17 15:02:55.218+05:30	t	\N	\N	f	Social Media Influvencer	Description	%	100	2	f	198	2025-07-28 15:55:18.972811+05:30	\N	~	1	1	\N	1
3	2024-09-17 15:02:55.218+05:30	t	\N	\N	f	Social Media Influvencer	Description	%	100	2	f	199	2025-07-28 15:55:30.596303+05:30	\N	~	1	1	\N	1
3	2024-09-17 15:02:55.218+05:30	t	\N	\N	f	Social Media Influvencer	Description	%	100	2	f	200	2025-07-28 18:13:20.3398+05:30	\N	~	1	1	\N	1
3	2024-09-17 15:02:55.218+05:30	t	\N	\N	f	Social Media Influvencer	Description	%	100	2	f	201	2025-07-28 18:13:24.118374+05:30	\N	~	1	1	\N	1
3	2024-09-17 15:02:55.218+05:30	t	\N	\N	f	Social Media Influvencer	Description	%	100	2	f	202	2025-07-28 18:17:10.170499+05:30	\N	~	1	1	\N	1
3	2024-09-17 15:02:55.218+05:30	t	\N	\N	f	Social Media Influvencer	Description	%	100	2	f	203	2025-07-28 18:17:14.092114+05:30	\N	~	1	1	\N	1
3	2024-09-17 15:02:55.218+05:30	t	\N	\N	f	Social Media Influvencer	Description	%	100	2	f	204	2025-07-28 18:18:00.538039+05:30	\N	~	1	1	\N	1
3	2024-09-17 15:02:55.218+05:30	t	\N	\N	f	Social Media Influvencer	Description	%	100	2	f	205	2025-07-28 18:18:04.150139+05:30	\N	~	1	1	\N	1
3	2024-09-17 15:02:55.218+05:30	t	\N	\N	f	Social Media Influvencer	Description	%	100	2	f	206	2025-07-28 18:18:13.321842+05:30	\N	~	1	1	\N	1
3	2024-09-17 15:02:55.218+05:30	t	\N	\N	f	Social Media Influvencer	Description	%	100	2	f	207	2025-07-28 18:18:17.342272+05:30	\N	~	1	1	\N	1
3	2024-09-17 15:02:55.218+05:30	t	\N	\N	f	Social Media Influvencer	Description	%	100	2	f	208	2025-07-28 18:37:00.396097+05:30	\N	~	1	1	\N	1
3	2024-09-17 15:02:55.218+05:30	t	\N	\N	f	Social Media Influvencer	Description	%	100	2	f	209	2025-07-28 18:38:18.218951+05:30	\N	~	1	1	\N	1
3	2024-09-17 15:02:55.218+05:30	t	\N	\N	f	Social Media Influvencer	Description	%	100	2	f	210	2025-07-28 18:38:22.135754+05:30	\N	~	1	1	\N	1
3	2024-09-17 15:02:55.218+05:30	t	\N	\N	f	Social Media Influvencer	Description	%	100	2	f	211	2025-07-29 10:11:52.470243+05:30	\N	~	1	1	\N	1
3	2024-09-17 15:02:55.218+05:30	t	\N	\N	f	Social Media Influvencer	Description	%	100	2	f	212	2025-07-29 10:11:57.246014+05:30	\N	~	1	1	\N	1
3	2024-09-17 15:02:55.218+05:30	t	\N	\N	f	Social Media Influvencer	Description	%	100	2	f	213	2025-07-29 14:49:16.102249+05:30	\N	~	1	1	\N	1
3	2024-09-17 15:02:55.218+05:30	t	\N	\N	f	Social Media Influvencer	Description	%	100	2	f	214	2025-07-29 15:44:41.152929+05:30	\N	~	1	1	\N	1
3	2024-09-17 15:02:55.218+05:30	t	\N	\N	f	Social Media Influvencer	Description	%	100	2	f	215	2025-07-29 15:54:31.047021+05:30	\N	~	1	1	\N	1
3	2024-09-17 15:02:55.218+05:30	t	\N	\N	f	Social Media Influvencer	Description	%	100	2	f	216	2025-07-29 15:54:34.838886+05:30	\N	~	1	1	\N	1
3	2024-09-17 15:02:55.218+05:30	t	\N	\N	f	Social Media Influvencer	Description	%	100	2	f	217	2025-07-30 10:27:01.740314+05:30	\N	~	1	1	\N	1
3	2024-09-17 15:02:55.218+05:30	t	\N	\N	f	Social Media Influvencer	Description	%	100	2	f	218	2025-07-30 10:27:07.183063+05:30	\N	~	1	1	\N	1
\.


--
-- Data for Name: pms_historicalkeyresult_history_tags; Type: TABLE DATA; Schema: public; Owner: horilla
--

COPY public.pms_historicalkeyresult_history_tags (id, historicalkeyresult_id, audittag_id) FROM stdin;
\.


--
-- Data for Name: pms_historicalobjective; Type: TABLE DATA; Schema: public; Owner: horilla
--

COPY public.pms_historicalobjective (id, created_at, is_active, history_title, history_description, history_highlight, title, description, duration_unit, duration, add_assignees, archive, self_employee_progress_update, history_id, history_date, history_change_reason, history_type, company_id_id, created_by_id, history_user_id, modified_by_id) FROM stdin;
5	2025-07-28 12:12:28.322513+05:30	t	\N	\N	f	test	tt	months	1	f	f	t	1	2025-07-28 12:12:28.32464+05:30	\N	+	4	1	1	1
5	2025-07-28 12:12:28.322513+05:30	t	\N	\N	f	test	tt	months	1	f	f	t	2	2025-07-28 15:34:36.56868+05:30	\N	-	4	1	1	1
\.


--
-- Data for Name: pms_historicalobjective_history_tags; Type: TABLE DATA; Schema: public; Owner: horilla
--

COPY public.pms_historicalobjective_history_tags (id, historicalobjective_id, audittag_id) FROM stdin;
\.


--
-- Data for Name: pms_keyresult; Type: TABLE DATA; Schema: public; Owner: horilla
--

COPY public.pms_keyresult (id, created_at, is_active, title, description, progress_type, target_value, duration, archive, company_id_id, created_by_id, modified_by_id) FROM stdin;
1	2024-09-17 15:01:25.485+05:30	t	Contact Customer	Description	%	100	10	f	1	1	1
2	2024-09-17 15:02:03.931+05:30	t	Digital Marketing	Descriptio	%	100	10	f	1	1	1
3	2024-09-17 15:02:55.218+05:30	t	Social Media Influvencer	Description	%	100	2	f	1	1	1
4	2025-07-28 12:12:23.656943+05:30	t	tt	tt	%	100	1	f	4	1	1
\.


--
-- Data for Name: pms_keyresultfeedback; Type: TABLE DATA; Schema: public; Owner: horilla
--

COPY public.pms_keyresultfeedback (id, answer, employee_id_id, feedback_id_id, key_result_id_id) FROM stdin;
\.


--
-- Data for Name: pms_meetings; Type: TABLE DATA; Schema: public; Owner: horilla
--

COPY public.pms_meetings (id, created_at, is_active, title, date, response, show_response, created_by_id, modified_by_id, question_template_id, company_id_id) FROM stdin;
1	2025-06-10 08:50:51.009+05:30	t	Horilla Technical Meeting	2025-06-12 10:00:00+05:30	\N	f	1	1	1	\N
\.


--
-- Data for Name: pms_meetings_answer_employees; Type: TABLE DATA; Schema: public; Owner: horilla
--

COPY public.pms_meetings_answer_employees (id, meetings_id, employee_id) FROM stdin;
1	1	13
2	1	12
3	1	37
\.


--
-- Data for Name: pms_meetings_employee_id; Type: TABLE DATA; Schema: public; Owner: horilla
--

COPY public.pms_meetings_employee_id (id, meetings_id, employee_id) FROM stdin;
1	1	1
2	1	13
3	1	12
4	1	37
\.


--
-- Data for Name: pms_meetings_manager; Type: TABLE DATA; Schema: public; Owner: horilla
--

COPY public.pms_meetings_manager (id, meetings_id, employee_id) FROM stdin;
1	1	1
\.


--
-- Data for Name: pms_meetingsanswer; Type: TABLE DATA; Schema: public; Owner: horilla
--

COPY public.pms_meetingsanswer (id, answer, employee_id_id, meeting_id_id, question_id_id) FROM stdin;
\.


--
-- Data for Name: pms_objective; Type: TABLE DATA; Schema: public; Owner: horilla
--

COPY public.pms_objective (id, created_at, is_active, title, description, duration_unit, duration, add_assignees, archive, self_employee_progress_update, company_id_id, created_by_id, modified_by_id) FROM stdin;
1	2024-09-17 15:03:00.753+05:30	t	Increase Sales	Description	months	1	f	f	t	\N	1	1
2	2024-09-17 15:03:00.753+05:30	t	Customer Satisfaction	Measure client or customer satisfaction levels based on interactions or feedback.	months	1	f	f	t	\N	1	1
3	2024-09-17 15:03:00.753+05:30	t	Productivity Metrics	Use KPIs (Key Performance Indicator) related to the role to measure productive	months	1	f	f	t	\N	1	1
4	2024-09-17 15:03:00.753+05:30	t	Employee Engagement	Evaluate the level of engagement and commitment toward the company.	months	1	f	f	t	\N	1	1
\.


--
-- Data for Name: pms_objective_assignees; Type: TABLE DATA; Schema: public; Owner: horilla
--

COPY public.pms_objective_assignees (id, objective_id, employee_id) FROM stdin;
1	1	12
2	1	13
3	1	68
4	2	12
5	2	13
6	2	68
7	3	12
8	3	13
9	3	68
10	4	12
11	4	13
12	4	68
\.


--
-- Data for Name: pms_objective_key_result_id; Type: TABLE DATA; Schema: public; Owner: horilla
--

COPY public.pms_objective_key_result_id (id, objective_id, keyresult_id) FROM stdin;
1	1	1
2	1	2
3	1	3
4	2	1
5	2	2
6	2	3
7	3	1
8	3	2
9	3	3
10	4	1
11	4	2
12	4	3
\.


--
-- Data for Name: pms_objective_managers; Type: TABLE DATA; Schema: public; Owner: horilla
--

COPY public.pms_objective_managers (id, objective_id, employee_id) FROM stdin;
1	1	37
2	2	37
3	3	37
4	4	37
\.


--
-- Data for Name: pms_period; Type: TABLE DATA; Schema: public; Owner: horilla
--

COPY public.pms_period (id, created_at, is_active, period_name, start_date, end_date, created_by_id, modified_by_id) FROM stdin;
1	2025-06-10 08:48:54.928+05:30	t	First Half 2024	2024-01-01	2024-06-30	1	1
2	2025-06-10 08:50:01.039+05:30	t	Second Half 2024	2024-07-01	2025-06-30	1	1
\.


--
-- Data for Name: pms_period_company_id; Type: TABLE DATA; Schema: public; Owner: horilla
--

COPY public.pms_period_company_id (id, period_id, company_id) FROM stdin;
1	1	1
2	1	2
3	1	3
4	2	1
5	2	2
6	2	3
\.


--
-- Data for Name: pms_question; Type: TABLE DATA; Schema: public; Owner: horilla
--

COPY public.pms_question (id, created_at, is_active, question, question_type, created_by_id, modified_by_id, template_id_id) FROM stdin;
1	2025-06-10 08:44:44.788+05:30	t	Can you share an example of a time employee positively impacted the team or a project?	1	1	1	1
2	2025-06-10 08:45:07.69+05:30	t	How would you describe your working relationship with this employee	2	1	1	1
3	2025-06-10 08:46:18.905+05:30	t	What skills or behaviors do you think employee could improve to be even more effective?	4	1	1	1
4	2025-07-29 18:33:07.920967+05:30	t	TRY tis	1	1	1	2
5	2025-07-29 18:33:48.504227+05:30	t	How many interviews have you given?	4	1	1	2
\.


--
-- Data for Name: pms_questionoptions; Type: TABLE DATA; Schema: public; Owner: horilla
--

COPY public.pms_questionoptions (id, created_at, is_active, option_a, option_b, option_c, option_d, created_by_id, modified_by_id, question_id_id) FROM stdin;
1	2025-06-10 08:46:18.925+05:30	t	Coding	Communication	Meeting	Nothing	1	1	3
2	2025-07-29 18:33:48.508555+05:30	t	1	2	3	4	1	1	5
\.


--
-- Data for Name: pms_questiontemplate; Type: TABLE DATA; Schema: public; Owner: horilla
--

COPY public.pms_questiontemplate (id, created_at, is_active, question_template, created_by_id, modified_by_id) FROM stdin;
1	2025-06-10 08:42:56.357+05:30	t	Developer Question	1	1
2	2025-07-29 18:32:57.306055+05:30	t	FH-QA	1	1
\.


--
-- Data for Name: pms_questiontemplate_company_id; Type: TABLE DATA; Schema: public; Owner: horilla
--

COPY public.pms_questiontemplate_company_id (id, questiontemplate_id, company_id) FROM stdin;
1	1	1
2	1	2
3	1	3
4	2	4
\.


--
-- Data for Name: project_project; Type: TABLE DATA; Schema: public; Owner: horilla
--

COPY public.project_project (id, created_at, is_active, title, status, start_date, end_date, document, description, created_by_id, modified_by_id, company_id_id) FROM stdin;
2	2025-07-29 11:36:11.463032+05:30	t	new project	new	2025-07-01	2025-08-31		A New One Description Divided By One.	1	1	1
1	\N	t	HRMS	new	2025-06-01	2025-12-31		HRMS stands as a complete Human Resource Management System (HRMS) software solution, offering a sophisticated and versatile platform designed to address the diverse and intricate needs of workforce management. Its holistic approach, coupled with a modular architecture, sets it apart in the realm of HR technology.	\N	1	\N
\.


--
-- Data for Name: project_project_managers; Type: TABLE DATA; Schema: public; Owner: horilla
--

COPY public.project_project_managers (id, project_id, employee_id) FROM stdin;
1	1	1
2	2	13
\.


--
-- Data for Name: project_project_members; Type: TABLE DATA; Schema: public; Owner: horilla
--

COPY public.project_project_members (id, project_id, employee_id) FROM stdin;
1	1	22
2	1	27
3	1	12
4	1	28
5	1	30
6	2	28
7	2	13
8	2	22
9	2	36
\.


--
-- Data for Name: project_projectstage; Type: TABLE DATA; Schema: public; Owner: horilla
--

COPY public.project_projectstage (id, created_at, is_active, title, sequence, is_end_stage, created_by_id, modified_by_id, project_id) FROM stdin;
1	\N	t	Todo	0	f	\N	\N	1
2	\N	t	In Progress	1	f	\N	\N	1
3	\N	t	Completed	2	f	\N	\N	1
4	\N	t	Cancelled	4	f	\N	\N	1
5	\N	t	On Hold	3	f	\N	\N	1
6	2025-07-29 11:36:11.47081+05:30	t	Todo	1	f	1	1	2
\.


--
-- Data for Name: project_task; Type: TABLE DATA; Schema: public; Owner: horilla
--

COPY public.project_task (id, created_at, is_active, title, status, start_date, end_date, document, description, sequence, created_by_id, modified_by_id, project_id, stage_id) FROM stdin;
2	\N	t	Attendance Module	to_do	\N	2025-12-31			1	\N	\N	1	1
3	\N	t	Auth Module	to_do	\N	2025-12-31			0	\N	\N	1	3
4	\N	t	Base Module	to_do	\N	2025-12-31			2	\N	\N	1	5
5	\N	t	Biometric Module	to_do	\N	2025-12-31			3	\N	\N	1	3
6	\N	t	Employee	to_do	\N	2025-12-31			2	\N	\N	1	3
7	\N	t	Helpdesk Module	to_do	\N	2025-12-31			3	\N	\N	1	5
8	\N	t	Offboarding Module	to_do	\N	2025-12-31		Module	3	\N	\N	1	2
9	\N	t	Onboarding Module	to_do	\N	2025-12-31			2	\N	\N	1	1
10	\N	t	Payroll Module	to_do	\N	2025-12-31			3	\N	\N	1	2
1	\N	t	Asset Module	to_do	\N	2025-12-31		test	0	\N	1	1	1
13	2025-07-29 16:36:03.253648+05:30	t	new bb	to_do	2025-07-29	2025-08-01		test	0	1	1	2	6
11	\N	t	Project Module	to_do	2025-07-01	2025-12-31		test	3	\N	1	1	1
\.


--
-- Data for Name: project_task_task_managers; Type: TABLE DATA; Schema: public; Owner: horilla
--

COPY public.project_task_task_managers (id, task_id, employee_id) FROM stdin;
1	1	12
2	2	12
3	3	12
4	4	12
5	5	12
6	6	12
7	7	12
8	8	12
9	9	12
10	10	12
11	11	12
13	13	13
14	11	132
\.


--
-- Data for Name: project_task_task_members; Type: TABLE DATA; Schema: public; Owner: horilla
--

COPY public.project_task_task_members (id, task_id, employee_id) FROM stdin;
1	8	13
2	1	131
10	11	129
11	11	127
\.


--
-- Data for Name: project_timesheet; Type: TABLE DATA; Schema: public; Owner: horilla
--

COPY public.project_timesheet (id, created_at, is_active, date, time_spent, status, description, created_by_id, employee_id_id, modified_by_id, project_id_id, task_id_id) FROM stdin;
4	2025-07-29 17:03:51.269159+05:30	t	2025-07-29	05:00	in_Progress	Test project, help desk, leave and recruitment module	1	127	1	1	11
\.


--
-- Data for Name: recruitment_candidate; Type: TABLE DATA; Schema: public; Owner: horilla
--

COPY public.recruitment_candidate (id, created_at, is_active, name, profile, portfolio, schedule_date, email, mobile, resume, address, country, dob, state, city, zip, gender, source, start_onboard, hired, canceled, converted, joining_date, sequence, probation_end, offer_letter_status, last_updated, hired_date, converted_employee_id_id, created_by_id, job_position_id_id, modified_by_id, recruitment_id_id, referral_id, stage_id_id) FROM stdin;
2	2025-06-22 14:47:20.896+05:30	t	Ava Mitchell	recruitment/profile/profile-pic-girl.jpg		\N	ava.mitchell@horilla.com	9876540102	recruitment/resume/resume_HjTNWZS.pdf		None	\N	None	\N	\N	female	\N	f	f	f	f	\N	1	\N	not_sent	2025-06-22	\N	\N	1	1	1	1	\N	1
3	2025-06-22 14:48:12.908+05:30	t	Noah Anderson	recruitment/profile/profile-pic-boy_3x50CKJ.jpg		\N	noah.anderson@horilla.com	9876540103	recruitment/resume/resume_CJGP0i7.pdf	\N	\N	\N	\N	\N	\N	male	\N	f	f	f	f	\N	0	\N	not_sent	2025-06-22	\N	\N	1	1	1	1	\N	6
4	2025-06-22 14:49:04.142+05:30	t	Sophia Carter	recruitment/profile/profile-pic-girl_pdfLQmu.jpg		\N	sophia.carter@horilla.com	9876540104	recruitment/resume/resume_isLsD8M.pdf		None	\N	None	\N	\N	female	\N	f	f	f	f	\N	0	\N	not_sent	2025-06-22	\N	\N	1	3	1	2	\N	2
5	2025-06-22 14:57:04.406+05:30	t	Elijah Collins	recruitment/profile/profile-pic-girl_71HjRz0.jpg		\N	isabella.morris@horilla.com	9876540106	recruitment/resume/resume_Mr8M3VL.pdf		None	\N	None	\N	\N	female	\N	f	f	f	f	\N	2	\N	not_sent	2025-06-22	\N	\N	1	1	1	1	\N	1
8	2025-06-22 15:00:53.508+05:30	t	William Peterson	recruitment/profile/profile-pic-boy_ptJZGTj.jpg		\N	william.peterson@horilla.com	9876540109	recruitment/resume/resume_W98xQYe.pdf	\N	\N	\N	\N	\N	\N	male	\N	t	t	f	f	2025-06-15	2	\N	not_sent	2025-06-21	\N	\N	1	1	1	1	\N	5
9	2025-06-22 15:02:33.155+05:30	t	Emily Turner	recruitment/profile/profile-pic-girl_faJKmXQ.jpg		\N	emily.turner@horilla.com	9876540110	recruitment/resume/resume_6x1QM7Z.pdf		None	\N	None	\N	\N	female	\N	t	t	f	f	2025-06-15	1	\N	not_sent	2025-06-22	\N	\N	1	1	1	1	\N	5
10	2025-06-22 15:05:18.587+05:30	t	James Perry	recruitment/profile/profile-pic-boy_F0C3uYX.jpg		\N	james.perry@horilla.com	9876540111	recruitment/resume/resume_k4pB5mo.pdf	\N	\N	\N	\N	\N	\N	male	\N	f	t	f	f	2025-06-17	1	\N	not_sent	2025-06-22	\N	\N	1	1	1	1	\N	6
11	2025-06-22 15:09:58.366+05:30	t	Olivia Coleman	recruitment/profile/profile-pic-girl_qk2wNe3.jpg		\N	olivia.coleman@horilla.com	9876540112	recruitment/resume/resume_Toa3pyH.pdf	\N	\N	\N	\N	\N	\N	female	\N	f	t	f	f	2025-06-17	3	\N	not_sent	2025-06-22	\N	\N	1	1	1	1	\N	5
12	2025-06-22 15:11:43.261+05:30	t	Benjamin Foster	recruitment/profile/profile-pic-boy_ScKEVYB.jpg		\N	benjamin.foster@horilla.com	9876540113	recruitment/resume/resume_uIv7EBy.pdf	\N	\N	\N	\N	\N	\N	male	\N	f	f	f	f	\N	3	\N	not_sent	2025-06-22	\N	\N	1	1	1	1	\N	1
13	2025-06-22 15:12:23.436+05:30	t	Charlotte Brooks	recruitment/profile/profile-pic-girl_G4XKTol.jpg		\N	charlotte.brooks@horilla.com	9876540114	recruitment/resume/resume_8LRlV56.pdf		None	\N	None	\N	\N	female	\N	f	f	f	f	\N	1	\N	not_sent	2025-06-22	\N	\N	1	3	1	2	\N	2
14	2025-06-22 15:13:13.951+05:30	t	Henry Jenkins	recruitment/profile/profile-pic-boy_s01KZ40.jpg		\N	henry.jenkins@horilla.com	9876540115	recruitment/resume/resume_0Nvfipm.pdf	\N	\N	\N	\N	\N	\N	male	\N	f	f	f	f	\N	4	\N	not_sent	2025-06-22	\N	\N	1	1	1	1	\N	1
15	2025-06-22 15:14:42.216+05:30	t	Amelia Hayes	recruitment/profile/profile-pic-girl_fTSC0TU.jpg		\N	amelia.hayes@horilla.com	9876540116	recruitment/resume/resume_gPOC7cN.pdf	\N	\N	\N	\N	\N	\N	female	\N	f	f	f	f	\N	5	\N	not_sent	2025-06-22	\N	\N	1	1	1	1	\N	1
16	2025-06-22 15:15:16.185+05:30	t	Grace Price	recruitment/profile/profile-pic-girl_FrIk14d.jpg		\N	grace.price@horilla.com	9876540118	recruitment/resume/resume_ru3PeM7.pdf	\N	\N	\N	\N	\N	\N	female	\N	f	f	f	f	\N	6	\N	not_sent	2025-06-22	\N	\N	1	1	1	1	\N	1
17	2025-06-22 15:15:47.746+05:30	t	Sebastian Howard	recruitment/profile/profile-pic-boy_hFrhE2S.jpg		\N	sebastian.howard@horilla.com	9876540117	recruitment/resume/resume_AQzECPu.pdf	\N	\N	\N	\N	\N	\N	male	\N	f	f	f	f	\N	7	\N	not_sent	2025-06-22	\N	\N	1	1	1	1	\N	1
20	2025-07-24 15:33:10.378348+05:30	t	ashu			\N	ashu@yopmail.com	87657656	recruitment/resume/security_report_12_NQHETR6.pdf	3/6 Kolkata	India	\N	West Bengal	\N	700102	male	software	f	f	f	f	\N	0	\N	not_sent	2025-07-24	\N	\N	1	1	1	1	12	2
7	2025-06-22 14:59:03.806+05:30	t	Mia Reed	recruitment/profile/profile-pic-girl_JQCdXBh.jpg		\N	mia.reed@horilla.com	9876540108	recruitment/resume/resume_ZGFTZr3.pdf		None	\N	None	\N	\N	female	\N	t	f	f	f	2025-06-15	0	\N	not_sent	2025-07-29	\N	\N	1	1	1	1	\N	4
23	2025-07-29 18:23:31.973312+05:30	t	Ravi Kumar	recruitment/profile/Ravi_Kumar_Sorce.PNG_050e0ef6-d5a8-47eb-b36a-c734e305d851		\N	kumarravi@gmail.com	8564566456	recruitment/resume/index-only (1).pdf	Kolkata, West Bengal	India	\N	West Bengal	Kolkata	711321	male	\N	f	f	f	f	\N	0	\N	not_sent	2025-07-29	\N	\N	1	4	1	5	\N	10
22	2025-07-29 16:30:27.378138+05:30	t	Anil Sharma	recruitment/profile/Anil_Sharma_Members.PNG_4bb52ea9-6133-4f6e-81ee-d205df0bf012.PNG		\N	sharmaanil@gmail.com	8790231298	recruitment/resume/index-only (1).pdf	kolkata	India	\N	West Bengal	Kolkata	711321	male	\N	f	f	f	t	\N	0	\N	not_sent	2025-07-30	\N	134	1	16	1	7	\N	14
19	2025-07-24 15:32:14.622307+05:30	t	Sayan Dev			\N	sayan11@yopmail.com	87657656	recruitment/resume/security_report_12.pdf	3/6 Kolkata	India	\N	West Bengal	\N	700102	male	software	f	f	f	f	\N	0	\N	not_sent	2025-07-24	\N	\N	1	1	1	1	127	2
1	2025-06-22 14:45:26.692+05:30	t	Liam Bennett	recruitment/profile/profile-pic-boy.jpg		\N	liam.bennett@horilla.com	9876540101	recruitment/resume/resume.pdf	\N	\N	\N	\N	\N	\N	male	\N	f	f	f	t	\N	0	\N	not_sent	2025-07-30	\N	133	1	1	1	1	\N	5
21	2025-07-29 12:28:19.120933+05:30	t	Suparna Das	Members.PNG		\N	dassuparna@gmail.com	9834267190	recruitment/resume/part2.pdf	Kolkata, West Bengal, Pin - 700213	India	\N	West Bengal	Kolkata	700213	female	\N	f	t	f	f	\N	0	\N	not_sent	2025-07-29	\N	\N	\N	3	\N	2	\N	7
18	2025-07-24 15:26:55.605574+05:30	t	Sayan Deb	https://ui-avatars.com/api/?name=Sayan Deb		\N	sayan@yopmail.com	+9187657656	recruitment/resume/security_report (12).pdf	3/6 Kolkata	India	\N	West Bengal	Kolkata	700102	male	\N	f	f	f	t	\N	0	\N	not_sent	2025-07-30	\N	\N	1	1	1	1	\N	1
6	2025-06-22 14:58:20.41+05:30	t	Lucas Rogers	recruitment/profile/profile-pic-boy_8BU4hEF.jpg		\N	lucas.rogers@horilla.com	9876540107	recruitment/resume/resume_SjCrKeM.pdf		None	\N	None	\N	\N	male	\N	f	f	f	t	\N	0	\N	not_sent	2025-07-30	\N	128	1	3	1	2	\N	3
\.


--
-- Data for Name: recruitment_candidatedocument; Type: TABLE DATA; Schema: public; Owner: horilla
--

COPY public.recruitment_candidatedocument (id, created_at, is_active, title, document, status, reject_reason, candidate_id_id, created_by_id, document_request_id_id, modified_by_id) FROM stdin;
\.


--
-- Data for Name: recruitment_candidatedocumentrequest; Type: TABLE DATA; Schema: public; Owner: horilla
--

COPY public.recruitment_candidatedocumentrequest (id, created_at, is_active, title, format, max_size, description, created_by_id, modified_by_id) FROM stdin;
\.


--
-- Data for Name: recruitment_candidatedocumentrequest_candidate_id; Type: TABLE DATA; Schema: public; Owner: horilla
--

COPY public.recruitment_candidatedocumentrequest_candidate_id (id, candidatedocumentrequest_id, candidate_id) FROM stdin;
\.


--
-- Data for Name: recruitment_candidaterating; Type: TABLE DATA; Schema: public; Owner: horilla
--

COPY public.recruitment_candidaterating (id, created_at, is_active, rating, candidate_id_id, created_by_id, employee_id_id, modified_by_id) FROM stdin;
1	2025-06-21 14:08:48.996+05:30	t	5	6	1	1	1
4	2025-07-29 18:36:04.226071+05:30	t	4	21	1	1	1
\.


--
-- Data for Name: recruitment_historicalcandidate; Type: TABLE DATA; Schema: public; Owner: horilla
--

COPY public.recruitment_historicalcandidate (id, created_at, is_active, history_title, history_description, history_highlight, name, profile, portfolio, schedule_date, email, mobile, resume, address, country, dob, state, city, zip, gender, source, start_onboard, hired, canceled, converted, joining_date, sequence, probation_end, offer_letter_status, last_updated, hired_date, history_id, history_date, history_change_reason, history_type, converted_employee_id_id, created_by_id, history_relation_id, history_user_id, job_position_id_id, modified_by_id, recruitment_id_id, referral_id, stage_id_id) FROM stdin;
6	2025-06-22 14:58:20.41+05:30	t	\N	\N	f	Lucas Rogers	recruitment/profile/profile-pic-boy_8BU4hEF.jpg		\N	lucas.rogers@horilla.com	9876540107	recruitment/resume/resume_SjCrKeM.pdf		None	\N	None	\N	\N	male	\N	f	t	f	f	\N	0	\N	not_sent	2025-07-21	\N	1	2025-07-21 16:28:24.528279+05:30	\N	~	128	1	6	1	3	1	2	\N	7
6	2025-06-22 14:58:20.41+05:30	t	\N	\N	f	Lucas Rogers	recruitment/profile/profile-pic-boy_8BU4hEF.jpg		\N	lucas.rogers@horilla.com	9876540107	recruitment/resume/resume_SjCrKeM.pdf		None	\N	None	\N	\N	male	\N	f	f	f	t	\N	0	\N	not_sent	2025-07-21	\N	2	2025-07-21 16:32:39.863037+05:30	\N	~	128	1	6	\N	3	1	2	\N	7
6	2025-06-22 14:58:20.41+05:30	t	\N	\N	f	Lucas Rogers	recruitment/profile/profile-pic-boy_8BU4hEF.jpg		\N	lucas.rogers@horilla.com	9876540107	recruitment/resume/resume_SjCrKeM.pdf		None	\N	None	\N	\N	male	\N	f	f	f	t	\N	0	\N	not_sent	2025-07-29	\N	1007	2025-07-29 12:37:00.77613+05:30	\N	~	128	1	6	\N	3	1	2	\N	7
6	2025-06-22 14:58:20.41+05:30	t	\N	\N	f	Lucas Rogers	recruitment/profile/profile-pic-boy_8BU4hEF.jpg		\N	lucas.rogers@horilla.com	9876540107	recruitment/resume/resume_SjCrKeM.pdf		None	\N	None	\N	\N	male	\N	f	f	f	t	\N	0	\N	not_sent	2025-07-24	\N	303	2025-07-24 15:51:57.685701+05:30	\N	~	128	1	6	\N	3	1	2	\N	7
1	2025-06-22 14:45:26.692+05:30	t	\N	\N	f	Liam Bennett	recruitment/profile/profile-pic-boy.jpg		\N	liam.bennett@horilla.com	9876540101	recruitment/resume/resume.pdf	\N	\N	\N	\N	\N	\N	male	\N	f	f	f	t	\N	0	\N	not_sent	2025-07-29	\N	1008	2025-07-29 12:37:00.800394+05:30	\N	~	133	1	1	\N	1	1	1	\N	5
18	2025-07-24 15:26:55.605574+05:30	t	\N	\N	f	Sayan Deb	https://ui-avatars.com/api/?name=Sayan Deb		\N	sayan@yopmail.com	+9187657656	recruitment/resume/security_report (12).pdf	3/6 Kolkata	India	\N	West Bengal	Kolkata	700102	male	\N	f	f	f	t	\N	0	\N	not_sent	2025-07-29	\N	1009	2025-07-29 12:37:00.816579+05:30	\N	~	\N	1	18	\N	1	1	1	\N	1
6	2025-06-22 14:58:20.41+05:30	t	\N	\N	f	Lucas Rogers	recruitment/profile/profile-pic-boy_8BU4hEF.jpg		\N	lucas.rogers@horilla.com	9876540107	recruitment/resume/resume_SjCrKeM.pdf		None	\N	None	\N	\N	male	\N	f	f	f	t	\N	0	\N	not_sent	2025-07-24	\N	318	2025-07-24 16:01:57.647184+05:30	\N	~	128	1	6	\N	3	1	2	\N	7
1	2025-06-22 14:45:26.692+05:30	t	\N	\N	f	Liam Bennett	recruitment/profile/profile-pic-boy.jpg		\N	liam.bennett@horilla.com	9876540101	recruitment/resume/resume.pdf	\N	\N	\N	\N	\N	\N	male	\N	f	f	f	t	\N	0	\N	not_sent	2025-07-24	\N	328	2025-07-24 16:11:57.606632+05:30	\N	~	133	1	1	\N	1	1	1	\N	5
6	2025-06-22 14:58:20.41+05:30	t	\N	\N	f	Lucas Rogers	recruitment/profile/profile-pic-boy_8BU4hEF.jpg		\N	lucas.rogers@horilla.com	9876540107	recruitment/resume/resume_SjCrKeM.pdf		None	\N	None	\N	\N	male	\N	f	f	f	t	\N	0	\N	not_sent	2025-07-24	\N	329	2025-07-24 16:11:57.626578+05:30	\N	~	128	1	6	\N	3	1	2	\N	7
18	2025-07-24 15:26:55.605574+05:30	t	\N	\N	f	Sayan Deb	https://ui-avatars.com/api/?name=Sayan Deb		\N	sayan@yopmail.com	+9187657656	recruitment/resume/security_report (12).pdf	3/6 Kolkata	India	\N	West Bengal	Kolkata	700102	male	\N	f	f	f	t	\N	0	\N	not_sent	2025-07-29	\N	1013	2025-07-29 12:47:00.779255+05:30	\N	~	\N	1	18	\N	1	1	1	\N	1
6	2025-06-22 14:58:20.41+05:30	t	\N	\N	f	Lucas Rogers	recruitment/profile/profile-pic-boy_8BU4hEF.jpg		\N	lucas.rogers@horilla.com	9876540107	recruitment/resume/resume_SjCrKeM.pdf		None	\N	None	\N	\N	male	\N	f	f	f	t	\N	0	\N	not_sent	2025-07-25	\N	457	2025-07-25 15:18:35.893038+05:30	\N	~	128	1	6	\N	3	1	2	\N	7
1	2025-06-22 14:45:26.692+05:30	t	\N	\N	f	Liam Bennett	recruitment/profile/profile-pic-boy.jpg		\N	liam.bennett@horilla.com	9876540101	recruitment/resume/resume.pdf	\N	\N	\N	\N	\N	\N	male	\N	f	f	f	t	\N	0	\N	not_sent	2025-07-25	\N	458	2025-07-25 15:18:35.971116+05:30	\N	~	133	1	1	\N	1	1	1	\N	5
6	2025-06-22 14:58:20.41+05:30	t	\N	\N	f	Lucas Rogers	recruitment/profile/profile-pic-boy_8BU4hEF.jpg		\N	lucas.rogers@horilla.com	9876540107	recruitment/resume/resume_SjCrKeM.pdf		None	\N	None	\N	\N	male	\N	f	f	f	t	\N	0	\N	not_sent	2025-07-29	\N	1014	2025-07-29 12:47:00.805836+05:30	\N	~	128	1	6	\N	3	1	2	\N	7
1	2025-06-22 14:45:26.692+05:30	t	\N	\N	f	Liam Bennett	recruitment/profile/profile-pic-boy.jpg		\N	liam.bennett@horilla.com	9876540101	recruitment/resume/resume.pdf	\N	\N	\N	\N	\N	\N	male	\N	f	f	f	t	\N	0	\N	not_sent	2025-07-25	\N	463	2025-07-25 15:23:35.891213+05:30	\N	~	133	1	1	\N	1	1	1	\N	5
1	2025-06-22 14:45:26.692+05:30	t	\N	\N	f	Liam Bennett	recruitment/profile/profile-pic-boy.jpg		\N	liam.bennett@horilla.com	9876540101	recruitment/resume/resume.pdf	\N	\N	\N	\N	\N	\N	male	\N	f	f	f	t	\N	0	\N	not_sent	2025-07-29	\N	1015	2025-07-29 12:47:00.821134+05:30	\N	~	133	1	1	\N	1	1	1	\N	5
6	2025-06-22 14:58:20.41+05:30	t	\N	\N	f	Lucas Rogers	recruitment/profile/profile-pic-boy_8BU4hEF.jpg		\N	lucas.rogers@horilla.com	9876540107	recruitment/resume/resume_SjCrKeM.pdf		None	\N	None	\N	\N	male	\N	f	f	f	t	\N	0	\N	not_sent	2025-07-25	\N	465	2025-07-25 15:23:35.929029+05:30	\N	~	128	1	6	\N	3	1	2	\N	7
6	2025-06-22 14:58:20.41+05:30	t	\N	\N	f	Lucas Rogers	recruitment/profile/profile-pic-boy_8BU4hEF.jpg		\N	lucas.rogers@horilla.com	9876540107	recruitment/resume/resume_SjCrKeM.pdf		None	\N	None	\N	\N	male	\N	f	f	f	t	\N	0	\N	not_sent	2025-07-25	\N	469	2025-07-25 15:28:35.927521+05:30	\N	~	128	1	6	\N	3	1	2	\N	7
1	2025-06-22 14:45:26.692+05:30	t	\N	\N	f	Liam Bennett	recruitment/profile/profile-pic-boy.jpg		\N	liam.bennett@horilla.com	9876540101	recruitment/resume/resume.pdf	\N	\N	\N	\N	\N	\N	male	\N	f	f	f	t	\N	0	\N	not_sent	2025-07-25	\N	470	2025-07-25 15:28:35.948336+05:30	\N	~	133	1	1	\N	1	1	1	\N	5
18	2025-07-24 15:26:55.605574+05:30	t	\N	\N	f	Sayan Deb	https://ui-avatars.com/api/?name=Sayan Deb		\N	sayan@yopmail.com	+9187657656	recruitment/resume/security_report (12).pdf	3/6 Kolkata	India	\N	West Bengal	Kolkata	700102	male	\N	f	f	f	t	\N	0	\N	not_sent	2025-07-29	\N	1019	2025-07-29 12:57:00.726932+05:30	\N	~	\N	1	18	\N	1	1	1	\N	1
1	2025-06-22 14:45:26.692+05:30	t	\N	\N	f	Liam Bennett	recruitment/profile/profile-pic-boy.jpg		\N	liam.bennett@horilla.com	9876540101	recruitment/resume/resume.pdf	\N	\N	\N	\N	\N	\N	male	\N	f	f	f	t	\N	0	\N	not_sent	2025-07-29	\N	1020	2025-07-29 12:57:00.744452+05:30	\N	~	133	1	1	\N	1	1	1	\N	5
6	2025-06-22 14:58:20.41+05:30	t	\N	\N	f	Lucas Rogers	recruitment/profile/profile-pic-boy_8BU4hEF.jpg		\N	lucas.rogers@horilla.com	9876540107	recruitment/resume/resume_SjCrKeM.pdf		None	\N	None	\N	\N	male	\N	f	f	f	t	\N	0	\N	not_sent	2025-07-25	\N	476	2025-07-25 15:33:35.909138+05:30	\N	~	128	1	6	\N	3	1	2	\N	7
1	2025-06-22 14:45:26.692+05:30	t	\N	\N	f	Liam Bennett	recruitment/profile/profile-pic-boy.jpg		\N	liam.bennett@horilla.com	9876540101	recruitment/resume/resume.pdf	\N	\N	\N	\N	\N	\N	male	\N	f	f	f	t	\N	0	\N	not_sent	2025-07-25	\N	477	2025-07-25 15:33:35.942323+05:30	\N	~	133	1	1	\N	1	1	1	\N	5
6	2025-06-22 14:58:20.41+05:30	t	\N	\N	f	Lucas Rogers	recruitment/profile/profile-pic-boy_8BU4hEF.jpg		\N	lucas.rogers@horilla.com	9876540107	recruitment/resume/resume_SjCrKeM.pdf		None	\N	None	\N	\N	male	\N	f	f	f	t	\N	0	\N	not_sent	2025-07-25	\N	481	2025-07-25 15:38:35.924619+05:30	\N	~	128	1	6	\N	3	1	2	\N	7
1	2025-06-22 14:45:26.692+05:30	t	\N	\N	f	Liam Bennett	recruitment/profile/profile-pic-boy.jpg		\N	liam.bennett@horilla.com	9876540101	recruitment/resume/resume.pdf	\N	\N	\N	\N	\N	\N	male	\N	f	f	f	t	\N	0	\N	not_sent	2025-07-25	\N	482	2025-07-25 15:38:35.946532+05:30	\N	~	133	1	1	\N	1	1	1	\N	5
6	2025-06-22 14:58:20.41+05:30	t	\N	\N	f	Lucas Rogers	recruitment/profile/profile-pic-boy_8BU4hEF.jpg		\N	lucas.rogers@horilla.com	9876540107	recruitment/resume/resume_SjCrKeM.pdf		None	\N	None	\N	\N	male	\N	f	f	f	t	\N	0	\N	not_sent	2025-07-29	\N	1021	2025-07-29 12:57:00.761532+05:30	\N	~	128	1	6	\N	3	1	2	\N	7
1	2025-06-22 14:45:26.692+05:30	t	\N	\N	f	Liam Bennett	recruitment/profile/profile-pic-boy.jpg		\N	liam.bennett@horilla.com	9876540101	recruitment/resume/resume.pdf	\N	\N	\N	\N	\N	\N	male	\N	f	f	f	t	\N	0	\N	not_sent	2025-07-25	\N	487	2025-07-25 15:43:35.928762+05:30	\N	~	133	1	1	\N	1	1	1	\N	5
6	2025-06-22 14:58:20.41+05:30	t	\N	\N	f	Lucas Rogers	recruitment/profile/profile-pic-boy_8BU4hEF.jpg		\N	lucas.rogers@horilla.com	9876540107	recruitment/resume/resume_SjCrKeM.pdf		None	\N	None	\N	\N	male	\N	f	f	f	t	\N	0	\N	not_sent	2025-07-29	\N	1025	2025-07-29 13:07:00.777468+05:30	\N	~	128	1	6	\N	3	1	2	\N	7
6	2025-06-22 14:58:20.41+05:30	t	\N	\N	f	Lucas Rogers	recruitment/profile/profile-pic-boy_8BU4hEF.jpg		\N	lucas.rogers@horilla.com	9876540107	recruitment/resume/resume_SjCrKeM.pdf		None	\N	None	\N	\N	male	\N	f	f	f	t	\N	0	\N	not_sent	2025-07-24	\N	304	2025-07-24 15:52:50.214857+05:30	\N	~	128	1	6	1	3	1	2	\N	3
18	2025-07-24 15:26:55.605574+05:30	t	\N	\N	f	Sayan Deb	https://ui-avatars.com/api/?name=Sayan Deb		\N	sayan@yopmail.com	+9187657656	recruitment/resume/security_report (12).pdf	3/6 Kolkata	India	\N	West Bengal	Kolkata	700102	male	\N	f	f	f	t	\N	0	\N	not_sent	2025-07-29	\N	1010	2025-07-29 12:42:00.774118+05:30	\N	~	\N	1	18	\N	1	1	1	\N	1
1	2025-06-22 14:45:26.692+05:30	t	\N	\N	f	Liam Bennett	recruitment/profile/profile-pic-boy.jpg		\N	liam.bennett@horilla.com	9876540101	recruitment/resume/resume.pdf	\N	\N	\N	\N	\N	\N	male	\N	f	f	f	t	\N	0	\N	not_sent	2025-07-25	\N	461	2025-07-25 15:18:54.051599+05:30	\N	~	133	1	1	\N	1	1	1	\N	5
6	2025-06-22 14:58:20.41+05:30	t	\N	\N	f	Lucas Rogers	recruitment/profile/profile-pic-boy_8BU4hEF.jpg		\N	lucas.rogers@horilla.com	9876540107	recruitment/resume/resume_SjCrKeM.pdf		None	\N	None	\N	\N	male	\N	f	f	f	t	\N	0	\N	not_sent	2025-07-25	\N	462	2025-07-25 15:18:54.082842+05:30	\N	~	128	1	6	\N	3	1	2	\N	7
1	2025-06-22 14:45:26.692+05:30	t	\N	\N	f	Liam Bennett	recruitment/profile/profile-pic-boy.jpg		\N	liam.bennett@horilla.com	9876540101	recruitment/resume/resume.pdf	\N	\N	\N	\N	\N	\N	male	\N	f	f	f	t	\N	0	\N	not_sent	2025-07-25	\N	466	2025-07-25 15:23:54.005931+05:30	\N	~	133	1	1	\N	1	1	1	\N	5
6	2025-06-22 14:58:20.41+05:30	t	\N	\N	f	Lucas Rogers	recruitment/profile/profile-pic-boy_8BU4hEF.jpg		\N	lucas.rogers@horilla.com	9876540107	recruitment/resume/resume_SjCrKeM.pdf		None	\N	None	\N	\N	male	\N	f	f	f	t	\N	0	\N	not_sent	2025-07-25	\N	467	2025-07-25 15:23:54.021456+05:30	\N	~	128	1	6	\N	3	1	2	\N	7
1	2025-06-22 14:45:26.692+05:30	t	\N	\N	f	Liam Bennett	recruitment/profile/profile-pic-boy.jpg		\N	liam.bennett@horilla.com	9876540101	recruitment/resume/resume.pdf	\N	\N	\N	\N	\N	\N	male	\N	f	f	f	t	\N	0	\N	not_sent	2025-07-29	\N	1011	2025-07-29 12:42:00.805429+05:30	\N	~	133	1	1	\N	1	1	1	\N	5
1	2025-06-22 14:45:26.692+05:30	t	\N	\N	f	Liam Bennett	recruitment/profile/profile-pic-boy.jpg		\N	liam.bennett@horilla.com	9876540101	recruitment/resume/resume.pdf	\N	\N	\N	\N	\N	\N	male	\N	f	f	f	t	\N	0	\N	not_sent	2025-07-25	\N	472	2025-07-25 15:28:54.049555+05:30	\N	~	133	1	1	\N	1	1	1	\N	5
6	2025-06-22 14:58:20.41+05:30	t	\N	\N	f	Lucas Rogers	recruitment/profile/profile-pic-boy_8BU4hEF.jpg		\N	lucas.rogers@horilla.com	9876540107	recruitment/resume/resume_SjCrKeM.pdf		None	\N	None	\N	\N	male	\N	f	f	f	t	\N	0	\N	not_sent	2025-07-25	\N	473	2025-07-25 15:28:54.081892+05:30	\N	~	128	1	6	\N	3	1	2	\N	7
6	2025-06-22 14:58:20.41+05:30	t	\N	\N	f	Lucas Rogers	recruitment/profile/profile-pic-boy_8BU4hEF.jpg		\N	lucas.rogers@horilla.com	9876540107	recruitment/resume/resume_SjCrKeM.pdf		None	\N	None	\N	\N	male	\N	f	f	f	t	\N	0	\N	not_sent	2025-07-29	\N	1012	2025-07-29 12:42:00.821533+05:30	\N	~	128	1	6	\N	3	1	2	\N	7
6	2025-06-22 14:58:20.41+05:30	t	\N	\N	f	Lucas Rogers	recruitment/profile/profile-pic-boy_8BU4hEF.jpg		\N	lucas.rogers@horilla.com	9876540107	recruitment/resume/resume_SjCrKeM.pdf		None	\N	None	\N	\N	male	\N	f	f	f	t	\N	0	\N	not_sent	2025-07-25	\N	478	2025-07-25 15:33:54.01139+05:30	\N	~	128	1	6	\N	3	1	2	\N	7
18	2025-07-24 15:26:55.605574+05:30	t	\N	\N	f	Sayan Deb	https://ui-avatars.com/api/?name=Sayan Deb		\N	sayan@yopmail.com	+9187657656	recruitment/resume/security_report (12).pdf	3/6 Kolkata	India	\N	West Bengal	Kolkata	700102	male	\N	f	f	f	t	\N	0	\N	not_sent	2025-07-29	\N	1016	2025-07-29 12:52:00.744503+05:30	\N	~	\N	1	18	\N	1	1	1	\N	1
1	2025-06-22 14:45:26.692+05:30	t	\N	\N	f	Liam Bennett	recruitment/profile/profile-pic-boy.jpg		\N	liam.bennett@horilla.com	9876540101	recruitment/resume/resume.pdf	\N	\N	\N	\N	\N	\N	male	\N	f	f	f	t	\N	0	\N	not_sent	2025-07-25	\N	480	2025-07-25 15:33:54.049289+05:30	\N	~	133	1	1	\N	1	1	1	\N	5
1	2025-06-22 14:45:26.692+05:30	t	\N	\N	f	Liam Bennett	recruitment/profile/profile-pic-boy.jpg		\N	liam.bennett@horilla.com	9876540101	recruitment/resume/resume.pdf	\N	\N	\N	\N	\N	\N	male	\N	f	f	f	t	\N	0	\N	not_sent	2025-07-29	\N	1017	2025-07-29 12:52:00.759917+05:30	\N	~	133	1	1	\N	1	1	1	\N	5
1	2025-06-22 14:45:26.692+05:30	t	\N	\N	f	Liam Bennett	recruitment/profile/profile-pic-boy.jpg		\N	liam.bennett@horilla.com	9876540101	recruitment/resume/resume.pdf	\N	\N	\N	\N	\N	\N	male	\N	f	f	f	t	\N	0	\N	not_sent	2025-07-25	\N	485	2025-07-25 15:38:54.036519+05:30	\N	~	133	1	1	\N	1	1	1	\N	5
6	2025-06-22 14:58:20.41+05:30	t	\N	\N	f	Lucas Rogers	recruitment/profile/profile-pic-boy_8BU4hEF.jpg		\N	lucas.rogers@horilla.com	9876540107	recruitment/resume/resume_SjCrKeM.pdf		None	\N	None	\N	\N	male	\N	f	f	f	t	\N	0	\N	not_sent	2025-07-25	\N	486	2025-07-25 15:38:54.056489+05:30	\N	~	128	1	6	\N	3	1	2	\N	7
1	2025-06-22 14:45:26.692+05:30	t	\N	\N	f	Liam Bennett	recruitment/profile/profile-pic-boy.jpg		\N	liam.bennett@horilla.com	9876540101	recruitment/resume/resume.pdf	\N	\N	\N	\N	\N	\N	male	\N	f	f	f	t	\N	0	\N	not_sent	2025-07-25	\N	490	2025-07-25 15:43:54.066339+05:30	\N	~	133	1	1	\N	1	1	1	\N	5
6	2025-06-22 14:58:20.41+05:30	t	\N	\N	f	Lucas Rogers	recruitment/profile/profile-pic-boy_8BU4hEF.jpg		\N	lucas.rogers@horilla.com	9876540107	recruitment/resume/resume_SjCrKeM.pdf		None	\N	None	\N	\N	male	\N	f	f	f	t	\N	0	\N	not_sent	2025-07-25	\N	491	2025-07-25 15:43:54.101483+05:30	\N	~	128	1	6	\N	3	1	2	\N	7
6	2025-06-22 14:58:20.41+05:30	t	\N	\N	f	Lucas Rogers	recruitment/profile/profile-pic-boy_8BU4hEF.jpg		\N	lucas.rogers@horilla.com	9876540107	recruitment/resume/resume_SjCrKeM.pdf		None	\N	None	\N	\N	male	\N	f	f	f	t	\N	0	\N	not_sent	2025-07-29	\N	1018	2025-07-29 12:52:00.773907+05:30	\N	~	128	1	6	\N	3	1	2	\N	7
1	2025-06-22 14:45:26.692+05:30	t	\N	\N	f	Liam Bennett	recruitment/profile/profile-pic-boy.jpg		\N	liam.bennett@horilla.com	9876540101	recruitment/resume/resume.pdf	\N	\N	\N	\N	\N	\N	male	\N	f	f	f	t	\N	0	\N	not_sent	2025-07-25	\N	496	2025-07-25 15:48:54.027301+05:30	\N	~	133	1	1	\N	1	1	1	\N	5
6	2025-06-22 14:58:20.41+05:30	t	\N	\N	f	Lucas Rogers	recruitment/profile/profile-pic-boy_8BU4hEF.jpg		\N	lucas.rogers@horilla.com	9876540107	recruitment/resume/resume_SjCrKeM.pdf		None	\N	None	\N	\N	male	\N	f	f	f	t	\N	0	\N	not_sent	2025-07-25	\N	497	2025-07-25 15:48:54.048077+05:30	\N	~	128	1	6	\N	3	1	2	\N	7
18	2025-07-24 15:26:55.605574+05:30	t	\N	\N	f	Sayan Deb	https://ui-avatars.com/api/?name=Sayan Deb		\N	sayan@yopmail.com	+9187657656	recruitment/resume/security_report (12).pdf	3/6 Kolkata	India	\N	West Bengal	Kolkata	700102	male	\N	f	f	f	t	\N	0	\N	not_sent	2025-07-29	\N	1022	2025-07-29 13:02:00.765903+05:30	\N	~	\N	1	18	\N	1	1	1	\N	1
6	2025-06-22 14:58:20.41+05:30	t	\N	\N	f	Lucas Rogers	recruitment/profile/profile-pic-boy_8BU4hEF.jpg		\N	lucas.rogers@horilla.com	9876540107	recruitment/resume/resume_SjCrKeM.pdf		None	\N	None	\N	\N	male	\N	f	f	f	t	\N	0	\N	not_sent	2025-07-29	\N	1023	2025-07-29 13:02:00.852236+05:30	\N	~	128	1	6	\N	3	1	2	\N	7
1	2025-06-22 14:45:26.692+05:30	t	\N	\N	f	Liam Bennett	recruitment/profile/profile-pic-boy.jpg		\N	liam.bennett@horilla.com	9876540101	recruitment/resume/resume.pdf	\N	\N	\N	\N	\N	\N	male	\N	f	f	f	t	\N	0	\N	not_sent	2025-07-25	\N	509	2025-07-25 15:58:54.063322+05:30	\N	~	133	1	1	\N	1	1	1	\N	5
6	2025-06-22 14:58:20.41+05:30	t	\N	\N	f	Lucas Rogers	recruitment/profile/profile-pic-boy_8BU4hEF.jpg		\N	lucas.rogers@horilla.com	9876540107	recruitment/resume/resume_SjCrKeM.pdf		None	\N	None	\N	\N	male	\N	f	f	f	t	\N	0	\N	not_sent	2025-07-25	\N	510	2025-07-25 15:58:54.081511+05:30	\N	~	128	1	6	\N	3	1	2	\N	7
1	2025-06-22 14:45:26.692+05:30	t	\N	\N	f	Liam Bennett	recruitment/profile/profile-pic-boy.jpg		\N	liam.bennett@horilla.com	9876540101	recruitment/resume/resume.pdf	\N	\N	\N	\N	\N	\N	male	\N	f	f	f	t	\N	0	\N	not_sent	2025-07-25	\N	520	2025-07-25 16:08:54.060255+05:30	\N	~	133	1	1	\N	1	1	1	\N	5
1	2025-06-22 14:45:26.692+05:30	t	\N	\N	f	Liam Bennett	recruitment/profile/profile-pic-boy.jpg		\N	liam.bennett@horilla.com	9876540101	recruitment/resume/resume.pdf	\N	\N	\N	\N	\N	\N	male	\N	f	f	f	t	\N	0	\N	not_sent	2025-07-28	\N	861	2025-07-28 17:25:34.234082+05:30	\N	~	133	1	1	\N	1	1	1	\N	5
6	2025-06-22 14:58:20.41+05:30	t	\N	\N	f	Lucas Rogers	recruitment/profile/profile-pic-boy_8BU4hEF.jpg		\N	lucas.rogers@horilla.com	9876540107	recruitment/resume/resume_SjCrKeM.pdf		None	\N	None	\N	\N	male	\N	f	f	f	t	\N	0	\N	not_sent	2025-07-24	\N	305	2025-07-24 15:52:50.215864+05:30	\N	~	128	1	6	1	3	1	2	\N	3
1	2025-06-22 14:45:26.692+05:30	t	\N	\N	f	Liam Bennett	recruitment/profile/profile-pic-boy.jpg		\N	liam.bennett@horilla.com	9876540101	recruitment/resume/resume.pdf	\N	\N	\N	\N	\N	\N	male	\N	f	f	f	t	\N	0	\N	not_sent	2025-07-29	\N	1024	2025-07-29 13:02:00.875843+05:30	\N	~	133	1	1	\N	1	1	1	\N	5
6	2025-06-22 14:58:20.41+05:30	t	\N	\N	f	Lucas Rogers	recruitment/profile/profile-pic-boy_8BU4hEF.jpg		\N	lucas.rogers@horilla.com	9876540107	recruitment/resume/resume_SjCrKeM.pdf		None	\N	None	\N	\N	male	\N	f	f	f	t	\N	0	\N	not_sent	2025-07-25	\N	489	2025-07-25 15:43:35.970353+05:30	\N	~	128	1	6	\N	3	1	2	\N	7
6	2025-06-22 14:58:20.41+05:30	t	\N	\N	f	Lucas Rogers	recruitment/profile/profile-pic-boy_8BU4hEF.jpg		\N	lucas.rogers@horilla.com	9876540107	recruitment/resume/resume_SjCrKeM.pdf		None	\N	None	\N	\N	male	\N	f	f	f	t	\N	0	\N	not_sent	2025-07-25	\N	493	2025-07-25 15:48:35.925915+05:30	\N	~	128	1	6	\N	3	1	2	\N	7
1	2025-06-22 14:45:26.692+05:30	t	\N	\N	f	Liam Bennett	recruitment/profile/profile-pic-boy.jpg		\N	liam.bennett@horilla.com	9876540101	recruitment/resume/resume.pdf	\N	\N	\N	\N	\N	\N	male	\N	f	f	f	t	\N	0	\N	not_sent	2025-07-25	\N	494	2025-07-25 15:48:35.978683+05:30	\N	~	133	1	1	\N	1	1	1	\N	5
6	2025-06-22 14:58:20.41+05:30	t	\N	\N	f	Lucas Rogers	recruitment/profile/profile-pic-boy_8BU4hEF.jpg		\N	lucas.rogers@horilla.com	9876540107	recruitment/resume/resume_SjCrKeM.pdf		None	\N	None	\N	\N	male	\N	f	f	f	t	\N	0	\N	not_sent	2025-07-29	\N	1028	2025-07-29 13:12:00.793144+05:30	\N	~	128	1	6	\N	3	1	2	\N	7
18	2025-07-24 15:26:55.605574+05:30	t	\N	\N	f	Sayan Deb	https://ui-avatars.com/api/?name=Sayan Deb		\N	sayan@yopmail.com	+9187657656	recruitment/resume/security_report (12).pdf	3/6 Kolkata	India	\N	West Bengal	Kolkata	700102	male	\N	f	f	f	t	\N	0	\N	not_sent	2025-07-29	\N	1029	2025-07-29 13:12:00.819926+05:30	\N	~	\N	1	18	\N	1	1	1	\N	1
6	2025-06-22 14:58:20.41+05:30	t	\N	\N	f	Lucas Rogers	recruitment/profile/profile-pic-boy_8BU4hEF.jpg		\N	lucas.rogers@horilla.com	9876540107	recruitment/resume/resume_SjCrKeM.pdf		None	\N	None	\N	\N	male	\N	f	f	f	t	\N	0	\N	not_sent	2025-07-25	\N	500	2025-07-25 15:53:35.968591+05:30	\N	~	128	1	6	\N	3	1	2	\N	7
1	2025-06-22 14:45:26.692+05:30	t	\N	\N	f	Liam Bennett	recruitment/profile/profile-pic-boy.jpg		\N	liam.bennett@horilla.com	9876540101	recruitment/resume/resume.pdf	\N	\N	\N	\N	\N	\N	male	\N	f	f	f	t	\N	0	\N	not_sent	2025-07-25	\N	501	2025-07-25 15:53:35.997512+05:30	\N	~	133	1	1	\N	1	1	1	\N	5
6	2025-06-22 14:58:20.41+05:30	t	\N	\N	f	Lucas Rogers	recruitment/profile/profile-pic-boy_8BU4hEF.jpg		\N	lucas.rogers@horilla.com	9876540107	recruitment/resume/resume_SjCrKeM.pdf		None	\N	None	\N	\N	male	\N	f	f	f	t	\N	0	\N	not_sent	2025-07-25	\N	505	2025-07-25 15:58:35.917838+05:30	\N	~	128	1	6	\N	3	1	2	\N	7
1	2025-06-22 14:45:26.692+05:30	t	\N	\N	f	Liam Bennett	recruitment/profile/profile-pic-boy.jpg		\N	liam.bennett@horilla.com	9876540101	recruitment/resume/resume.pdf	\N	\N	\N	\N	\N	\N	male	\N	f	f	f	t	\N	0	\N	not_sent	2025-07-25	\N	506	2025-07-25 15:58:35.942978+05:30	\N	~	133	1	1	\N	1	1	1	\N	5
1	2025-06-22 14:45:26.692+05:30	t	\N	\N	f	Liam Bennett	recruitment/profile/profile-pic-boy.jpg		\N	liam.bennett@horilla.com	9876540101	recruitment/resume/resume.pdf	\N	\N	\N	\N	\N	\N	male	\N	f	f	f	t	\N	0	\N	not_sent	2025-07-29	\N	1030	2025-07-29 13:12:00.836558+05:30	\N	~	133	1	1	\N	1	1	1	\N	5
6	2025-06-22 14:58:20.41+05:30	t	\N	\N	f	Lucas Rogers	recruitment/profile/profile-pic-boy_8BU4hEF.jpg		\N	lucas.rogers@horilla.com	9876540107	recruitment/resume/resume_SjCrKeM.pdf		None	\N	None	\N	\N	male	\N	f	f	f	t	\N	0	\N	not_sent	2025-07-25	\N	517	2025-07-25 16:08:35.912801+05:30	\N	~	128	1	6	\N	3	1	2	\N	7
1	2025-06-22 14:45:26.692+05:30	t	\N	\N	f	Liam Bennett	recruitment/profile/profile-pic-boy.jpg		\N	liam.bennett@horilla.com	9876540101	recruitment/resume/resume.pdf	\N	\N	\N	\N	\N	\N	male	\N	f	f	f	t	\N	0	\N	not_sent	2025-07-25	\N	518	2025-07-25 16:08:35.944047+05:30	\N	~	133	1	1	\N	1	1	1	\N	5
1	2025-06-22 14:45:26.692+05:30	t	\N	\N	f	Liam Bennett	recruitment/profile/profile-pic-boy.jpg		\N	liam.bennett@horilla.com	9876540101	recruitment/resume/resume.pdf	\N	\N	\N	\N	\N	\N	male	\N	f	f	f	t	\N	0	\N	not_sent	2025-07-29	\N	1034	2025-07-29 13:22:00.77339+05:30	\N	~	133	1	1	\N	1	1	1	\N	5
6	2025-06-22 14:58:20.41+05:30	t	\N	\N	f	Lucas Rogers	recruitment/profile/profile-pic-boy_8BU4hEF.jpg		\N	lucas.rogers@horilla.com	9876540107	recruitment/resume/resume_SjCrKeM.pdf		None	\N	None	\N	\N	male	\N	f	f	f	t	\N	0	\N	not_sent	2025-07-29	\N	1035	2025-07-29 13:22:00.80543+05:30	\N	~	128	1	6	\N	3	1	2	\N	7
6	2025-06-22 14:58:20.41+05:30	t	\N	\N	f	Lucas Rogers	recruitment/profile/profile-pic-boy_8BU4hEF.jpg		\N	lucas.rogers@horilla.com	9876540107	recruitment/resume/resume_SjCrKeM.pdf		None	\N	None	\N	\N	male	\N	f	f	f	t	\N	0	\N	not_sent	2025-07-25	\N	596	2025-07-25 17:13:35.932277+05:30	\N	~	128	1	6	\N	3	1	2	\N	7
1	2025-06-22 14:45:26.692+05:30	t	\N	\N	f	Liam Bennett	recruitment/profile/profile-pic-boy.jpg		\N	liam.bennett@horilla.com	9876540101	recruitment/resume/resume.pdf	\N	\N	\N	\N	\N	\N	male	\N	f	f	f	t	\N	0	\N	not_sent	2025-07-25	\N	597	2025-07-25 17:13:35.968582+05:30	\N	~	133	1	1	\N	1	1	1	\N	5
1	2025-06-22 14:45:26.692+05:30	t	\N	\N	f	Liam Bennett	recruitment/profile/profile-pic-boy.jpg		\N	liam.bennett@horilla.com	9876540101	recruitment/resume/resume.pdf	\N	\N	\N	\N	\N	\N	male	\N	f	f	f	t	\N	0	\N	not_sent	2025-07-25	\N	607	2025-07-25 17:23:35.933059+05:30	\N	~	133	1	1	\N	1	1	1	\N	5
18	2025-07-24 15:26:55.605574+05:30	t	\N	\N	f	Sayan Deb	https://ui-avatars.com/api/?name=Sayan Deb		\N	sayan@yopmail.com	+9187657656	recruitment/resume/security_report (12).pdf	3/6 Kolkata	India	\N	West Bengal	Kolkata	700102	male	\N	f	f	f	t	\N	0	\N	not_sent	2025-07-29	\N	1036	2025-07-29 13:22:00.829968+05:30	\N	~	\N	1	18	\N	1	1	1	\N	1
6	2025-06-22 14:58:20.41+05:30	t	\N	\N	f	Lucas Rogers	recruitment/profile/profile-pic-boy_8BU4hEF.jpg		\N	lucas.rogers@horilla.com	9876540107	recruitment/resume/resume_SjCrKeM.pdf		None	\N	None	\N	\N	male	\N	f	f	f	t	\N	0	\N	not_sent	2025-07-25	\N	609	2025-07-25 17:23:35.980327+05:30	\N	~	128	1	6	\N	3	1	2	\N	7
1	2025-06-22 14:45:26.692+05:30	t	\N	\N	f	Liam Bennett	recruitment/profile/profile-pic-boy.jpg		\N	liam.bennett@horilla.com	9876540101	recruitment/resume/resume.pdf	\N	\N	\N	\N	\N	\N	male	\N	f	f	f	t	\N	0	\N	not_sent	2025-07-29	\N	1040	2025-07-29 13:32:00.7711+05:30	\N	~	133	1	1	\N	1	1	1	\N	5
6	2025-06-22 14:58:20.41+05:30	t	\N	\N	f	Lucas Rogers	recruitment/profile/profile-pic-boy_8BU4hEF.jpg		\N	lucas.rogers@horilla.com	9876540107	recruitment/resume/resume_SjCrKeM.pdf		None	\N	None	\N	\N	male	\N	f	f	f	t	\N	0	\N	not_sent	2025-07-25	\N	620	2025-07-25 17:33:35.922894+05:30	\N	~	128	1	6	\N	3	1	2	\N	7
1	2025-06-22 14:45:26.692+05:30	t	\N	\N	f	Liam Bennett	recruitment/profile/profile-pic-boy.jpg		\N	liam.bennett@horilla.com	9876540101	recruitment/resume/resume.pdf	\N	\N	\N	\N	\N	\N	male	\N	f	f	f	t	\N	0	\N	not_sent	2025-07-25	\N	621	2025-07-25 17:33:35.938607+05:30	\N	~	133	1	1	\N	1	1	1	\N	5
1	2025-06-22 14:45:26.692+05:30	t	\N	\N	f	Liam Bennett	recruitment/profile/profile-pic-boy.jpg		\N	liam.bennett@horilla.com	9876540101	recruitment/resume/resume.pdf	\N	\N	\N	\N	\N	\N	male	\N	f	f	f	t	\N	0	\N	not_sent	2025-07-25	\N	631	2025-07-25 17:43:35.945272+05:30	\N	~	133	1	1	\N	1	1	1	\N	5
18	2025-07-24 15:26:55.605574+05:30	t	\N	\N	f	Sayan Deb	https://ui-avatars.com/api/?name=Sayan Deb		\N	sayan@yopmail.com	+9187657656	recruitment/resume/security_report (12).pdf	3/6 Kolkata	India	\N	West Bengal	Kolkata	700102	male	\N	f	f	f	t	\N	0	\N	not_sent	2025-07-29	\N	1041	2025-07-29 13:32:00.797288+05:30	\N	~	\N	1	18	\N	1	1	1	\N	1
6	2025-06-22 14:58:20.41+05:30	t	\N	\N	f	Lucas Rogers	recruitment/profile/profile-pic-boy_8BU4hEF.jpg		\N	lucas.rogers@horilla.com	9876540107	recruitment/resume/resume_SjCrKeM.pdf		None	\N	None	\N	\N	male	\N	f	f	f	t	\N	0	\N	not_sent	2025-07-29	\N	1042	2025-07-29 13:32:00.814248+05:30	\N	~	128	1	6	\N	3	1	2	\N	7
6	2025-06-22 14:58:20.41+05:30	t	\N	\N	f	Lucas Rogers	recruitment/profile/profile-pic-boy_8BU4hEF.jpg		\N	lucas.rogers@horilla.com	9876540107	recruitment/resume/resume_SjCrKeM.pdf		None	\N	None	\N	\N	male	\N	f	f	f	t	\N	0	\N	not_sent	2025-07-24	\N	306	2025-07-24 15:53:00.86943+05:30	\N	~	128	1	6	1	3	1	2	\N	7
6	2025-06-22 14:58:20.41+05:30	t	\N	\N	f	Lucas Rogers	recruitment/profile/profile-pic-boy_8BU4hEF.jpg		\N	lucas.rogers@horilla.com	9876540107	recruitment/resume/resume_SjCrKeM.pdf		None	\N	None	\N	\N	male	\N	f	f	f	t	\N	0	\N	not_sent	2025-07-25	\N	502	2025-07-25 15:53:54.104593+05:30	\N	~	128	1	6	\N	3	1	2	\N	7
1	2025-06-22 14:45:26.692+05:30	t	\N	\N	f	Liam Bennett	recruitment/profile/profile-pic-boy.jpg		\N	liam.bennett@horilla.com	9876540101	recruitment/resume/resume.pdf	\N	\N	\N	\N	\N	\N	male	\N	f	f	f	t	\N	0	\N	not_sent	2025-07-29	\N	1026	2025-07-29 13:07:00.803973+05:30	\N	~	133	1	1	\N	1	1	1	\N	5
1	2025-06-22 14:45:26.692+05:30	t	\N	\N	f	Liam Bennett	recruitment/profile/profile-pic-boy.jpg		\N	liam.bennett@horilla.com	9876540101	recruitment/resume/resume.pdf	\N	\N	\N	\N	\N	\N	male	\N	f	f	f	t	\N	0	\N	not_sent	2025-07-25	\N	504	2025-07-25 15:53:54.170258+05:30	\N	~	133	1	1	\N	1	1	1	\N	5
1	2025-06-22 14:45:26.692+05:30	t	\N	\N	f	Liam Bennett	recruitment/profile/profile-pic-boy.jpg		\N	liam.bennett@horilla.com	9876540101	recruitment/resume/resume.pdf	\N	\N	\N	\N	\N	\N	male	\N	f	f	f	t	\N	0	\N	not_sent	2025-07-25	\N	514	2025-07-25 16:03:54.010972+05:30	\N	~	133	1	1	\N	1	1	1	\N	5
6	2025-06-22 14:58:20.41+05:30	t	\N	\N	f	Lucas Rogers	recruitment/profile/profile-pic-boy_8BU4hEF.jpg		\N	lucas.rogers@horilla.com	9876540107	recruitment/resume/resume_SjCrKeM.pdf		None	\N	None	\N	\N	male	\N	f	f	f	t	\N	0	\N	not_sent	2025-07-25	\N	515	2025-07-25 16:03:54.028965+05:30	\N	~	128	1	6	\N	3	1	2	\N	7
18	2025-07-24 15:26:55.605574+05:30	t	\N	\N	f	Sayan Deb	https://ui-avatars.com/api/?name=Sayan Deb		\N	sayan@yopmail.com	+9187657656	recruitment/resume/security_report (12).pdf	3/6 Kolkata	India	\N	West Bengal	Kolkata	700102	male	\N	f	f	f	t	\N	0	\N	not_sent	2025-07-29	\N	1027	2025-07-29 13:07:00.817676+05:30	\N	~	\N	1	18	\N	1	1	1	\N	1
6	2025-06-22 14:58:20.41+05:30	t	\N	\N	f	Lucas Rogers	recruitment/profile/profile-pic-boy_8BU4hEF.jpg		\N	lucas.rogers@horilla.com	9876540107	recruitment/resume/resume_SjCrKeM.pdf		None	\N	None	\N	\N	male	\N	f	f	f	t	\N	0	\N	not_sent	2025-07-25	\N	598	2025-07-25 17:13:54.04452+05:30	\N	~	128	1	6	\N	3	1	2	\N	7
1	2025-06-22 14:45:26.692+05:30	t	\N	\N	f	Liam Bennett	recruitment/profile/profile-pic-boy.jpg		\N	liam.bennett@horilla.com	9876540101	recruitment/resume/resume.pdf	\N	\N	\N	\N	\N	\N	male	\N	f	f	f	t	\N	0	\N	not_sent	2025-07-29	\N	1031	2025-07-29 13:17:00.778613+05:30	\N	~	133	1	1	\N	1	1	1	\N	5
1	2025-06-22 14:45:26.692+05:30	t	\N	\N	f	Liam Bennett	recruitment/profile/profile-pic-boy.jpg		\N	liam.bennett@horilla.com	9876540101	recruitment/resume/resume.pdf	\N	\N	\N	\N	\N	\N	male	\N	f	f	f	t	\N	0	\N	not_sent	2025-07-25	\N	600	2025-07-25 17:13:54.112505+05:30	\N	~	133	1	1	\N	1	1	1	\N	5
1	2025-06-22 14:45:26.692+05:30	t	\N	\N	f	Liam Bennett	recruitment/profile/profile-pic-boy.jpg		\N	liam.bennett@horilla.com	9876540101	recruitment/resume/resume.pdf	\N	\N	\N	\N	\N	\N	male	\N	f	f	f	t	\N	0	\N	not_sent	2025-07-25	\N	610	2025-07-25 17:23:54.046007+05:30	\N	~	133	1	1	\N	1	1	1	\N	5
6	2025-06-22 14:58:20.41+05:30	t	\N	\N	f	Lucas Rogers	recruitment/profile/profile-pic-boy_8BU4hEF.jpg		\N	lucas.rogers@horilla.com	9876540107	recruitment/resume/resume_SjCrKeM.pdf		None	\N	None	\N	\N	male	\N	f	f	f	t	\N	0	\N	not_sent	2025-07-25	\N	611	2025-07-25 17:23:54.077921+05:30	\N	~	128	1	6	\N	3	1	2	\N	7
18	2025-07-24 15:26:55.605574+05:30	t	\N	\N	f	Sayan Deb	https://ui-avatars.com/api/?name=Sayan Deb		\N	sayan@yopmail.com	+9187657656	recruitment/resume/security_report (12).pdf	3/6 Kolkata	India	\N	West Bengal	Kolkata	700102	male	\N	f	f	f	t	\N	0	\N	not_sent	2025-07-29	\N	1032	2025-07-29 13:17:00.799871+05:30	\N	~	\N	1	18	\N	1	1	1	\N	1
6	2025-06-22 14:58:20.41+05:30	t	\N	\N	f	Lucas Rogers	recruitment/profile/profile-pic-boy_8BU4hEF.jpg		\N	lucas.rogers@horilla.com	9876540107	recruitment/resume/resume_SjCrKeM.pdf		None	\N	None	\N	\N	male	\N	f	f	f	t	\N	0	\N	not_sent	2025-07-25	\N	622	2025-07-25 17:33:54.038505+05:30	\N	~	128	1	6	\N	3	1	2	\N	7
6	2025-06-22 14:58:20.41+05:30	t	\N	\N	f	Lucas Rogers	recruitment/profile/profile-pic-boy_8BU4hEF.jpg		\N	lucas.rogers@horilla.com	9876540107	recruitment/resume/resume_SjCrKeM.pdf		None	\N	None	\N	\N	male	\N	f	f	f	t	\N	0	\N	not_sent	2025-07-29	\N	1033	2025-07-29 13:17:00.816933+05:30	\N	~	128	1	6	\N	3	1	2	\N	7
1	2025-06-22 14:45:26.692+05:30	t	\N	\N	f	Liam Bennett	recruitment/profile/profile-pic-boy.jpg		\N	liam.bennett@horilla.com	9876540101	recruitment/resume/resume.pdf	\N	\N	\N	\N	\N	\N	male	\N	f	f	f	t	\N	0	\N	not_sent	2025-07-25	\N	624	2025-07-25 17:33:54.057494+05:30	\N	~	133	1	1	\N	1	1	1	\N	5
1	2025-06-22 14:45:26.692+05:30	t	\N	\N	f	Liam Bennett	recruitment/profile/profile-pic-boy.jpg		\N	liam.bennett@horilla.com	9876540101	recruitment/resume/resume.pdf	\N	\N	\N	\N	\N	\N	male	\N	f	f	f	t	\N	0	\N	not_sent	2025-07-25	\N	634	2025-07-25 17:43:54.127596+05:30	\N	~	133	1	1	\N	1	1	1	\N	5
6	2025-06-22 14:58:20.41+05:30	t	\N	\N	f	Lucas Rogers	recruitment/profile/profile-pic-boy_8BU4hEF.jpg		\N	lucas.rogers@horilla.com	9876540107	recruitment/resume/resume_SjCrKeM.pdf		None	\N	None	\N	\N	male	\N	f	f	f	t	\N	0	\N	not_sent	2025-07-25	\N	635	2025-07-25 17:43:54.163105+05:30	\N	~	128	1	6	\N	3	1	2	\N	7
1	2025-06-22 14:45:26.692+05:30	t	\N	\N	f	Liam Bennett	recruitment/profile/profile-pic-boy.jpg		\N	liam.bennett@horilla.com	9876540101	recruitment/resume/resume.pdf	\N	\N	\N	\N	\N	\N	male	\N	f	f	f	t	\N	0	\N	not_sent	2025-07-29	\N	1037	2025-07-29 13:27:00.727884+05:30	\N	~	133	1	1	\N	1	1	1	\N	5
18	2025-07-24 15:26:55.605574+05:30	t	\N	\N	f	Sayan Deb	https://ui-avatars.com/api/?name=Sayan Deb		\N	sayan@yopmail.com	+9187657656	recruitment/resume/security_report (12).pdf	3/6 Kolkata	India	\N	West Bengal	Kolkata	700102	male	\N	f	f	f	t	\N	0	\N	not_sent	2025-07-29	\N	1038	2025-07-29 13:27:00.739712+05:30	\N	~	\N	1	18	\N	1	1	1	\N	1
1	2025-06-22 14:45:26.692+05:30	t	\N	\N	f	Liam Bennett	recruitment/profile/profile-pic-boy.jpg		\N	liam.bennett@horilla.com	9876540101	recruitment/resume/resume.pdf	\N	\N	\N	\N	\N	\N	male	\N	f	f	f	t	\N	0	\N	not_sent	2025-07-25	\N	653	2025-07-25 17:58:54.086878+05:30	\N	~	133	1	1	\N	1	1	1	\N	5
6	2025-06-22 14:58:20.41+05:30	t	\N	\N	f	Lucas Rogers	recruitment/profile/profile-pic-boy_8BU4hEF.jpg		\N	lucas.rogers@horilla.com	9876540107	recruitment/resume/resume_SjCrKeM.pdf		None	\N	None	\N	\N	male	\N	f	f	f	t	\N	0	\N	not_sent	2025-07-25	\N	654	2025-07-25 17:58:54.103511+05:30	\N	~	128	1	6	\N	3	1	2	\N	7
6	2025-06-22 14:58:20.41+05:30	t	\N	\N	f	Lucas Rogers	recruitment/profile/profile-pic-boy_8BU4hEF.jpg		\N	lucas.rogers@horilla.com	9876540107	recruitment/resume/resume_SjCrKeM.pdf		None	\N	None	\N	\N	male	\N	f	f	f	t	\N	0	\N	not_sent	2025-07-29	\N	1039	2025-07-29 13:27:00.754113+05:30	\N	~	128	1	6	\N	3	1	2	\N	7
1	2025-06-22 14:45:26.692+05:30	t	\N	\N	f	Liam Bennett	recruitment/profile/profile-pic-boy.jpg		\N	liam.bennett@horilla.com	9876540101	recruitment/resume/resume.pdf	\N	\N	\N	\N	\N	\N	male	\N	f	f	f	t	\N	0	\N	not_sent	2025-07-28	\N	672	2025-07-28 12:07:21.999294+05:30	\N	~	133	1	1	\N	1	1	1	\N	5
6	2025-06-22 14:58:20.41+05:30	t	\N	\N	f	Lucas Rogers	recruitment/profile/profile-pic-boy_8BU4hEF.jpg		\N	lucas.rogers@horilla.com	9876540107	recruitment/resume/resume_SjCrKeM.pdf		None	\N	None	\N	\N	male	\N	f	f	f	t	\N	0	\N	not_sent	2025-07-28	\N	673	2025-07-28 12:12:21.944726+05:30	\N	~	128	1	6	\N	3	1	2	\N	7
1	2025-06-22 14:45:26.692+05:30	t	\N	\N	f	Liam Bennett	recruitment/profile/profile-pic-boy.jpg		\N	liam.bennett@horilla.com	9876540101	recruitment/resume/resume.pdf	\N	\N	\N	\N	\N	\N	male	\N	f	f	f	t	\N	0	\N	not_sent	2025-07-28	\N	674	2025-07-28 12:12:21.987537+05:30	\N	~	133	1	1	\N	1	1	1	\N	5
1	2025-06-22 14:45:26.692+05:30	t	\N	\N	f	Liam Bennett	recruitment/profile/profile-pic-boy.jpg		\N	liam.bennett@horilla.com	9876540101	recruitment/resume/resume.pdf	\N	\N	\N	\N	\N	\N	male	\N	f	f	f	t	\N	0	\N	not_sent	2025-07-28	\N	898	2025-07-28 18:43:25.730455+05:30	\N	~	133	1	1	\N	1	1	1	\N	5
6	2025-06-22 14:58:20.41+05:30	t	\N	\N	f	Lucas Rogers	recruitment/profile/profile-pic-boy_8BU4hEF.jpg		\N	lucas.rogers@horilla.com	9876540107	recruitment/resume/resume_SjCrKeM.pdf		None	\N	None	\N	\N	male	\N	f	f	f	t	\N	0	\N	not_sent	2025-07-24	\N	307	2025-07-24 15:53:00.872353+05:30	\N	~	128	1	6	1	3	1	2	\N	7
1	2025-06-22 14:45:26.692+05:30	t	\N	\N	f	Liam Bennett	recruitment/profile/profile-pic-boy.jpg		\N	liam.bennett@horilla.com	9876540101	recruitment/resume/resume.pdf	\N	\N	\N	\N	\N	\N	male	\N	f	f	f	t	\N	0	\N	not_sent	2025-07-25	\N	511	2025-07-25 16:03:35.94627+05:30	\N	~	133	1	1	\N	1	1	1	\N	5
1	2025-06-22 14:45:26.692+05:30	t	\N	\N	f	Liam Bennett	recruitment/profile/profile-pic-boy.jpg		\N	liam.bennett@horilla.com	9876540101	recruitment/resume/resume.pdf	\N	\N	\N	\N	\N	\N	male	\N	f	f	f	t	\N	0	\N	not_sent	2025-07-29	\N	1043	2025-07-29 13:37:00.777676+05:30	\N	~	133	1	1	\N	1	1	1	\N	5
6	2025-06-22 14:58:20.41+05:30	t	\N	\N	f	Lucas Rogers	recruitment/profile/profile-pic-boy_8BU4hEF.jpg		\N	lucas.rogers@horilla.com	9876540107	recruitment/resume/resume_SjCrKeM.pdf		None	\N	None	\N	\N	male	\N	f	f	f	t	\N	0	\N	not_sent	2025-07-25	\N	513	2025-07-25 16:03:35.985166+05:30	\N	~	128	1	6	\N	3	1	2	\N	7
6	2025-06-22 14:58:20.41+05:30	t	\N	\N	f	Lucas Rogers	recruitment/profile/profile-pic-boy_8BU4hEF.jpg		\N	lucas.rogers@horilla.com	9876540107	recruitment/resume/resume_SjCrKeM.pdf		None	\N	None	\N	\N	male	\N	f	f	f	t	\N	0	\N	not_sent	2025-07-25	\N	601	2025-07-25 17:18:35.904962+05:30	\N	~	128	1	6	\N	3	1	2	\N	7
1	2025-06-22 14:45:26.692+05:30	t	\N	\N	f	Liam Bennett	recruitment/profile/profile-pic-boy.jpg		\N	liam.bennett@horilla.com	9876540101	recruitment/resume/resume.pdf	\N	\N	\N	\N	\N	\N	male	\N	f	f	f	t	\N	0	\N	not_sent	2025-07-25	\N	602	2025-07-25 17:18:35.920613+05:30	\N	~	133	1	1	\N	1	1	1	\N	5
6	2025-06-22 14:58:20.41+05:30	t	\N	\N	f	Lucas Rogers	recruitment/profile/profile-pic-boy_8BU4hEF.jpg		\N	lucas.rogers@horilla.com	9876540107	recruitment/resume/resume_SjCrKeM.pdf		None	\N	None	\N	\N	male	\N	f	f	f	t	\N	0	\N	not_sent	2025-07-29	\N	1044	2025-07-29 13:37:00.807452+05:30	\N	~	128	1	6	\N	3	1	2	\N	7
6	2025-06-22 14:58:20.41+05:30	t	\N	\N	f	Lucas Rogers	recruitment/profile/profile-pic-boy_8BU4hEF.jpg		\N	lucas.rogers@horilla.com	9876540107	recruitment/resume/resume_SjCrKeM.pdf		None	\N	None	\N	\N	male	\N	f	f	f	t	\N	0	\N	not_sent	2025-07-25	\N	613	2025-07-25 17:28:35.914963+05:30	\N	~	128	1	6	\N	3	1	2	\N	7
1	2025-06-22 14:45:26.692+05:30	t	\N	\N	f	Liam Bennett	recruitment/profile/profile-pic-boy.jpg		\N	liam.bennett@horilla.com	9876540101	recruitment/resume/resume.pdf	\N	\N	\N	\N	\N	\N	male	\N	f	f	f	t	\N	0	\N	not_sent	2025-07-25	\N	614	2025-07-25 17:28:35.937645+05:30	\N	~	133	1	1	\N	1	1	1	\N	5
18	2025-07-24 15:26:55.605574+05:30	t	\N	\N	f	Sayan Deb	https://ui-avatars.com/api/?name=Sayan Deb		\N	sayan@yopmail.com	+9187657656	recruitment/resume/security_report (12).pdf	3/6 Kolkata	India	\N	West Bengal	Kolkata	700102	male	\N	f	f	f	t	\N	0	\N	not_sent	2025-07-29	\N	1045	2025-07-29 13:37:00.820075+05:30	\N	~	\N	1	18	\N	1	1	1	\N	1
6	2025-06-22 14:58:20.41+05:30	t	\N	\N	f	Lucas Rogers	recruitment/profile/profile-pic-boy_8BU4hEF.jpg		\N	lucas.rogers@horilla.com	9876540107	recruitment/resume/resume_SjCrKeM.pdf		None	\N	None	\N	\N	male	\N	f	f	f	t	\N	0	\N	not_sent	2025-07-25	\N	625	2025-07-25 17:38:35.914395+05:30	\N	~	128	1	6	\N	3	1	2	\N	7
1	2025-06-22 14:45:26.692+05:30	t	\N	\N	f	Liam Bennett	recruitment/profile/profile-pic-boy.jpg		\N	liam.bennett@horilla.com	9876540101	recruitment/resume/resume.pdf	\N	\N	\N	\N	\N	\N	male	\N	f	f	f	t	\N	0	\N	not_sent	2025-07-25	\N	626	2025-07-25 17:38:35.938373+05:30	\N	~	133	1	1	\N	1	1	1	\N	5
6	2025-06-22 14:58:20.41+05:30	t	\N	\N	f	Lucas Rogers	recruitment/profile/profile-pic-boy_8BU4hEF.jpg		\N	lucas.rogers@horilla.com	9876540107	recruitment/resume/resume_SjCrKeM.pdf		None	\N	None	\N	\N	male	\N	f	f	f	t	\N	0	\N	not_sent	2025-07-29	\N	1049	2025-07-29 13:47:00.735927+05:30	\N	~	128	1	6	\N	3	1	2	\N	7
6	2025-06-22 14:58:20.41+05:30	t	\N	\N	f	Lucas Rogers	recruitment/profile/profile-pic-boy_8BU4hEF.jpg		\N	lucas.rogers@horilla.com	9876540107	recruitment/resume/resume_SjCrKeM.pdf		None	\N	None	\N	\N	male	\N	f	f	f	t	\N	0	\N	not_sent	2025-07-25	\N	637	2025-07-25 17:48:35.921227+05:30	\N	~	128	1	6	\N	3	1	2	\N	7
1	2025-06-22 14:45:26.692+05:30	t	\N	\N	f	Liam Bennett	recruitment/profile/profile-pic-boy.jpg		\N	liam.bennett@horilla.com	9876540101	recruitment/resume/resume.pdf	\N	\N	\N	\N	\N	\N	male	\N	f	f	f	t	\N	0	\N	not_sent	2025-07-25	\N	638	2025-07-25 17:48:35.955376+05:30	\N	~	133	1	1	\N	1	1	1	\N	5
1	2025-06-22 14:45:26.692+05:30	t	\N	\N	f	Liam Bennett	recruitment/profile/profile-pic-boy.jpg		\N	liam.bennett@horilla.com	9876540101	recruitment/resume/resume.pdf	\N	\N	\N	\N	\N	\N	male	\N	f	f	f	t	\N	0	\N	not_sent	2025-07-29	\N	1050	2025-07-29 13:47:00.753661+05:30	\N	~	133	1	1	\N	1	1	1	\N	5
6	2025-06-22 14:58:20.41+05:30	t	\N	\N	f	Lucas Rogers	recruitment/profile/profile-pic-boy_8BU4hEF.jpg		\N	lucas.rogers@horilla.com	9876540107	recruitment/resume/resume_SjCrKeM.pdf		None	\N	None	\N	\N	male	\N	f	f	f	t	\N	0	\N	not_sent	2025-07-25	\N	649	2025-07-25 17:58:35.901549+05:30	\N	~	128	1	6	\N	3	1	2	\N	7
1	2025-06-22 14:45:26.692+05:30	t	\N	\N	f	Liam Bennett	recruitment/profile/profile-pic-boy.jpg		\N	liam.bennett@horilla.com	9876540101	recruitment/resume/resume.pdf	\N	\N	\N	\N	\N	\N	male	\N	f	f	f	t	\N	0	\N	not_sent	2025-07-25	\N	650	2025-07-25 17:58:35.934954+05:30	\N	~	133	1	1	\N	1	1	1	\N	5
18	2025-07-24 15:26:55.605574+05:30	t	\N	\N	f	Sayan Deb	https://ui-avatars.com/api/?name=Sayan Deb		\N	sayan@yopmail.com	+9187657656	recruitment/resume/security_report (12).pdf	3/6 Kolkata	India	\N	West Bengal	Kolkata	700102	male	\N	f	f	f	t	\N	0	\N	not_sent	2025-07-29	\N	1051	2025-07-29 13:47:00.768191+05:30	\N	~	\N	1	18	\N	1	1	1	\N	1
18	2025-07-24 15:26:55.605574+05:30	t	\N	\N	f	Sayan Deb	https://ui-avatars.com/api/?name=Sayan Deb		\N	sayan@yopmail.com	+9187657656	recruitment/resume/security_report (12).pdf	3/6 Kolkata	India	\N	West Bengal	Kolkata	700102	male	\N	f	f	f	t	\N	0	\N	not_sent	2025-07-29	\N	1055	2025-07-29 13:57:00.723763+05:30	\N	~	\N	1	18	\N	1	1	1	\N	1
6	2025-06-22 14:58:20.41+05:30	t	\N	\N	f	Lucas Rogers	recruitment/profile/profile-pic-boy_8BU4hEF.jpg		\N	lucas.rogers@horilla.com	9876540107	recruitment/resume/resume_SjCrKeM.pdf		None	\N	None	\N	\N	male	\N	f	f	f	t	\N	0	\N	not_sent	2025-07-29	\N	1056	2025-07-29 13:57:00.738823+05:30	\N	~	128	1	6	\N	3	1	2	\N	7
1	2025-06-22 14:45:26.692+05:30	t	\N	\N	f	Liam Bennett	recruitment/profile/profile-pic-boy.jpg		\N	liam.bennett@horilla.com	9876540101	recruitment/resume/resume.pdf	\N	\N	\N	\N	\N	\N	male	\N	f	f	f	t	\N	0	\N	not_sent	2025-07-28	\N	677	2025-07-28 12:17:21.992565+05:30	\N	~	133	1	1	\N	1	1	1	\N	5
6	2025-06-22 14:58:20.41+05:30	t	\N	\N	f	Lucas Rogers	recruitment/profile/profile-pic-boy_8BU4hEF.jpg		\N	lucas.rogers@horilla.com	9876540107	recruitment/resume/resume_SjCrKeM.pdf		None	\N	None	\N	\N	male	\N	f	f	f	t	\N	0	\N	not_sent	2025-07-28	\N	678	2025-07-28 12:17:22.011178+05:30	\N	~	128	1	6	\N	3	1	2	\N	7
1	2025-06-22 14:45:26.692+05:30	t	\N	\N	f	Liam Bennett	recruitment/profile/profile-pic-boy.jpg		\N	liam.bennett@horilla.com	9876540101	recruitment/resume/resume.pdf	\N	\N	\N	\N	\N	\N	male	\N	f	f	f	t	\N	0	\N	not_sent	2025-07-28	\N	679	2025-07-28 12:22:21.949284+05:30	\N	~	133	1	1	\N	1	1	1	\N	5
1	2025-06-22 14:45:26.692+05:30	t	\N	\N	f	Liam Bennett	recruitment/profile/profile-pic-boy.jpg		\N	liam.bennett@horilla.com	9876540101	recruitment/resume/resume.pdf	\N	\N	\N	\N	\N	\N	male	\N	f	f	f	t	\N	0	\N	not_sent	2025-07-29	\N	1057	2025-07-29 13:57:00.753732+05:30	\N	~	133	1	1	\N	1	1	1	\N	5
6	2025-06-22 14:58:20.41+05:30	t	\N	\N	f	Lucas Rogers	recruitment/profile/profile-pic-boy_8BU4hEF.jpg		\N	lucas.rogers@horilla.com	9876540107	recruitment/resume/resume_SjCrKeM.pdf		None	\N	None	\N	\N	male	\N	f	f	f	t	\N	0	\N	not_sent	2025-07-28	\N	681	2025-07-28 12:22:21.990921+05:30	\N	~	128	1	6	\N	3	1	2	\N	7
18	2025-07-24 15:26:55.605574+05:30	t	\N	\N	f	Sayan Deb	https://ui-avatars.com/api/?name=Sayan Deb		\N	sayan@yopmail.com	+9187657656	recruitment/resume/security_report (12).pdf	3/6 Kolkata	India	\N	West Bengal	Kolkata	700102	male	\N	f	f	f	t	\N	0	\N	not_sent	2025-07-29	\N	1061	2025-07-29 14:07:00.767374+05:30	\N	~	\N	1	18	\N	1	1	1	\N	1
6	2025-06-22 14:58:20.41+05:30	t	\N	\N	f	Lucas Rogers	recruitment/profile/profile-pic-boy_8BU4hEF.jpg		\N	lucas.rogers@horilla.com	9876540107	recruitment/resume/resume_SjCrKeM.pdf		None	\N	None	\N	\N	male	\N	f	f	f	t	\N	0	\N	not_sent	2025-07-24	\N	308	2025-07-24 15:53:31.470602+05:30	\N	~	128	1	6	\N	3	1	2	\N	7
6	2025-06-22 14:58:20.41+05:30	t	\N	\N	f	Lucas Rogers	recruitment/profile/profile-pic-boy_8BU4hEF.jpg		\N	lucas.rogers@horilla.com	9876540107	recruitment/resume/resume_SjCrKeM.pdf		None	\N	None	\N	\N	male	\N	f	f	f	t	\N	0	\N	not_sent	2025-07-29	\N	1046	2025-07-29 13:42:00.780182+05:30	\N	~	128	1	6	\N	3	1	2	\N	7
6	2025-06-22 14:58:20.41+05:30	t	\N	\N	f	Lucas Rogers	recruitment/profile/profile-pic-boy_8BU4hEF.jpg		\N	lucas.rogers@horilla.com	9876540107	recruitment/resume/resume_SjCrKeM.pdf		None	\N	None	\N	\N	male	\N	f	f	f	t	\N	0	\N	not_sent	2025-07-24	\N	313	2025-07-24 15:58:31.446282+05:30	\N	~	128	1	6	\N	3	1	2	\N	7
1	2025-06-22 14:45:26.692+05:30	t	\N	\N	f	Liam Bennett	recruitment/profile/profile-pic-boy.jpg		\N	liam.bennett@horilla.com	9876540101	recruitment/resume/resume.pdf	\N	\N	\N	\N	\N	\N	male	\N	f	f	f	t	\N	0	\N	not_sent	2025-07-24	\N	314	2025-07-24 15:58:31.462915+05:30	\N	~	133	1	1	\N	1	1	1	\N	5
18	2025-07-24 15:26:55.605574+05:30	t	\N	\N	f	Sayan Deb	https://ui-avatars.com/api/?name=Sayan Deb		\N	sayan@yopmail.com	+9187657656	recruitment/resume/security_report (12).pdf	3/6 Kolkata	India	\N	West Bengal	Kolkata	700102	male	\N	f	f	f	t	\N	0	\N	not_sent	2025-07-29	\N	1047	2025-07-29 13:42:00.825481+05:30	\N	~	\N	1	18	\N	1	1	1	\N	1
1	2025-06-22 14:45:26.692+05:30	t	\N	\N	f	Liam Bennett	recruitment/profile/profile-pic-boy.jpg		\N	liam.bennett@horilla.com	9876540101	recruitment/resume/resume.pdf	\N	\N	\N	\N	\N	\N	male	\N	f	f	f	t	\N	0	\N	not_sent	2025-07-24	\N	319	2025-07-24 16:03:31.471388+05:30	\N	~	133	1	1	\N	1	1	1	\N	5
1	2025-06-22 14:45:26.692+05:30	t	\N	\N	f	Liam Bennett	recruitment/profile/profile-pic-boy.jpg		\N	liam.bennett@horilla.com	9876540101	recruitment/resume/resume.pdf	\N	\N	\N	\N	\N	\N	male	\N	f	f	f	t	\N	0	\N	not_sent	2025-07-29	\N	1048	2025-07-29 13:42:00.85795+05:30	\N	~	133	1	1	\N	1	1	1	\N	5
6	2025-06-22 14:58:20.41+05:30	t	\N	\N	f	Lucas Rogers	recruitment/profile/profile-pic-boy_8BU4hEF.jpg		\N	lucas.rogers@horilla.com	9876540107	recruitment/resume/resume_SjCrKeM.pdf		None	\N	None	\N	\N	male	\N	f	f	f	t	\N	0	\N	not_sent	2025-07-24	\N	321	2025-07-24 16:03:31.526084+05:30	\N	~	128	1	6	\N	3	1	2	\N	7
6	2025-06-22 14:58:20.41+05:30	t	\N	\N	f	Lucas Rogers	recruitment/profile/profile-pic-boy_8BU4hEF.jpg		\N	lucas.rogers@horilla.com	9876540107	recruitment/resume/resume_SjCrKeM.pdf		None	\N	None	\N	\N	male	\N	f	f	f	t	\N	0	\N	not_sent	2025-07-24	\N	325	2025-07-24 16:08:31.445432+05:30	\N	~	128	1	6	\N	3	1	2	\N	7
1	2025-06-22 14:45:26.692+05:30	t	\N	\N	f	Liam Bennett	recruitment/profile/profile-pic-boy.jpg		\N	liam.bennett@horilla.com	9876540101	recruitment/resume/resume.pdf	\N	\N	\N	\N	\N	\N	male	\N	f	f	f	t	\N	0	\N	not_sent	2025-07-24	\N	326	2025-07-24 16:08:31.461284+05:30	\N	~	133	1	1	\N	1	1	1	\N	5
18	2025-07-24 15:26:55.605574+05:30	t	\N	\N	f	Sayan Deb	https://ui-avatars.com/api/?name=Sayan Deb		\N	sayan@yopmail.com	+9187657656	recruitment/resume/security_report (12).pdf	3/6 Kolkata	India	\N	West Bengal	Kolkata	700102	male	\N	f	f	f	t	\N	0	\N	not_sent	2025-07-29	\N	1052	2025-07-29 13:52:00.765838+05:30	\N	~	\N	1	18	\N	1	1	1	\N	1
1	2025-06-22 14:45:26.692+05:30	t	\N	\N	f	Liam Bennett	recruitment/profile/profile-pic-boy.jpg		\N	liam.bennett@horilla.com	9876540101	recruitment/resume/resume.pdf	\N	\N	\N	\N	\N	\N	male	\N	f	f	f	t	\N	0	\N	not_sent	2025-07-29	\N	1053	2025-07-29 13:52:00.780582+05:30	\N	~	133	1	1	\N	1	1	1	\N	5
6	2025-06-22 14:58:20.41+05:30	t	\N	\N	f	Lucas Rogers	recruitment/profile/profile-pic-boy_8BU4hEF.jpg		\N	lucas.rogers@horilla.com	9876540107	recruitment/resume/resume_SjCrKeM.pdf		None	\N	None	\N	\N	male	\N	f	f	f	t	\N	0	\N	not_sent	2025-07-24	\N	332	2025-07-24 16:13:31.456875+05:30	\N	~	128	1	6	\N	3	1	2	\N	7
1	2025-06-22 14:45:26.692+05:30	t	\N	\N	f	Liam Bennett	recruitment/profile/profile-pic-boy.jpg		\N	liam.bennett@horilla.com	9876540101	recruitment/resume/resume.pdf	\N	\N	\N	\N	\N	\N	male	\N	f	f	f	t	\N	0	\N	not_sent	2025-07-24	\N	333	2025-07-24 16:13:31.47156+05:30	\N	~	133	1	1	\N	1	1	1	\N	5
6	2025-06-22 14:58:20.41+05:30	t	\N	\N	f	Lucas Rogers	recruitment/profile/profile-pic-boy_8BU4hEF.jpg		\N	lucas.rogers@horilla.com	9876540107	recruitment/resume/resume_SjCrKeM.pdf		None	\N	None	\N	\N	male	\N	f	f	f	t	\N	0	\N	not_sent	2025-07-24	\N	337	2025-07-24 16:18:31.537156+05:30	\N	~	128	1	6	\N	3	1	2	\N	7
1	2025-06-22 14:45:26.692+05:30	t	\N	\N	f	Liam Bennett	recruitment/profile/profile-pic-boy.jpg		\N	liam.bennett@horilla.com	9876540101	recruitment/resume/resume.pdf	\N	\N	\N	\N	\N	\N	male	\N	f	f	f	t	\N	0	\N	not_sent	2025-07-24	\N	338	2025-07-24 16:18:31.558669+05:30	\N	~	133	1	1	\N	1	1	1	\N	5
6	2025-06-22 14:58:20.41+05:30	t	\N	\N	f	Lucas Rogers	recruitment/profile/profile-pic-boy_8BU4hEF.jpg		\N	lucas.rogers@horilla.com	9876540107	recruitment/resume/resume_SjCrKeM.pdf		None	\N	None	\N	\N	male	\N	f	f	f	t	\N	0	\N	not_sent	2025-07-29	\N	1054	2025-07-29 13:52:00.794684+05:30	\N	~	128	1	6	\N	3	1	2	\N	7
6	2025-06-22 14:58:20.41+05:30	t	\N	\N	f	Lucas Rogers	recruitment/profile/profile-pic-boy_8BU4hEF.jpg		\N	lucas.rogers@horilla.com	9876540107	recruitment/resume/resume_SjCrKeM.pdf		None	\N	None	\N	\N	male	\N	f	f	f	t	\N	0	\N	not_sent	2025-07-25	\N	521	2025-07-25 16:08:54.097448+05:30	\N	~	128	1	6	\N	3	1	2	\N	7
18	2025-07-24 15:26:55.605574+05:30	t	\N	\N	f	Sayan Deb	https://ui-avatars.com/api/?name=Sayan Deb		\N	sayan@yopmail.com	+9187657656	recruitment/resume/security_report (12).pdf	3/6 Kolkata	India	\N	West Bengal	Kolkata	700102	male	\N	f	f	f	t	\N	0	\N	not_sent	2025-07-29	\N	1058	2025-07-29 14:02:00.767277+05:30	\N	~	\N	1	18	\N	1	1	1	\N	1
1	2025-06-22 14:45:26.692+05:30	t	\N	\N	f	Liam Bennett	recruitment/profile/profile-pic-boy.jpg		\N	liam.bennett@horilla.com	9876540101	recruitment/resume/resume.pdf	\N	\N	\N	\N	\N	\N	male	\N	f	f	f	t	\N	0	\N	not_sent	2025-07-29	\N	1059	2025-07-29 14:02:00.811361+05:30	\N	~	133	1	1	\N	1	1	1	\N	5
1	2025-06-22 14:45:26.692+05:30	t	\N	\N	f	Liam Bennett	recruitment/profile/profile-pic-boy.jpg		\N	liam.bennett@horilla.com	9876540101	recruitment/resume/resume.pdf	\N	\N	\N	\N	\N	\N	male	\N	f	f	f	t	\N	0	\N	not_sent	2025-07-25	\N	605	2025-07-25 17:18:54.074974+05:30	\N	~	133	1	1	\N	1	1	1	\N	5
6	2025-06-22 14:58:20.41+05:30	t	\N	\N	f	Lucas Rogers	recruitment/profile/profile-pic-boy_8BU4hEF.jpg		\N	lucas.rogers@horilla.com	9876540107	recruitment/resume/resume_SjCrKeM.pdf		None	\N	None	\N	\N	male	\N	f	f	f	t	\N	0	\N	not_sent	2025-07-25	\N	606	2025-07-25 17:18:54.102812+05:30	\N	~	128	1	6	\N	3	1	2	\N	7
1	2025-06-22 14:45:26.692+05:30	t	\N	\N	f	Liam Bennett	recruitment/profile/profile-pic-boy.jpg		\N	liam.bennett@horilla.com	9876540101	recruitment/resume/resume.pdf	\N	\N	\N	\N	\N	\N	male	\N	f	f	f	t	\N	0	\N	not_sent	2025-07-25	\N	616	2025-07-25 17:28:54.041297+05:30	\N	~	133	1	1	\N	1	1	1	\N	5
6	2025-06-22 14:58:20.41+05:30	t	\N	\N	f	Lucas Rogers	recruitment/profile/profile-pic-boy_8BU4hEF.jpg		\N	lucas.rogers@horilla.com	9876540107	recruitment/resume/resume_SjCrKeM.pdf		None	\N	None	\N	\N	male	\N	f	f	f	t	\N	0	\N	not_sent	2025-07-25	\N	617	2025-07-25 17:28:54.119404+05:30	\N	~	128	1	6	\N	3	1	2	\N	7
6	2025-06-22 14:58:20.41+05:30	t	\N	\N	f	Lucas Rogers	recruitment/profile/profile-pic-boy_8BU4hEF.jpg		\N	lucas.rogers@horilla.com	9876540107	recruitment/resume/resume_SjCrKeM.pdf		None	\N	None	\N	\N	male	\N	f	f	f	t	\N	0	\N	not_sent	2025-07-29	\N	1060	2025-07-29 14:02:00.846858+05:30	\N	~	128	1	6	\N	3	1	2	\N	7
18	2025-07-24 15:26:55.605574+05:30	t	\N	\N	f	Sayan Deb	https://ui-avatars.com/api/?name=Sayan Deb		\N	sayan@yopmail.com	+9187657656	recruitment/resume/security_report (12).pdf	3/6 Kolkata	India	\N	West Bengal	Kolkata	700102	male	\N	f	f	f	t	\N	0	\N	not_sent	2025-07-29	\N	1064	2025-07-29 14:12:00.769374+05:30	\N	~	\N	1	18	\N	1	1	1	\N	1
6	2025-06-22 14:58:20.41+05:30	t	\N	\N	f	Lucas Rogers	recruitment/profile/profile-pic-boy_8BU4hEF.jpg		\N	lucas.rogers@horilla.com	9876540107	recruitment/resume/resume_SjCrKeM.pdf		None	\N	None	\N	\N	male	\N	f	f	f	t	\N	0	\N	not_sent	2025-07-29	\N	1065	2025-07-29 14:12:00.79846+05:30	\N	~	128	1	6	\N	3	1	2	\N	7
6	2025-06-22 14:58:20.41+05:30	t	\N	\N	f	Lucas Rogers	recruitment/profile/profile-pic-boy_8BU4hEF.jpg		\N	lucas.rogers@horilla.com	9876540107	recruitment/resume/resume_SjCrKeM.pdf		None	\N	None	\N	\N	male	\N	f	f	f	t	\N	0	\N	not_sent	2025-07-24	\N	310	2025-07-24 15:56:57.604785+05:30	\N	~	128	1	6	\N	3	1	2	\N	7
1	2025-06-22 14:45:26.692+05:30	t	\N	\N	f	Liam Bennett	recruitment/profile/profile-pic-boy.jpg		\N	liam.bennett@horilla.com	9876540101	recruitment/resume/resume.pdf	\N	\N	\N	\N	\N	\N	male	\N	f	f	f	t	\N	0	\N	not_sent	2025-07-29	\N	1062	2025-07-29 14:07:00.80182+05:30	\N	~	133	1	1	\N	1	1	1	\N	5
1	2025-06-22 14:45:26.692+05:30	t	\N	\N	f	Liam Bennett	recruitment/profile/profile-pic-boy.jpg		\N	liam.bennett@horilla.com	9876540101	recruitment/resume/resume.pdf	\N	\N	\N	\N	\N	\N	male	\N	f	f	f	t	\N	0	\N	not_sent	2025-07-24	\N	322	2025-07-24 16:06:57.624431+05:30	\N	~	133	1	1	\N	1	1	1	\N	5
6	2025-06-22 14:58:20.41+05:30	t	\N	\N	f	Lucas Rogers	recruitment/profile/profile-pic-boy_8BU4hEF.jpg		\N	lucas.rogers@horilla.com	9876540107	recruitment/resume/resume_SjCrKeM.pdf		None	\N	None	\N	\N	male	\N	f	f	f	t	\N	0	\N	not_sent	2025-07-24	\N	323	2025-07-24 16:06:57.644861+05:30	\N	~	128	1	6	\N	3	1	2	\N	7
6	2025-06-22 14:58:20.41+05:30	t	\N	\N	f	Lucas Rogers	recruitment/profile/profile-pic-boy_8BU4hEF.jpg		\N	lucas.rogers@horilla.com	9876540107	recruitment/resume/resume_SjCrKeM.pdf		None	\N	None	\N	\N	male	\N	f	f	f	t	\N	0	\N	not_sent	2025-07-29	\N	1063	2025-07-29 14:07:00.817583+05:30	\N	~	128	1	6	\N	3	1	2	\N	7
6	2025-06-22 14:58:20.41+05:30	t	\N	\N	f	Lucas Rogers	recruitment/profile/profile-pic-boy_8BU4hEF.jpg		\N	lucas.rogers@horilla.com	9876540107	recruitment/resume/resume_SjCrKeM.pdf		None	\N	None	\N	\N	male	\N	f	f	f	t	\N	0	\N	not_sent	2025-07-24	\N	334	2025-07-24 16:16:57.613534+05:30	\N	~	128	1	6	\N	3	1	2	\N	7
6	2025-06-22 14:58:20.41+05:30	t	\N	\N	f	Lucas Rogers	recruitment/profile/profile-pic-boy_8BU4hEF.jpg		\N	lucas.rogers@horilla.com	9876540107	recruitment/resume/resume_SjCrKeM.pdf		None	\N	None	\N	\N	male	\N	f	f	f	t	\N	0	\N	not_sent	2025-07-29	\N	1067	2025-07-29 14:17:00.778536+05:30	\N	~	128	1	6	\N	3	1	2	\N	7
1	2025-06-22 14:45:26.692+05:30	t	\N	\N	f	Liam Bennett	recruitment/profile/profile-pic-boy.jpg		\N	liam.bennett@horilla.com	9876540101	recruitment/resume/resume.pdf	\N	\N	\N	\N	\N	\N	male	\N	f	f	f	t	\N	0	\N	not_sent	2025-07-24	\N	336	2025-07-24 16:16:57.647068+05:30	\N	~	133	1	1	\N	1	1	1	\N	5
1	2025-06-22 14:45:26.692+05:30	t	\N	\N	f	Liam Bennett	recruitment/profile/profile-pic-boy.jpg		\N	liam.bennett@horilla.com	9876540101	recruitment/resume/resume.pdf	\N	\N	\N	\N	\N	\N	male	\N	f	f	f	t	\N	0	\N	not_sent	2025-07-29	\N	1068	2025-07-29 14:17:00.804144+05:30	\N	~	133	1	1	\N	1	1	1	\N	5
6	2025-06-22 14:58:20.41+05:30	t	\N	\N	f	Lucas Rogers	recruitment/profile/profile-pic-boy_8BU4hEF.jpg		\N	lucas.rogers@horilla.com	9876540107	recruitment/resume/resume_SjCrKeM.pdf		None	\N	None	\N	\N	male	\N	f	f	f	t	\N	0	\N	not_sent	2025-07-25	\N	524	2025-07-25 16:13:35.969317+05:30	\N	~	128	1	6	\N	3	1	2	\N	7
1	2025-06-22 14:45:26.692+05:30	t	\N	\N	f	Liam Bennett	recruitment/profile/profile-pic-boy.jpg		\N	liam.bennett@horilla.com	9876540101	recruitment/resume/resume.pdf	\N	\N	\N	\N	\N	\N	male	\N	f	f	f	t	\N	0	\N	not_sent	2025-07-25	\N	525	2025-07-25 16:13:36.00362+05:30	\N	~	133	1	1	\N	1	1	1	\N	5
1	2025-06-22 14:45:26.692+05:30	t	\N	\N	f	Liam Bennett	recruitment/profile/profile-pic-boy.jpg		\N	liam.bennett@horilla.com	9876540101	recruitment/resume/resume.pdf	\N	\N	\N	\N	\N	\N	male	\N	f	f	f	t	\N	0	\N	not_sent	2025-07-25	\N	535	2025-07-25 16:23:35.941805+05:30	\N	~	133	1	1	\N	1	1	1	\N	5
18	2025-07-24 15:26:55.605574+05:30	t	\N	\N	f	Sayan Deb	https://ui-avatars.com/api/?name=Sayan Deb		\N	sayan@yopmail.com	+9187657656	recruitment/resume/security_report (12).pdf	3/6 Kolkata	India	\N	West Bengal	Kolkata	700102	male	\N	f	f	f	t	\N	0	\N	not_sent	2025-07-29	\N	1069	2025-07-29 14:17:00.816527+05:30	\N	~	\N	1	18	\N	1	1	1	\N	1
6	2025-06-22 14:58:20.41+05:30	t	\N	\N	f	Lucas Rogers	recruitment/profile/profile-pic-boy_8BU4hEF.jpg		\N	lucas.rogers@horilla.com	9876540107	recruitment/resume/resume_SjCrKeM.pdf		None	\N	None	\N	\N	male	\N	f	f	f	t	\N	0	\N	not_sent	2025-07-25	\N	537	2025-07-25 16:23:36.004864+05:30	\N	~	128	1	6	\N	3	1	2	\N	7
1	2025-06-22 14:45:26.692+05:30	t	\N	\N	f	Liam Bennett	recruitment/profile/profile-pic-boy.jpg		\N	liam.bennett@horilla.com	9876540101	recruitment/resume/resume.pdf	\N	\N	\N	\N	\N	\N	male	\N	f	f	f	t	\N	0	\N	not_sent	2025-07-29	\N	1073	2025-07-29 14:27:00.777218+05:30	\N	~	133	1	1	\N	1	1	1	\N	5
6	2025-06-22 14:58:20.41+05:30	t	\N	\N	f	Lucas Rogers	recruitment/profile/profile-pic-boy_8BU4hEF.jpg		\N	lucas.rogers@horilla.com	9876540107	recruitment/resume/resume_SjCrKeM.pdf		None	\N	None	\N	\N	male	\N	f	f	f	t	\N	0	\N	not_sent	2025-07-25	\N	548	2025-07-25 16:33:35.91502+05:30	\N	~	128	1	6	\N	3	1	2	\N	7
1	2025-06-22 14:45:26.692+05:30	t	\N	\N	f	Liam Bennett	recruitment/profile/profile-pic-boy.jpg		\N	liam.bennett@horilla.com	9876540101	recruitment/resume/resume.pdf	\N	\N	\N	\N	\N	\N	male	\N	f	f	f	t	\N	0	\N	not_sent	2025-07-25	\N	549	2025-07-25 16:33:35.941996+05:30	\N	~	133	1	1	\N	1	1	1	\N	5
1	2025-06-22 14:45:26.692+05:30	t	\N	\N	f	Liam Bennett	recruitment/profile/profile-pic-boy.jpg		\N	liam.bennett@horilla.com	9876540101	recruitment/resume/resume.pdf	\N	\N	\N	\N	\N	\N	male	\N	f	f	f	t	\N	0	\N	not_sent	2025-07-25	\N	559	2025-07-25 16:43:35.932266+05:30	\N	~	133	1	1	\N	1	1	1	\N	5
18	2025-07-24 15:26:55.605574+05:30	t	\N	\N	f	Sayan Deb	https://ui-avatars.com/api/?name=Sayan Deb		\N	sayan@yopmail.com	+9187657656	recruitment/resume/security_report (12).pdf	3/6 Kolkata	India	\N	West Bengal	Kolkata	700102	male	\N	f	f	f	t	\N	0	\N	not_sent	2025-07-29	\N	1074	2025-07-29 14:27:00.809034+05:30	\N	~	\N	1	18	\N	1	1	1	\N	1
6	2025-06-22 14:58:20.41+05:30	t	\N	\N	f	Lucas Rogers	recruitment/profile/profile-pic-boy_8BU4hEF.jpg		\N	lucas.rogers@horilla.com	9876540107	recruitment/resume/resume_SjCrKeM.pdf		None	\N	None	\N	\N	male	\N	f	f	f	t	\N	0	\N	not_sent	2025-07-25	\N	561	2025-07-25 16:43:36.004794+05:30	\N	~	128	1	6	\N	3	1	2	\N	7
6	2025-06-22 14:58:20.41+05:30	t	\N	\N	f	Lucas Rogers	recruitment/profile/profile-pic-boy_8BU4hEF.jpg		\N	lucas.rogers@horilla.com	9876540107	recruitment/resume/resume_SjCrKeM.pdf		None	\N	None	\N	\N	male	\N	f	f	f	t	\N	0	\N	not_sent	2025-07-29	\N	1075	2025-07-29 14:27:00.845802+05:30	\N	~	128	1	6	\N	3	1	2	\N	7
6	2025-06-22 14:58:20.41+05:30	t	\N	\N	f	Lucas Rogers	recruitment/profile/profile-pic-boy_8BU4hEF.jpg		\N	lucas.rogers@horilla.com	9876540107	recruitment/resume/resume_SjCrKeM.pdf		None	\N	None	\N	\N	male	\N	f	f	f	t	\N	0	\N	not_sent	2025-07-25	\N	572	2025-07-25 16:53:35.930838+05:30	\N	~	128	1	6	\N	3	1	2	\N	7
1	2025-06-22 14:45:26.692+05:30	t	\N	\N	f	Liam Bennett	recruitment/profile/profile-pic-boy.jpg		\N	liam.bennett@horilla.com	9876540101	recruitment/resume/resume.pdf	\N	\N	\N	\N	\N	\N	male	\N	f	f	f	t	\N	0	\N	not_sent	2025-07-25	\N	573	2025-07-25 16:53:35.964541+05:30	\N	~	133	1	1	\N	1	1	1	\N	5
6	2025-06-22 14:58:20.41+05:30	t	\N	\N	f	Lucas Rogers	recruitment/profile/profile-pic-boy_8BU4hEF.jpg		\N	lucas.rogers@horilla.com	9876540107	recruitment/resume/resume_SjCrKeM.pdf		None	\N	None	\N	\N	male	\N	f	f	f	t	\N	0	\N	not_sent	2025-07-25	\N	589	2025-07-25 17:08:35.936755+05:30	\N	~	128	1	6	\N	3	1	2	\N	7
1	2025-06-22 14:45:26.692+05:30	t	\N	\N	f	Liam Bennett	recruitment/profile/profile-pic-boy.jpg		\N	liam.bennett@horilla.com	9876540101	recruitment/resume/resume.pdf	\N	\N	\N	\N	\N	\N	male	\N	f	f	f	t	\N	0	\N	not_sent	2025-07-25	\N	590	2025-07-25 17:08:35.969466+05:30	\N	~	133	1	1	\N	1	1	1	\N	5
6	2025-06-22 14:58:20.41+05:30	t	\N	\N	f	Lucas Rogers	recruitment/profile/profile-pic-boy_8BU4hEF.jpg		\N	lucas.rogers@horilla.com	9876540107	recruitment/resume/resume_SjCrKeM.pdf		None	\N	None	\N	\N	male	\N	f	f	f	t	\N	0	\N	not_sent	2025-07-30	\N	1258	2025-07-30 10:32:11.112118+05:30	\N	~	128	1	6	\N	3	1	2	\N	3
1	2025-06-22 14:45:26.692+05:30	t	\N	\N	f	Liam Bennett	recruitment/profile/profile-pic-boy.jpg		\N	liam.bennett@horilla.com	9876540101	recruitment/resume/resume.pdf	\N	\N	\N	\N	\N	\N	male	\N	f	f	f	t	\N	0	\N	not_sent	2025-07-30	\N	1259	2025-07-30 10:32:11.161707+05:30	\N	~	133	1	1	\N	1	1	1	\N	5
1	2025-06-22 14:45:26.692+05:30	t	\N	\N	f	Liam Bennett	recruitment/profile/profile-pic-boy.jpg		\N	liam.bennett@horilla.com	9876540101	recruitment/resume/resume.pdf	\N	\N	\N	\N	\N	\N	male	\N	f	t	f	f	\N	0	\N	not_sent	2025-07-24	\N	312	2025-07-24 15:57:45.080515+05:30	\N	~	133	1	1	1	1	1	1	\N	5
6	2025-06-22 14:58:20.41+05:30	t	\N	\N	f	Lucas Rogers	recruitment/profile/profile-pic-boy_8BU4hEF.jpg		\N	lucas.rogers@horilla.com	9876540107	recruitment/resume/resume_SjCrKeM.pdf		None	\N	None	\N	\N	male	\N	f	f	f	t	\N	0	\N	not_sent	2025-07-25	\N	526	2025-07-25 16:13:54.046479+05:30	\N	~	128	1	6	\N	3	1	2	\N	7
1	2025-06-22 14:45:26.692+05:30	t	\N	\N	f	Liam Bennett	recruitment/profile/profile-pic-boy.jpg		\N	liam.bennett@horilla.com	9876540101	recruitment/resume/resume.pdf	\N	\N	\N	\N	\N	\N	male	\N	f	f	f	t	\N	0	\N	not_sent	2025-07-29	\N	1066	2025-07-29 14:12:00.814311+05:30	\N	~	133	1	1	\N	1	1	1	\N	5
1	2025-06-22 14:45:26.692+05:30	t	\N	\N	f	Liam Bennett	recruitment/profile/profile-pic-boy.jpg		\N	liam.bennett@horilla.com	9876540101	recruitment/resume/resume.pdf	\N	\N	\N	\N	\N	\N	male	\N	f	f	f	t	\N	0	\N	not_sent	2025-07-25	\N	528	2025-07-25 16:13:54.09721+05:30	\N	~	133	1	1	\N	1	1	1	\N	5
1	2025-06-22 14:45:26.692+05:30	t	\N	\N	f	Liam Bennett	recruitment/profile/profile-pic-boy.jpg		\N	liam.bennett@horilla.com	9876540101	recruitment/resume/resume.pdf	\N	\N	\N	\N	\N	\N	male	\N	f	f	f	t	\N	0	\N	not_sent	2025-07-25	\N	538	2025-07-25 16:23:54.016839+05:30	\N	~	133	1	1	\N	1	1	1	\N	5
6	2025-06-22 14:58:20.41+05:30	t	\N	\N	f	Lucas Rogers	recruitment/profile/profile-pic-boy_8BU4hEF.jpg		\N	lucas.rogers@horilla.com	9876540107	recruitment/resume/resume_SjCrKeM.pdf		None	\N	None	\N	\N	male	\N	f	f	f	t	\N	0	\N	not_sent	2025-07-25	\N	539	2025-07-25 16:23:54.040817+05:30	\N	~	128	1	6	\N	3	1	2	\N	7
6	2025-06-22 14:58:20.41+05:30	t	\N	\N	f	Lucas Rogers	recruitment/profile/profile-pic-boy_8BU4hEF.jpg		\N	lucas.rogers@horilla.com	9876540107	recruitment/resume/resume_SjCrKeM.pdf		None	\N	None	\N	\N	male	\N	f	f	f	t	\N	0	\N	not_sent	2025-07-29	\N	1070	2025-07-29 14:22:00.777943+05:30	\N	~	128	1	6	\N	3	1	2	\N	7
6	2025-06-22 14:58:20.41+05:30	t	\N	\N	f	Lucas Rogers	recruitment/profile/profile-pic-boy_8BU4hEF.jpg		\N	lucas.rogers@horilla.com	9876540107	recruitment/resume/resume_SjCrKeM.pdf		None	\N	None	\N	\N	male	\N	f	f	f	t	\N	0	\N	not_sent	2025-07-25	\N	550	2025-07-25 16:33:54.030977+05:30	\N	~	128	1	6	\N	3	1	2	\N	7
18	2025-07-24 15:26:55.605574+05:30	t	\N	\N	f	Sayan Deb	https://ui-avatars.com/api/?name=Sayan Deb		\N	sayan@yopmail.com	+9187657656	recruitment/resume/security_report (12).pdf	3/6 Kolkata	India	\N	West Bengal	Kolkata	700102	male	\N	f	f	f	t	\N	0	\N	not_sent	2025-07-29	\N	1071	2025-07-29 14:22:00.796469+05:30	\N	~	\N	1	18	\N	1	1	1	\N	1
1	2025-06-22 14:45:26.692+05:30	t	\N	\N	f	Liam Bennett	recruitment/profile/profile-pic-boy.jpg		\N	liam.bennett@horilla.com	9876540101	recruitment/resume/resume.pdf	\N	\N	\N	\N	\N	\N	male	\N	f	f	f	t	\N	0	\N	not_sent	2025-07-25	\N	552	2025-07-25 16:33:54.072978+05:30	\N	~	133	1	1	\N	1	1	1	\N	5
1	2025-06-22 14:45:26.692+05:30	t	\N	\N	f	Liam Bennett	recruitment/profile/profile-pic-boy.jpg		\N	liam.bennett@horilla.com	9876540101	recruitment/resume/resume.pdf	\N	\N	\N	\N	\N	\N	male	\N	f	f	f	t	\N	0	\N	not_sent	2025-07-25	\N	562	2025-07-25 16:43:54.043699+05:30	\N	~	133	1	1	\N	1	1	1	\N	5
6	2025-06-22 14:58:20.41+05:30	t	\N	\N	f	Lucas Rogers	recruitment/profile/profile-pic-boy_8BU4hEF.jpg		\N	lucas.rogers@horilla.com	9876540107	recruitment/resume/resume_SjCrKeM.pdf		None	\N	None	\N	\N	male	\N	f	f	f	t	\N	0	\N	not_sent	2025-07-25	\N	563	2025-07-25 16:43:54.073603+05:30	\N	~	128	1	6	\N	3	1	2	\N	7
1	2025-06-22 14:45:26.692+05:30	t	\N	\N	f	Liam Bennett	recruitment/profile/profile-pic-boy.jpg		\N	liam.bennett@horilla.com	9876540101	recruitment/resume/resume.pdf	\N	\N	\N	\N	\N	\N	male	\N	f	f	f	t	\N	0	\N	not_sent	2025-07-29	\N	1072	2025-07-29 14:22:00.812319+05:30	\N	~	133	1	1	\N	1	1	1	\N	5
1	2025-06-22 14:45:26.692+05:30	t	\N	\N	f	Liam Bennett	recruitment/profile/profile-pic-boy.jpg		\N	liam.bennett@horilla.com	9876540101	recruitment/resume/resume.pdf	\N	\N	\N	\N	\N	\N	male	\N	f	f	f	t	\N	0	\N	not_sent	2025-07-29	\N	1076	2025-07-29 14:32:00.775734+05:30	\N	~	133	1	1	\N	1	1	1	\N	5
1	2025-06-22 14:45:26.692+05:30	t	\N	\N	f	Liam Bennett	recruitment/profile/profile-pic-boy.jpg		\N	liam.bennett@horilla.com	9876540101	recruitment/resume/resume.pdf	\N	\N	\N	\N	\N	\N	male	\N	f	f	f	t	\N	0	\N	not_sent	2025-07-25	\N	581	2025-07-25 16:58:54.063685+05:30	\N	~	133	1	1	\N	1	1	1	\N	5
6	2025-06-22 14:58:20.41+05:30	t	\N	\N	f	Lucas Rogers	recruitment/profile/profile-pic-boy_8BU4hEF.jpg		\N	lucas.rogers@horilla.com	9876540107	recruitment/resume/resume_SjCrKeM.pdf		None	\N	None	\N	\N	male	\N	f	f	f	t	\N	0	\N	not_sent	2025-07-25	\N	582	2025-07-25 16:58:54.11063+05:30	\N	~	128	1	6	\N	3	1	2	\N	7
1	2025-06-22 14:45:26.692+05:30	t	\N	\N	f	Liam Bennett	recruitment/profile/profile-pic-boy.jpg		\N	liam.bennett@horilla.com	9876540101	recruitment/resume/resume.pdf	\N	\N	\N	\N	\N	\N	male	\N	f	f	f	t	\N	0	\N	not_sent	2025-07-25	\N	592	2025-07-25 17:08:54.027896+05:30	\N	~	133	1	1	\N	1	1	1	\N	5
6	2025-06-22 14:58:20.41+05:30	t	\N	\N	f	Lucas Rogers	recruitment/profile/profile-pic-boy_8BU4hEF.jpg		\N	lucas.rogers@horilla.com	9876540107	recruitment/resume/resume_SjCrKeM.pdf		None	\N	None	\N	\N	male	\N	f	f	f	t	\N	0	\N	not_sent	2025-07-25	\N	593	2025-07-25 17:08:54.043511+05:30	\N	~	128	1	6	\N	3	1	2	\N	7
6	2025-06-22 14:58:20.41+05:30	t	\N	\N	f	Lucas Rogers	recruitment/profile/profile-pic-boy_8BU4hEF.jpg		\N	lucas.rogers@horilla.com	9876540107	recruitment/resume/resume_SjCrKeM.pdf		None	\N	None	\N	\N	male	\N	f	f	f	t	\N	0	\N	not_sent	2025-07-29	\N	1077	2025-07-29 14:32:00.798839+05:30	\N	~	128	1	6	\N	3	1	2	\N	7
1	2025-06-22 14:45:26.692+05:30	t	\N	\N	f	Liam Bennett	recruitment/profile/profile-pic-boy.jpg		\N	liam.bennett@horilla.com	9876540101	recruitment/resume/resume.pdf	\N	\N	\N	\N	\N	\N	male	\N	f	f	f	t	\N	0	\N	not_sent	2025-07-25	\N	629	2025-07-25 17:38:54.063399+05:30	\N	~	133	1	1	\N	1	1	1	\N	5
6	2025-06-22 14:58:20.41+05:30	t	\N	\N	f	Lucas Rogers	recruitment/profile/profile-pic-boy_8BU4hEF.jpg		\N	lucas.rogers@horilla.com	9876540107	recruitment/resume/resume_SjCrKeM.pdf		None	\N	None	\N	\N	male	\N	f	f	f	t	\N	0	\N	not_sent	2025-07-25	\N	630	2025-07-25 17:38:54.082666+05:30	\N	~	128	1	6	\N	3	1	2	\N	7
1	2025-06-22 14:45:26.692+05:30	t	\N	\N	f	Liam Bennett	recruitment/profile/profile-pic-boy.jpg		\N	liam.bennett@horilla.com	9876540101	recruitment/resume/resume.pdf	\N	\N	\N	\N	\N	\N	male	\N	f	f	f	t	\N	0	\N	not_sent	2025-07-25	\N	640	2025-07-25 17:48:54.051654+05:30	\N	~	133	1	1	\N	1	1	1	\N	5
6	2025-06-22 14:58:20.41+05:30	t	\N	\N	f	Lucas Rogers	recruitment/profile/profile-pic-boy_8BU4hEF.jpg		\N	lucas.rogers@horilla.com	9876540107	recruitment/resume/resume_SjCrKeM.pdf		None	\N	None	\N	\N	male	\N	f	f	f	t	\N	0	\N	not_sent	2025-07-25	\N	641	2025-07-25 17:48:54.086307+05:30	\N	~	128	1	6	\N	3	1	2	\N	7
18	2025-07-24 15:26:55.605574+05:30	t	\N	\N	f	Sayan Deb	https://ui-avatars.com/api/?name=Sayan Deb		\N	sayan@yopmail.com	+9187657656	recruitment/resume/security_report (12).pdf	3/6 Kolkata	India	\N	West Bengal	Kolkata	700102	male	\N	f	f	f	t	\N	0	\N	not_sent	2025-07-29	\N	1078	2025-07-29 14:32:00.811536+05:30	\N	~	\N	1	18	\N	1	1	1	\N	1
6	2025-06-22 14:58:20.41+05:30	t	\N	\N	f	Lucas Rogers	recruitment/profile/profile-pic-boy_8BU4hEF.jpg		\N	lucas.rogers@horilla.com	9876540107	recruitment/resume/resume_SjCrKeM.pdf		None	\N	None	\N	\N	male	\N	f	f	f	t	\N	0	\N	not_sent	2025-07-25	\N	646	2025-07-25 17:53:54.03704+05:30	\N	~	128	1	6	\N	3	1	2	\N	7
22	2025-07-29 16:30:27.378138+05:30	t	\N	\N	f	Anil Sharma	recruitment/profile/Anil_Sharma_Members.PNG_4bb52ea9-6133-4f6e-81ee-d205df0bf012.PNG		\N	sharmaanil@gmail.com	8790231298	recruitment/resume/index-only (1).pdf	kolkata	India	\N	West Bengal	Kolkata	711321	male	\N	f	f	f	t	\N	0	\N	not_sent	2025-07-30	\N	1260	2025-07-30 10:32:11.182543+05:30	\N	~	134	1	22	\N	16	1	7	\N	14
1	2025-06-22 14:45:26.692+05:30	t	\N	\N	f	Liam Bennett	recruitment/profile/profile-pic-boy.jpg		\N	liam.bennett@horilla.com	9876540101	recruitment/resume/resume.pdf	\N	\N	\N	\N	\N	\N	male	\N	f	f	f	t	\N	0	\N	not_sent	2025-07-25	\N	648	2025-07-25 17:53:54.091065+05:30	\N	~	133	1	1	\N	1	1	1	\N	5
1	2025-06-22 14:45:26.692+05:30	t	\N	\N	f	Liam Bennett	recruitment/profile/profile-pic-boy.jpg		\N	liam.bennett@horilla.com	9876540101	recruitment/resume/resume.pdf	\N	\N	\N	\N	\N	\N	male	\N	f	f	f	t	\N	0	\N	not_sent	2025-07-29	\N	1079	2025-07-29 14:54:19.883401+05:30	\N	~	133	1	1	\N	1	1	1	\N	5
1	2025-06-22 14:45:26.692+05:30	t	\N	\N	f	Liam Bennett	recruitment/profile/profile-pic-boy.jpg		\N	liam.bennett@horilla.com	9876540101	recruitment/resume/resume.pdf	\N	\N	\N	\N	\N	\N	male	\N	f	f	f	t	\N	0	\N	not_sent	2025-07-24	\N	341	2025-07-24 16:29:28.443053+05:30	\N	~	133	1	1	\N	1	1	1	\N	5
6	2025-06-22 14:58:20.41+05:30	t	\N	\N	f	Lucas Rogers	recruitment/profile/profile-pic-boy_8BU4hEF.jpg		\N	lucas.rogers@horilla.com	9876540107	recruitment/resume/resume_SjCrKeM.pdf		None	\N	None	\N	\N	male	\N	f	f	f	t	\N	0	\N	not_sent	2025-07-24	\N	342	2025-07-24 16:29:28.473122+05:30	\N	~	128	1	6	\N	3	1	2	\N	7
1	2025-06-22 14:45:26.692+05:30	t	\N	\N	f	Liam Bennett	recruitment/profile/profile-pic-boy.jpg		\N	liam.bennett@horilla.com	9876540101	recruitment/resume/resume.pdf	\N	\N	\N	\N	\N	\N	male	\N	f	f	f	t	\N	0	\N	not_sent	2025-07-24	\N	343	2025-07-24 16:34:28.441167+05:30	\N	~	133	1	1	\N	1	1	1	\N	5
18	2025-07-24 15:26:55.605574+05:30	t	\N	\N	f	Sayan Deb	https://ui-avatars.com/api/?name=Sayan Deb		\N	sayan@yopmail.com	+9187657656	recruitment/resume/security_report (12).pdf	3/6 Kolkata	India	\N	West Bengal	Kolkata	700102	male	\N	f	f	f	t	\N	0	\N	not_sent	2025-07-29	\N	1080	2025-07-29 14:54:19.901001+05:30	\N	~	\N	1	18	\N	1	1	1	\N	1
6	2025-06-22 14:58:20.41+05:30	t	\N	\N	f	Lucas Rogers	recruitment/profile/profile-pic-boy_8BU4hEF.jpg		\N	lucas.rogers@horilla.com	9876540107	recruitment/resume/resume_SjCrKeM.pdf		None	\N	None	\N	\N	male	\N	f	f	f	t	\N	0	\N	not_sent	2025-07-24	\N	345	2025-07-24 16:34:28.629324+05:30	\N	~	128	1	6	\N	3	1	2	\N	7
1	2025-06-22 14:45:26.692+05:30	t	\N	\N	f	Liam Bennett	recruitment/profile/profile-pic-boy.jpg		\N	liam.bennett@horilla.com	9876540101	recruitment/resume/resume.pdf	\N	\N	\N	\N	\N	\N	male	\N	f	f	f	t	\N	0	\N	not_sent	2025-07-24	\N	346	2025-07-24 16:39:28.413914+05:30	\N	~	133	1	1	\N	1	1	1	\N	5
6	2025-06-22 14:58:20.41+05:30	t	\N	\N	f	Lucas Rogers	recruitment/profile/profile-pic-boy_8BU4hEF.jpg		\N	lucas.rogers@horilla.com	9876540107	recruitment/resume/resume_SjCrKeM.pdf		None	\N	None	\N	\N	male	\N	f	f	f	t	\N	0	\N	not_sent	2025-07-24	\N	347	2025-07-24 16:39:28.452314+05:30	\N	~	128	1	6	\N	3	1	2	\N	7
6	2025-06-22 14:58:20.41+05:30	t	\N	\N	f	Lucas Rogers	recruitment/profile/profile-pic-boy_8BU4hEF.jpg		\N	lucas.rogers@horilla.com	9876540107	recruitment/resume/resume_SjCrKeM.pdf		None	\N	None	\N	\N	male	\N	f	f	f	t	\N	0	\N	not_sent	2025-07-29	\N	1081	2025-07-29 14:54:19.919596+05:30	\N	~	128	1	6	\N	3	1	2	\N	7
6	2025-06-22 14:58:20.41+05:30	t	\N	\N	f	Lucas Rogers	recruitment/profile/profile-pic-boy_8BU4hEF.jpg		\N	lucas.rogers@horilla.com	9876540107	recruitment/resume/resume_SjCrKeM.pdf		None	\N	None	\N	\N	male	\N	f	f	f	t	\N	0	\N	not_sent	2025-07-24	\N	349	2025-07-24 16:44:28.400683+05:30	\N	~	128	1	6	\N	3	1	2	\N	7
1	2025-06-22 14:45:26.692+05:30	t	\N	\N	f	Liam Bennett	recruitment/profile/profile-pic-boy.jpg		\N	liam.bennett@horilla.com	9876540101	recruitment/resume/resume.pdf	\N	\N	\N	\N	\N	\N	male	\N	f	f	f	t	\N	0	\N	not_sent	2025-07-24	\N	350	2025-07-24 16:44:28.436944+05:30	\N	~	133	1	1	\N	1	1	1	\N	5
1	2025-06-22 14:45:26.692+05:30	t	\N	\N	f	Liam Bennett	recruitment/profile/profile-pic-boy.jpg		\N	liam.bennett@horilla.com	9876540101	recruitment/resume/resume.pdf	\N	\N	\N	\N	\N	\N	male	\N	f	f	f	t	\N	0	\N	not_sent	2025-07-29	\N	1082	2025-07-29 14:59:19.802184+05:30	\N	~	133	1	1	\N	1	1	1	\N	5
1	2025-06-22 14:45:26.692+05:30	t	\N	\N	f	Liam Bennett	recruitment/profile/profile-pic-boy.jpg		\N	liam.bennett@horilla.com	9876540101	recruitment/resume/resume.pdf	\N	\N	\N	\N	\N	\N	male	\N	f	f	f	t	\N	0	\N	not_sent	2025-07-24	\N	352	2025-07-24 16:49:28.403304+05:30	\N	~	133	1	1	\N	1	1	1	\N	5
6	2025-06-22 14:58:20.41+05:30	t	\N	\N	f	Lucas Rogers	recruitment/profile/profile-pic-boy_8BU4hEF.jpg		\N	lucas.rogers@horilla.com	9876540107	recruitment/resume/resume_SjCrKeM.pdf		None	\N	None	\N	\N	male	\N	f	f	f	t	\N	0	\N	not_sent	2025-07-24	\N	353	2025-07-24 16:49:28.436911+05:30	\N	~	128	1	6	\N	3	1	2	\N	7
18	2025-07-24 15:26:55.605574+05:30	t	\N	\N	f	Sayan Deb	https://ui-avatars.com/api/?name=Sayan Deb		\N	sayan@yopmail.com	+9187657656	recruitment/resume/security_report (12).pdf	3/6 Kolkata	India	\N	West Bengal	Kolkata	700102	male	\N	f	f	f	t	\N	0	\N	not_sent	2025-07-29	\N	1083	2025-07-29 14:59:19.818722+05:30	\N	~	\N	1	18	\N	1	1	1	\N	1
6	2025-06-22 14:58:20.41+05:30	t	\N	\N	f	Lucas Rogers	recruitment/profile/profile-pic-boy_8BU4hEF.jpg		\N	lucas.rogers@horilla.com	9876540107	recruitment/resume/resume_SjCrKeM.pdf		None	\N	None	\N	\N	male	\N	f	f	f	t	\N	0	\N	not_sent	2025-07-29	\N	1084	2025-07-29 14:59:19.840074+05:30	\N	~	128	1	6	\N	3	1	2	\N	7
6	2025-06-22 14:58:20.41+05:30	t	\N	\N	f	Lucas Rogers	recruitment/profile/profile-pic-boy_8BU4hEF.jpg		\N	lucas.rogers@horilla.com	9876540107	recruitment/resume/resume_SjCrKeM.pdf		None	\N	None	\N	\N	male	\N	f	f	f	t	\N	0	\N	not_sent	2025-07-24	\N	356	2025-07-24 16:54:28.410207+05:30	\N	~	128	1	6	\N	3	1	2	\N	7
1	2025-06-22 14:45:26.692+05:30	t	\N	\N	f	Liam Bennett	recruitment/profile/profile-pic-boy.jpg		\N	liam.bennett@horilla.com	9876540101	recruitment/resume/resume.pdf	\N	\N	\N	\N	\N	\N	male	\N	f	f	f	t	\N	0	\N	not_sent	2025-07-24	\N	357	2025-07-24 16:54:28.429884+05:30	\N	~	133	1	1	\N	1	1	1	\N	5
6	2025-06-22 14:58:20.41+05:30	t	\N	\N	f	Lucas Rogers	recruitment/profile/profile-pic-boy_8BU4hEF.jpg		\N	lucas.rogers@horilla.com	9876540107	recruitment/resume/resume_SjCrKeM.pdf		None	\N	None	\N	\N	male	\N	f	f	f	t	\N	0	\N	not_sent	2025-07-24	\N	358	2025-07-24 16:59:28.400696+05:30	\N	~	128	1	6	\N	3	1	2	\N	7
1	2025-06-22 14:45:26.692+05:30	t	\N	\N	f	Liam Bennett	recruitment/profile/profile-pic-boy.jpg		\N	liam.bennett@horilla.com	9876540101	recruitment/resume/resume.pdf	\N	\N	\N	\N	\N	\N	male	\N	f	f	f	t	\N	0	\N	not_sent	2025-07-29	\N	1085	2025-07-29 15:04:19.789674+05:30	\N	~	133	1	1	\N	1	1	1	\N	5
1	2025-06-22 14:45:26.692+05:30	t	\N	\N	f	Liam Bennett	recruitment/profile/profile-pic-boy.jpg		\N	liam.bennett@horilla.com	9876540101	recruitment/resume/resume.pdf	\N	\N	\N	\N	\N	\N	male	\N	f	f	f	t	\N	0	\N	not_sent	2025-07-24	\N	360	2025-07-24 16:59:28.453008+05:30	\N	~	133	1	1	\N	1	1	1	\N	5
6	2025-06-22 14:58:20.41+05:30	t	\N	\N	f	Lucas Rogers	recruitment/profile/profile-pic-boy_8BU4hEF.jpg		\N	lucas.rogers@horilla.com	9876540107	recruitment/resume/resume_SjCrKeM.pdf		None	\N	None	\N	\N	male	\N	f	f	f	t	\N	0	\N	not_sent	2025-07-24	\N	361	2025-07-24 17:04:28.473233+05:30	\N	~	128	1	6	\N	3	1	2	\N	7
1	2025-06-22 14:45:26.692+05:30	t	\N	\N	f	Liam Bennett	recruitment/profile/profile-pic-boy.jpg		\N	liam.bennett@horilla.com	9876540101	recruitment/resume/resume.pdf	\N	\N	\N	\N	\N	\N	male	\N	f	f	f	t	\N	0	\N	not_sent	2025-07-24	\N	362	2025-07-24 17:04:28.521687+05:30	\N	~	133	1	1	\N	1	1	1	\N	5
6	2025-06-22 14:58:20.41+05:30	t	\N	\N	f	Lucas Rogers	recruitment/profile/profile-pic-boy_8BU4hEF.jpg		\N	lucas.rogers@horilla.com	9876540107	recruitment/resume/resume_SjCrKeM.pdf		None	\N	None	\N	\N	male	\N	f	f	f	t	\N	0	\N	not_sent	2025-07-29	\N	1086	2025-07-29 15:04:19.80405+05:30	\N	~	128	1	6	\N	3	1	2	\N	7
18	2025-07-24 15:26:55.605574+05:30	t	\N	\N	f	Sayan Deb	https://ui-avatars.com/api/?name=Sayan Deb		\N	sayan@yopmail.com	+9187657656	recruitment/resume/security_report (12).pdf	3/6 Kolkata	India	\N	West Bengal	Kolkata	700102	male	\N	f	f	f	t	\N	0	\N	not_sent	2025-07-29	\N	1087	2025-07-29 15:04:19.81508+05:30	\N	~	\N	1	18	\N	1	1	1	\N	1
1	2025-06-22 14:45:26.692+05:30	t	\N	\N	f	Liam Bennett	recruitment/profile/profile-pic-boy.jpg		\N	liam.bennett@horilla.com	9876540101	recruitment/resume/resume.pdf	\N	\N	\N	\N	\N	\N	male	\N	f	f	f	t	\N	0	\N	not_sent	2025-07-24	\N	365	2025-07-24 17:09:28.419881+05:30	\N	~	133	1	1	\N	1	1	1	\N	5
1	2025-06-22 14:45:26.692+05:30	t	\N	\N	f	Liam Bennett	recruitment/profile/profile-pic-boy.jpg		\N	liam.bennett@horilla.com	9876540101	recruitment/resume/resume.pdf	\N	\N	\N	\N	\N	\N	male	\N	f	f	f	t	\N	0	\N	not_sent	2025-07-28	\N	682	2025-07-28 12:27:21.948082+05:30	\N	~	133	1	1	\N	1	1	1	\N	5
6	2025-06-22 14:58:20.41+05:30	t	\N	\N	f	Lucas Rogers	recruitment/profile/profile-pic-boy_8BU4hEF.jpg		\N	lucas.rogers@horilla.com	9876540107	recruitment/resume/resume_SjCrKeM.pdf		None	\N	None	\N	\N	male	\N	f	f	f	t	\N	0	\N	not_sent	2025-07-24	\N	366	2025-07-24 17:09:28.450386+05:30	\N	~	128	1	6	\N	3	1	2	\N	7
1	2025-06-22 14:45:26.692+05:30	t	\N	\N	f	Liam Bennett	recruitment/profile/profile-pic-boy.jpg		\N	liam.bennett@horilla.com	9876540101	recruitment/resume/resume.pdf	\N	\N	\N	\N	\N	\N	male	\N	f	f	f	t	\N	0	\N	not_sent	2025-07-24	\N	367	2025-07-24 17:14:28.411892+05:30	\N	~	133	1	1	\N	1	1	1	\N	5
6	2025-06-22 14:58:20.41+05:30	t	\N	\N	f	Lucas Rogers	recruitment/profile/profile-pic-boy_8BU4hEF.jpg		\N	lucas.rogers@horilla.com	9876540107	recruitment/resume/resume_SjCrKeM.pdf		None	\N	None	\N	\N	male	\N	f	f	f	t	\N	0	\N	not_sent	2025-07-29	\N	1088	2025-07-29 15:09:19.791206+05:30	\N	~	128	1	6	\N	3	1	2	\N	7
6	2025-06-22 14:58:20.41+05:30	t	\N	\N	f	Lucas Rogers	recruitment/profile/profile-pic-boy_8BU4hEF.jpg		\N	lucas.rogers@horilla.com	9876540107	recruitment/resume/resume_SjCrKeM.pdf		None	\N	None	\N	\N	male	\N	f	f	f	t	\N	0	\N	not_sent	2025-07-24	\N	369	2025-07-24 17:14:28.491731+05:30	\N	~	128	1	6	\N	3	1	2	\N	7
1	2025-06-22 14:45:26.692+05:30	t	\N	\N	f	Liam Bennett	recruitment/profile/profile-pic-boy.jpg		\N	liam.bennett@horilla.com	9876540101	recruitment/resume/resume.pdf	\N	\N	\N	\N	\N	\N	male	\N	f	f	f	t	\N	0	\N	not_sent	2025-07-24	\N	370	2025-07-24 17:19:28.390709+05:30	\N	~	133	1	1	\N	1	1	1	\N	5
6	2025-06-22 14:58:20.41+05:30	t	\N	\N	f	Lucas Rogers	recruitment/profile/profile-pic-boy_8BU4hEF.jpg		\N	lucas.rogers@horilla.com	9876540107	recruitment/resume/resume_SjCrKeM.pdf		None	\N	None	\N	\N	male	\N	f	f	f	t	\N	0	\N	not_sent	2025-07-24	\N	371	2025-07-24 17:19:28.448577+05:30	\N	~	128	1	6	\N	3	1	2	\N	7
18	2025-07-24 15:26:55.605574+05:30	t	\N	\N	f	Sayan Deb	https://ui-avatars.com/api/?name=Sayan Deb		\N	sayan@yopmail.com	+9187657656	recruitment/resume/security_report (12).pdf	3/6 Kolkata	India	\N	West Bengal	Kolkata	700102	male	\N	f	f	f	t	\N	0	\N	not_sent	2025-07-29	\N	1089	2025-07-29 15:09:19.803831+05:30	\N	~	\N	1	18	\N	1	1	1	\N	1
6	2025-06-22 14:58:20.41+05:30	t	\N	\N	f	Lucas Rogers	recruitment/profile/profile-pic-boy_8BU4hEF.jpg		\N	lucas.rogers@horilla.com	9876540107	recruitment/resume/resume_SjCrKeM.pdf		None	\N	None	\N	\N	male	\N	f	f	f	t	\N	0	\N	not_sent	2025-07-24	\N	373	2025-07-24 17:24:28.399125+05:30	\N	~	128	1	6	\N	3	1	2	\N	7
1	2025-06-22 14:45:26.692+05:30	t	\N	\N	f	Liam Bennett	recruitment/profile/profile-pic-boy.jpg		\N	liam.bennett@horilla.com	9876540101	recruitment/resume/resume.pdf	\N	\N	\N	\N	\N	\N	male	\N	f	f	f	t	\N	0	\N	not_sent	2025-07-24	\N	374	2025-07-24 17:24:28.423059+05:30	\N	~	133	1	1	\N	1	1	1	\N	5
1	2025-06-22 14:45:26.692+05:30	t	\N	\N	f	Liam Bennett	recruitment/profile/profile-pic-boy.jpg		\N	liam.bennett@horilla.com	9876540101	recruitment/resume/resume.pdf	\N	\N	\N	\N	\N	\N	male	\N	f	f	f	t	\N	0	\N	not_sent	2025-07-29	\N	1090	2025-07-29 15:09:19.818843+05:30	\N	~	133	1	1	\N	1	1	1	\N	5
6	2025-06-22 14:58:20.41+05:30	t	\N	\N	f	Lucas Rogers	recruitment/profile/profile-pic-boy_8BU4hEF.jpg		\N	lucas.rogers@horilla.com	9876540107	recruitment/resume/resume_SjCrKeM.pdf		None	\N	None	\N	\N	male	\N	f	f	f	t	\N	0	\N	not_sent	2025-07-29	\N	1091	2025-07-29 15:14:19.789717+05:30	\N	~	128	1	6	\N	3	1	2	\N	7
6	2025-06-22 14:58:20.41+05:30	t	\N	\N	f	Lucas Rogers	recruitment/profile/profile-pic-boy_8BU4hEF.jpg		\N	lucas.rogers@horilla.com	9876540107	recruitment/resume/resume_SjCrKeM.pdf		None	\N	None	\N	\N	male	\N	f	f	f	t	\N	0	\N	not_sent	2025-07-24	\N	380	2025-07-24 17:34:28.426934+05:30	\N	~	128	1	6	\N	3	1	2	\N	7
1	2025-06-22 14:45:26.692+05:30	t	\N	\N	f	Liam Bennett	recruitment/profile/profile-pic-boy.jpg		\N	liam.bennett@horilla.com	9876540101	recruitment/resume/resume.pdf	\N	\N	\N	\N	\N	\N	male	\N	f	f	f	t	\N	0	\N	not_sent	2025-07-24	\N	381	2025-07-24 17:34:28.451844+05:30	\N	~	133	1	1	\N	1	1	1	\N	5
6	2025-06-22 14:58:20.41+05:30	t	\N	\N	f	Lucas Rogers	recruitment/profile/profile-pic-boy_8BU4hEF.jpg		\N	lucas.rogers@horilla.com	9876540107	recruitment/resume/resume_SjCrKeM.pdf		None	\N	None	\N	\N	male	\N	f	f	f	t	\N	0	\N	not_sent	2025-07-24	\N	385	2025-07-24 17:44:28.382974+05:30	\N	~	128	1	6	\N	3	1	2	\N	7
1	2025-06-22 14:45:26.692+05:30	t	\N	\N	f	Liam Bennett	recruitment/profile/profile-pic-boy.jpg		\N	liam.bennett@horilla.com	9876540101	recruitment/resume/resume.pdf	\N	\N	\N	\N	\N	\N	male	\N	f	f	f	t	\N	0	\N	not_sent	2025-07-24	\N	386	2025-07-24 17:44:28.414889+05:30	\N	~	133	1	1	\N	1	1	1	\N	5
1	2025-06-22 14:45:26.692+05:30	t	\N	\N	f	Liam Bennett	recruitment/profile/profile-pic-boy.jpg		\N	liam.bennett@horilla.com	9876540101	recruitment/resume/resume.pdf	\N	\N	\N	\N	\N	\N	male	\N	f	f	f	t	\N	0	\N	not_sent	2025-07-29	\N	1092	2025-07-29 15:14:19.804661+05:30	\N	~	133	1	1	\N	1	1	1	\N	5
1	2025-06-22 14:45:26.692+05:30	t	\N	\N	f	Liam Bennett	recruitment/profile/profile-pic-boy.jpg		\N	liam.bennett@horilla.com	9876540101	recruitment/resume/resume.pdf	\N	\N	\N	\N	\N	\N	male	\N	f	f	f	t	\N	0	\N	not_sent	2025-07-24	\N	391	2025-07-24 17:54:28.375096+05:30	\N	~	133	1	1	\N	1	1	1	\N	5
18	2025-07-24 15:26:55.605574+05:30	t	\N	\N	f	Sayan Deb	https://ui-avatars.com/api/?name=Sayan Deb		\N	sayan@yopmail.com	+9187657656	recruitment/resume/security_report (12).pdf	3/6 Kolkata	India	\N	West Bengal	Kolkata	700102	male	\N	f	f	f	t	\N	0	\N	not_sent	2025-07-29	\N	1093	2025-07-29 15:14:19.816262+05:30	\N	~	\N	1	18	\N	1	1	1	\N	1
6	2025-06-22 14:58:20.41+05:30	t	\N	\N	f	Lucas Rogers	recruitment/profile/profile-pic-boy_8BU4hEF.jpg		\N	lucas.rogers@horilla.com	9876540107	recruitment/resume/resume_SjCrKeM.pdf		None	\N	None	\N	\N	male	\N	f	f	f	t	\N	0	\N	not_sent	2025-07-24	\N	393	2025-07-24 17:54:28.413494+05:30	\N	~	128	1	6	\N	3	1	2	\N	7
6	2025-06-22 14:58:20.41+05:30	t	\N	\N	f	Lucas Rogers	recruitment/profile/profile-pic-boy_8BU4hEF.jpg		\N	lucas.rogers@horilla.com	9876540107	recruitment/resume/resume_SjCrKeM.pdf		None	\N	None	\N	\N	male	\N	f	f	f	t	\N	0	\N	not_sent	2025-07-25	\N	529	2025-07-25 16:18:35.910104+05:30	\N	~	128	1	6	\N	3	1	2	\N	7
1	2025-06-22 14:45:26.692+05:30	t	\N	\N	f	Liam Bennett	recruitment/profile/profile-pic-boy.jpg		\N	liam.bennett@horilla.com	9876540101	recruitment/resume/resume.pdf	\N	\N	\N	\N	\N	\N	male	\N	f	f	f	t	\N	0	\N	not_sent	2025-07-25	\N	530	2025-07-25 16:18:35.942546+05:30	\N	~	133	1	1	\N	1	1	1	\N	5
18	2025-07-24 15:26:55.605574+05:30	t	\N	\N	f	Sayan Deb	https://ui-avatars.com/api/?name=Sayan Deb		\N	sayan@yopmail.com	+9187657656	recruitment/resume/security_report (12).pdf	3/6 Kolkata	India	\N	West Bengal	Kolkata	700102	male	\N	f	f	f	t	\N	0	\N	not_sent	2025-07-29	\N	1094	2025-07-29 15:19:19.798913+05:30	\N	~	\N	1	18	\N	1	1	1	\N	1
6	2025-06-22 14:58:20.41+05:30	t	\N	\N	f	Lucas Rogers	recruitment/profile/profile-pic-boy_8BU4hEF.jpg		\N	lucas.rogers@horilla.com	9876540107	recruitment/resume/resume_SjCrKeM.pdf		None	\N	None	\N	\N	male	\N	f	f	f	t	\N	0	\N	not_sent	2025-07-25	\N	541	2025-07-25 16:28:35.916695+05:30	\N	~	128	1	6	\N	3	1	2	\N	7
1	2025-06-22 14:45:26.692+05:30	t	\N	\N	f	Liam Bennett	recruitment/profile/profile-pic-boy.jpg		\N	liam.bennett@horilla.com	9876540101	recruitment/resume/resume.pdf	\N	\N	\N	\N	\N	\N	male	\N	f	f	f	t	\N	0	\N	not_sent	2025-07-25	\N	542	2025-07-25 16:28:35.932321+05:30	\N	~	133	1	1	\N	1	1	1	\N	5
1	2025-06-22 14:45:26.692+05:30	t	\N	\N	f	Liam Bennett	recruitment/profile/profile-pic-boy.jpg		\N	liam.bennett@horilla.com	9876540101	recruitment/resume/resume.pdf	\N	\N	\N	\N	\N	\N	male	\N	f	f	f	t	\N	0	\N	not_sent	2025-07-29	\N	1095	2025-07-29 15:19:19.813254+05:30	\N	~	133	1	1	\N	1	1	1	\N	5
6	2025-06-22 14:58:20.41+05:30	t	\N	\N	f	Lucas Rogers	recruitment/profile/profile-pic-boy_8BU4hEF.jpg		\N	lucas.rogers@horilla.com	9876540107	recruitment/resume/resume_SjCrKeM.pdf		None	\N	None	\N	\N	male	\N	f	f	f	t	\N	0	\N	not_sent	2025-07-25	\N	553	2025-07-25 16:38:35.912383+05:30	\N	~	128	1	6	\N	3	1	2	\N	7
1	2025-06-22 14:45:26.692+05:30	t	\N	\N	f	Liam Bennett	recruitment/profile/profile-pic-boy.jpg		\N	liam.bennett@horilla.com	9876540101	recruitment/resume/resume.pdf	\N	\N	\N	\N	\N	\N	male	\N	f	f	f	t	\N	0	\N	not_sent	2025-07-25	\N	554	2025-07-25 16:38:35.943625+05:30	\N	~	133	1	1	\N	1	1	1	\N	5
1	2025-06-22 14:45:26.692+05:30	t	\N	\N	f	Liam Bennett	recruitment/profile/profile-pic-boy.jpg		\N	liam.bennett@horilla.com	9876540101	recruitment/resume/resume.pdf	\N	\N	\N	\N	\N	\N	male	\N	f	f	f	t	\N	0	\N	not_sent	2025-07-24	\N	376	2025-07-24 17:29:28.41578+05:30	\N	~	133	1	1	\N	1	1	1	\N	5
6	2025-06-22 14:58:20.41+05:30	t	\N	\N	f	Lucas Rogers	recruitment/profile/profile-pic-boy_8BU4hEF.jpg		\N	lucas.rogers@horilla.com	9876540107	recruitment/resume/resume_SjCrKeM.pdf		None	\N	None	\N	\N	male	\N	f	f	f	t	\N	0	\N	not_sent	2025-07-24	\N	377	2025-07-24 17:29:28.458038+05:30	\N	~	128	1	6	\N	3	1	2	\N	7
6	2025-06-22 14:58:20.41+05:30	t	\N	\N	f	Lucas Rogers	recruitment/profile/profile-pic-boy_8BU4hEF.jpg		\N	lucas.rogers@horilla.com	9876540107	recruitment/resume/resume_SjCrKeM.pdf		None	\N	None	\N	\N	male	\N	f	f	f	t	\N	0	\N	not_sent	2025-07-29	\N	1096	2025-07-29 15:19:19.826795+05:30	\N	~	128	1	6	\N	3	1	2	\N	7
6	2025-06-22 14:58:20.41+05:30	t	\N	\N	f	Lucas Rogers	recruitment/profile/profile-pic-boy_8BU4hEF.jpg		\N	lucas.rogers@horilla.com	9876540107	recruitment/resume/resume_SjCrKeM.pdf		None	\N	None	\N	\N	male	\N	f	f	f	t	\N	0	\N	not_sent	2025-07-24	\N	382	2025-07-24 17:39:28.415855+05:30	\N	~	128	1	6	\N	3	1	2	\N	7
18	2025-07-24 15:26:55.605574+05:30	t	\N	\N	f	Sayan Deb	https://ui-avatars.com/api/?name=Sayan Deb		\N	sayan@yopmail.com	+9187657656	recruitment/resume/security_report (12).pdf	3/6 Kolkata	India	\N	West Bengal	Kolkata	700102	male	\N	f	f	f	t	\N	0	\N	not_sent	2025-07-29	\N	1097	2025-07-29 15:24:19.819581+05:30	\N	~	\N	1	18	\N	1	1	1	\N	1
1	2025-06-22 14:45:26.692+05:30	t	\N	\N	f	Liam Bennett	recruitment/profile/profile-pic-boy.jpg		\N	liam.bennett@horilla.com	9876540101	recruitment/resume/resume.pdf	\N	\N	\N	\N	\N	\N	male	\N	f	f	f	t	\N	0	\N	not_sent	2025-07-24	\N	384	2025-07-24 17:39:28.48203+05:30	\N	~	133	1	1	\N	1	1	1	\N	5
6	2025-06-22 14:58:20.41+05:30	t	\N	\N	f	Lucas Rogers	recruitment/profile/profile-pic-boy_8BU4hEF.jpg		\N	lucas.rogers@horilla.com	9876540107	recruitment/resume/resume_SjCrKeM.pdf		None	\N	None	\N	\N	male	\N	f	f	f	t	\N	0	\N	not_sent	2025-07-29	\N	1098	2025-07-29 15:24:19.835969+05:30	\N	~	128	1	6	\N	3	1	2	\N	7
1	2025-06-22 14:45:26.692+05:30	t	\N	\N	f	Liam Bennett	recruitment/profile/profile-pic-boy.jpg		\N	liam.bennett@horilla.com	9876540101	recruitment/resume/resume.pdf	\N	\N	\N	\N	\N	\N	male	\N	f	f	f	t	\N	0	\N	not_sent	2025-07-24	\N	389	2025-07-24 17:49:28.432008+05:30	\N	~	133	1	1	\N	1	1	1	\N	5
6	2025-06-22 14:58:20.41+05:30	t	\N	\N	f	Lucas Rogers	recruitment/profile/profile-pic-boy_8BU4hEF.jpg		\N	lucas.rogers@horilla.com	9876540107	recruitment/resume/resume_SjCrKeM.pdf		None	\N	None	\N	\N	male	\N	f	f	f	t	\N	0	\N	not_sent	2025-07-24	\N	390	2025-07-24 17:49:28.465065+05:30	\N	~	128	1	6	\N	3	1	2	\N	7
6	2025-06-22 14:58:20.41+05:30	t	\N	\N	f	Lucas Rogers	recruitment/profile/profile-pic-boy_8BU4hEF.jpg		\N	lucas.rogers@horilla.com	9876540107	recruitment/resume/resume_SjCrKeM.pdf		None	\N	None	\N	\N	male	\N	f	f	f	t	\N	0	\N	not_sent	2025-07-25	\N	406	2025-07-25 11:41:36.475139+05:30	\N	~	128	1	6	\N	3	1	2	\N	7
1	2025-06-22 14:45:26.692+05:30	t	\N	\N	f	Liam Bennett	recruitment/profile/profile-pic-boy.jpg		\N	liam.bennett@horilla.com	9876540101	recruitment/resume/resume.pdf	\N	\N	\N	\N	\N	\N	male	\N	f	f	f	t	\N	0	\N	not_sent	2025-07-29	\N	1099	2025-07-29 15:24:19.852148+05:30	\N	~	133	1	1	\N	1	1	1	\N	5
1	2025-06-22 14:45:26.692+05:30	t	\N	\N	f	Liam Bennett	recruitment/profile/profile-pic-boy.jpg		\N	liam.bennett@horilla.com	9876540101	recruitment/resume/resume.pdf	\N	\N	\N	\N	\N	\N	male	\N	f	f	f	t	\N	0	\N	not_sent	2025-07-25	\N	408	2025-07-25 11:41:36.71291+05:30	\N	~	133	1	1	\N	1	1	1	\N	5
6	2025-06-22 14:58:20.41+05:30	t	\N	\N	f	Lucas Rogers	recruitment/profile/profile-pic-boy_8BU4hEF.jpg		\N	lucas.rogers@horilla.com	9876540107	recruitment/resume/resume_SjCrKeM.pdf		None	\N	None	\N	\N	male	\N	f	f	f	t	\N	0	\N	not_sent	2025-07-25	\N	409	2025-07-25 11:46:36.416014+05:30	\N	~	128	1	6	\N	3	1	2	\N	7
1	2025-06-22 14:45:26.692+05:30	t	\N	\N	f	Liam Bennett	recruitment/profile/profile-pic-boy.jpg		\N	liam.bennett@horilla.com	9876540101	recruitment/resume/resume.pdf	\N	\N	\N	\N	\N	\N	male	\N	f	f	f	t	\N	0	\N	not_sent	2025-07-25	\N	410	2025-07-25 11:46:36.612587+05:30	\N	~	133	1	1	\N	1	1	1	\N	5
18	2025-07-24 15:26:55.605574+05:30	t	\N	\N	f	Sayan Deb	https://ui-avatars.com/api/?name=Sayan Deb		\N	sayan@yopmail.com	+9187657656	recruitment/resume/security_report (12).pdf	3/6 Kolkata	India	\N	West Bengal	Kolkata	700102	male	\N	f	f	f	t	\N	0	\N	not_sent	2025-07-29	\N	1100	2025-07-29 15:29:19.787629+05:30	\N	~	\N	1	18	\N	1	1	1	\N	1
1	2025-06-22 14:45:26.692+05:30	t	\N	\N	f	Liam Bennett	recruitment/profile/profile-pic-boy.jpg		\N	liam.bennett@horilla.com	9876540101	recruitment/resume/resume.pdf	\N	\N	\N	\N	\N	\N	male	\N	f	f	f	t	\N	0	\N	not_sent	2025-07-29	\N	1101	2025-07-29 15:29:19.804189+05:30	\N	~	133	1	1	\N	1	1	1	\N	5
1	2025-06-22 14:45:26.692+05:30	t	\N	\N	f	Liam Bennett	recruitment/profile/profile-pic-boy.jpg		\N	liam.bennett@horilla.com	9876540101	recruitment/resume/resume.pdf	\N	\N	\N	\N	\N	\N	male	\N	f	f	f	t	\N	0	\N	not_sent	2025-07-25	\N	413	2025-07-25 11:51:36.37646+05:30	\N	~	133	1	1	\N	1	1	1	\N	5
6	2025-06-22 14:58:20.41+05:30	t	\N	\N	f	Lucas Rogers	recruitment/profile/profile-pic-boy_8BU4hEF.jpg		\N	lucas.rogers@horilla.com	9876540107	recruitment/resume/resume_SjCrKeM.pdf		None	\N	None	\N	\N	male	\N	f	f	f	t	\N	0	\N	not_sent	2025-07-25	\N	414	2025-07-25 11:51:36.445947+05:30	\N	~	128	1	6	\N	3	1	2	\N	7
1	2025-06-22 14:45:26.692+05:30	t	\N	\N	f	Liam Bennett	recruitment/profile/profile-pic-boy.jpg		\N	liam.bennett@horilla.com	9876540101	recruitment/resume/resume.pdf	\N	\N	\N	\N	\N	\N	male	\N	f	f	f	t	\N	0	\N	not_sent	2025-07-25	\N	415	2025-07-25 11:56:36.380897+05:30	\N	~	133	1	1	\N	1	1	1	\N	5
6	2025-06-22 14:58:20.41+05:30	t	\N	\N	f	Lucas Rogers	recruitment/profile/profile-pic-boy_8BU4hEF.jpg		\N	lucas.rogers@horilla.com	9876540107	recruitment/resume/resume_SjCrKeM.pdf		None	\N	None	\N	\N	male	\N	f	f	f	t	\N	0	\N	not_sent	2025-07-29	\N	1102	2025-07-29 15:29:19.819554+05:30	\N	~	128	1	6	\N	3	1	2	\N	7
6	2025-06-22 14:58:20.41+05:30	t	\N	\N	f	Lucas Rogers	recruitment/profile/profile-pic-boy_8BU4hEF.jpg		\N	lucas.rogers@horilla.com	9876540107	recruitment/resume/resume_SjCrKeM.pdf		None	\N	None	\N	\N	male	\N	f	f	f	t	\N	0	\N	not_sent	2025-07-25	\N	417	2025-07-25 11:56:36.535721+05:30	\N	~	128	1	6	\N	3	1	2	\N	7
1	2025-06-22 14:45:26.692+05:30	t	\N	\N	f	Liam Bennett	recruitment/profile/profile-pic-boy.jpg		\N	liam.bennett@horilla.com	9876540101	recruitment/resume/resume.pdf	\N	\N	\N	\N	\N	\N	male	\N	f	f	f	t	\N	0	\N	not_sent	2025-07-25	\N	418	2025-07-25 12:01:36.36458+05:30	\N	~	133	1	1	\N	1	1	1	\N	5
6	2025-06-22 14:58:20.41+05:30	t	\N	\N	f	Lucas Rogers	recruitment/profile/profile-pic-boy_8BU4hEF.jpg		\N	lucas.rogers@horilla.com	9876540107	recruitment/resume/resume_SjCrKeM.pdf		None	\N	None	\N	\N	male	\N	f	f	f	t	\N	0	\N	not_sent	2025-07-25	\N	419	2025-07-25 12:01:36.440124+05:30	\N	~	128	1	6	\N	3	1	2	\N	7
18	2025-07-24 15:26:55.605574+05:30	t	\N	\N	f	Sayan Deb	https://ui-avatars.com/api/?name=Sayan Deb		\N	sayan@yopmail.com	+9187657656	recruitment/resume/security_report (12).pdf	3/6 Kolkata	India	\N	West Bengal	Kolkata	700102	male	\N	f	f	f	t	\N	0	\N	not_sent	2025-07-29	\N	1103	2025-07-29 15:34:19.829923+05:30	\N	~	\N	1	18	\N	1	1	1	\N	1
6	2025-06-22 14:58:20.41+05:30	t	\N	\N	f	Lucas Rogers	recruitment/profile/profile-pic-boy_8BU4hEF.jpg		\N	lucas.rogers@horilla.com	9876540107	recruitment/resume/resume_SjCrKeM.pdf		None	\N	None	\N	\N	male	\N	f	f	f	t	\N	0	\N	not_sent	2025-07-25	\N	421	2025-07-25 12:11:37.111363+05:30	\N	~	128	1	6	\N	3	1	2	\N	7
1	2025-06-22 14:45:26.692+05:30	t	\N	\N	f	Liam Bennett	recruitment/profile/profile-pic-boy.jpg		\N	liam.bennett@horilla.com	9876540101	recruitment/resume/resume.pdf	\N	\N	\N	\N	\N	\N	male	\N	f	f	f	t	\N	0	\N	not_sent	2025-07-25	\N	422	2025-07-25 12:11:38.106824+05:30	\N	~	133	1	1	\N	1	1	1	\N	5
1	2025-06-22 14:45:26.692+05:30	t	\N	\N	f	Liam Bennett	recruitment/profile/profile-pic-boy.jpg		\N	liam.bennett@horilla.com	9876540101	recruitment/resume/resume.pdf	\N	\N	\N	\N	\N	\N	male	\N	f	f	f	t	\N	0	\N	not_sent	2025-07-28	\N	688	2025-07-28 12:37:22.00767+05:30	\N	~	133	1	1	\N	1	1	1	\N	5
1	2025-06-22 14:45:26.692+05:30	t	\N	\N	f	Liam Bennett	recruitment/profile/profile-pic-boy.jpg		\N	liam.bennett@horilla.com	9876540101	recruitment/resume/resume.pdf	\N	\N	\N	\N	\N	\N	male	\N	f	f	f	t	\N	0	\N	not_sent	2025-07-24	\N	394	2025-07-24 17:59:28.397109+05:30	\N	~	133	1	1	\N	1	1	1	\N	5
6	2025-06-22 14:58:20.41+05:30	t	\N	\N	f	Lucas Rogers	recruitment/profile/profile-pic-boy_8BU4hEF.jpg		\N	lucas.rogers@horilla.com	9876540107	recruitment/resume/resume_SjCrKeM.pdf		None	\N	None	\N	\N	male	\N	f	f	f	t	\N	0	\N	not_sent	2025-07-24	\N	395	2025-07-24 17:59:28.419663+05:30	\N	~	128	1	6	\N	3	1	2	\N	7
1	2025-06-22 14:45:26.692+05:30	t	\N	\N	f	Liam Bennett	recruitment/profile/profile-pic-boy.jpg		\N	liam.bennett@horilla.com	9876540101	recruitment/resume/resume.pdf	\N	\N	\N	\N	\N	\N	male	\N	f	f	f	t	\N	0	\N	not_sent	2025-07-29	\N	1104	2025-07-29 15:34:19.868398+05:30	\N	~	133	1	1	\N	1	1	1	\N	5
1	2025-06-22 14:45:26.692+05:30	t	\N	\N	f	Liam Bennett	recruitment/profile/profile-pic-boy.jpg		\N	liam.bennett@horilla.com	9876540101	recruitment/resume/resume.pdf	\N	\N	\N	\N	\N	\N	male	\N	f	f	f	t	\N	0	\N	not_sent	2025-07-24	\N	400	2025-07-24 18:09:28.383981+05:30	\N	~	133	1	1	\N	1	1	1	\N	5
6	2025-06-22 14:58:20.41+05:30	t	\N	\N	f	Lucas Rogers	recruitment/profile/profile-pic-boy_8BU4hEF.jpg		\N	lucas.rogers@horilla.com	9876540107	recruitment/resume/resume_SjCrKeM.pdf		None	\N	None	\N	\N	male	\N	f	f	f	t	\N	0	\N	not_sent	2025-07-24	\N	401	2025-07-24 18:09:28.404432+05:30	\N	~	128	1	6	\N	3	1	2	\N	7
6	2025-06-22 14:58:20.41+05:30	t	\N	\N	f	Lucas Rogers	recruitment/profile/profile-pic-boy_8BU4hEF.jpg		\N	lucas.rogers@horilla.com	9876540107	recruitment/resume/resume_SjCrKeM.pdf		None	\N	None	\N	\N	male	\N	f	f	f	t	\N	0	\N	not_sent	2025-07-29	\N	1105	2025-07-29 15:34:19.884628+05:30	\N	~	128	1	6	\N	3	1	2	\N	7
18	2025-07-24 15:26:55.605574+05:30	t	\N	\N	f	Sayan Deb	https://ui-avatars.com/api/?name=Sayan Deb		\N	sayan@yopmail.com	+9187657656	recruitment/resume/security_report (12).pdf	3/6 Kolkata	India	\N	West Bengal	Kolkata	700102	male	\N	f	f	f	t	\N	0	\N	not_sent	2025-07-30	\N	1261	2025-07-30 10:32:11.2002+05:30	\N	~	\N	1	18	\N	1	1	1	\N	1
1	2025-06-22 14:45:26.692+05:30	t	\N	\N	f	Liam Bennett	recruitment/profile/profile-pic-boy.jpg		\N	liam.bennett@horilla.com	9876540101	recruitment/resume/resume.pdf	\N	\N	\N	\N	\N	\N	male	\N	f	f	f	t	\N	0	\N	not_sent	2025-07-25	\N	424	2025-07-25 12:16:36.382577+05:30	\N	~	133	1	1	\N	1	1	1	\N	5
6	2025-06-22 14:58:20.41+05:30	t	\N	\N	f	Lucas Rogers	recruitment/profile/profile-pic-boy_8BU4hEF.jpg		\N	lucas.rogers@horilla.com	9876540107	recruitment/resume/resume_SjCrKeM.pdf		None	\N	None	\N	\N	male	\N	f	f	f	t	\N	0	\N	not_sent	2025-07-25	\N	425	2025-07-25 12:16:36.493941+05:30	\N	~	128	1	6	\N	3	1	2	\N	7
22	2025-07-29 16:30:27.378138+05:30	t	\N	\N	f	Anil Sharma	recruitment/profile/Anil_Sharma_Members.PNG_4bb52ea9-6133-4f6e-81ee-d205df0bf012.PNG		\N	sharmaanil@gmail.com	8790231298	recruitment/resume/index-only (1).pdf	kolkata	India	\N	West Bengal	Kolkata	711321	male	\N	f	f	f	t	\N	0	\N	not_sent	2025-07-30	\N	1262	2025-07-30 10:37:11.077946+05:30	\N	~	134	1	22	\N	16	1	7	\N	14
1	2025-06-22 14:45:26.692+05:30	t	\N	\N	f	Liam Bennett	recruitment/profile/profile-pic-boy.jpg		\N	liam.bennett@horilla.com	9876540101	recruitment/resume/resume.pdf	\N	\N	\N	\N	\N	\N	male	\N	f	f	f	t	\N	0	\N	not_sent	2025-07-30	\N	1263	2025-07-30 10:37:11.093111+05:30	\N	~	133	1	1	\N	1	1	1	\N	5
6	2025-06-22 14:58:20.41+05:30	t	\N	\N	f	Lucas Rogers	recruitment/profile/profile-pic-boy_8BU4hEF.jpg		\N	lucas.rogers@horilla.com	9876540107	recruitment/resume/resume_SjCrKeM.pdf		None	\N	None	\N	\N	male	\N	f	f	f	t	\N	0	\N	not_sent	2025-07-25	\N	428	2025-07-25 12:21:36.467744+05:30	\N	~	128	1	6	\N	3	1	2	\N	7
18	2025-07-24 15:26:55.605574+05:30	t	\N	\N	f	Sayan Deb	https://ui-avatars.com/api/?name=Sayan Deb		\N	sayan@yopmail.com	+9187657656	recruitment/resume/security_report (12).pdf	3/6 Kolkata	India	\N	West Bengal	Kolkata	700102	male	\N	f	f	f	t	\N	0	\N	not_sent	2025-07-30	\N	1264	2025-07-30 10:37:11.105488+05:30	\N	~	\N	1	18	\N	1	1	1	\N	1
1	2025-06-22 14:45:26.692+05:30	t	\N	\N	f	Liam Bennett	recruitment/profile/profile-pic-boy.jpg		\N	liam.bennett@horilla.com	9876540101	recruitment/resume/resume.pdf	\N	\N	\N	\N	\N	\N	male	\N	f	f	f	t	\N	0	\N	not_sent	2025-07-25	\N	429	2025-07-25 12:21:36.561177+05:30	\N	~	133	1	1	\N	1	1	1	\N	5
6	2025-06-22 14:58:20.41+05:30	t	\N	\N	f	Lucas Rogers	recruitment/profile/profile-pic-boy_8BU4hEF.jpg		\N	lucas.rogers@horilla.com	9876540107	recruitment/resume/resume_SjCrKeM.pdf		None	\N	None	\N	\N	male	\N	f	f	f	t	\N	0	\N	not_sent	2025-07-30	\N	1265	2025-07-30 10:37:11.120849+05:30	\N	~	128	1	6	\N	3	1	2	\N	3
6	2025-06-22 14:58:20.41+05:30	t	\N	\N	f	Lucas Rogers	recruitment/profile/profile-pic-boy_8BU4hEF.jpg		\N	lucas.rogers@horilla.com	9876540107	recruitment/resume/resume_SjCrKeM.pdf		None	\N	None	\N	\N	male	\N	f	f	f	t	\N	0	\N	not_sent	2025-07-25	\N	430	2025-07-25 12:26:36.517836+05:30	\N	~	128	1	6	\N	3	1	2	\N	7
1	2025-06-22 14:45:26.692+05:30	t	\N	\N	f	Liam Bennett	recruitment/profile/profile-pic-boy.jpg		\N	liam.bennett@horilla.com	9876540101	recruitment/resume/resume.pdf	\N	\N	\N	\N	\N	\N	male	\N	f	f	f	t	\N	0	\N	not_sent	2025-07-25	\N	432	2025-07-25 12:26:37.495356+05:30	\N	~	133	1	1	\N	1	1	1	\N	5
6	2025-06-22 14:58:20.41+05:30	t	\N	\N	f	Lucas Rogers	recruitment/profile/profile-pic-boy_8BU4hEF.jpg		\N	lucas.rogers@horilla.com	9876540107	recruitment/resume/resume_SjCrKeM.pdf		None	\N	None	\N	\N	male	\N	f	f	f	t	\N	0	\N	not_sent	2025-07-25	\N	433	2025-07-25 12:31:36.37758+05:30	\N	~	128	1	6	\N	3	1	2	\N	7
1	2025-06-22 14:45:26.692+05:30	t	\N	\N	f	Liam Bennett	recruitment/profile/profile-pic-boy.jpg		\N	liam.bennett@horilla.com	9876540101	recruitment/resume/resume.pdf	\N	\N	\N	\N	\N	\N	male	\N	f	f	f	t	\N	0	\N	not_sent	2025-07-25	\N	434	2025-07-25 12:31:36.507319+05:30	\N	~	133	1	1	\N	1	1	1	\N	5
1	2025-06-22 14:45:26.692+05:30	t	\N	\N	f	Liam Bennett	recruitment/profile/profile-pic-boy.jpg		\N	liam.bennett@horilla.com	9876540101	recruitment/resume/resume.pdf	\N	\N	\N	\N	\N	\N	male	\N	f	f	f	t	\N	0	\N	not_sent	2025-07-25	\N	533	2025-07-25 16:18:54.041534+05:30	\N	~	133	1	1	\N	1	1	1	\N	5
6	2025-06-22 14:58:20.41+05:30	t	\N	\N	f	Lucas Rogers	recruitment/profile/profile-pic-boy_8BU4hEF.jpg		\N	lucas.rogers@horilla.com	9876540107	recruitment/resume/resume_SjCrKeM.pdf		None	\N	None	\N	\N	male	\N	f	f	f	t	\N	0	\N	not_sent	2025-07-25	\N	534	2025-07-25 16:18:54.072646+05:30	\N	~	128	1	6	\N	3	1	2	\N	7
1	2025-06-22 14:45:26.692+05:30	t	\N	\N	f	Liam Bennett	recruitment/profile/profile-pic-boy.jpg		\N	liam.bennett@horilla.com	9876540101	recruitment/resume/resume.pdf	\N	\N	\N	\N	\N	\N	male	\N	f	f	f	t	\N	0	\N	not_sent	2025-07-25	\N	544	2025-07-25 16:28:54.016182+05:30	\N	~	133	1	1	\N	1	1	1	\N	5
6	2025-06-22 14:58:20.41+05:30	t	\N	\N	f	Lucas Rogers	recruitment/profile/profile-pic-boy_8BU4hEF.jpg		\N	lucas.rogers@horilla.com	9876540107	recruitment/resume/resume_SjCrKeM.pdf		None	\N	None	\N	\N	male	\N	f	f	f	t	\N	0	\N	not_sent	2025-07-25	\N	545	2025-07-25 16:28:54.047424+05:30	\N	~	128	1	6	\N	3	1	2	\N	7
6	2025-06-22 14:58:20.41+05:30	t	\N	\N	f	Lucas Rogers	recruitment/profile/profile-pic-boy_8BU4hEF.jpg		\N	lucas.rogers@horilla.com	9876540107	recruitment/resume/resume_SjCrKeM.pdf		None	\N	None	\N	\N	male	\N	f	f	f	t	\N	0	\N	not_sent	2025-07-24	\N	397	2025-07-24 18:04:28.395238+05:30	\N	~	128	1	6	\N	3	1	2	\N	7
1	2025-06-22 14:45:26.692+05:30	t	\N	\N	f	Liam Bennett	recruitment/profile/profile-pic-boy.jpg		\N	liam.bennett@horilla.com	9876540101	recruitment/resume/resume.pdf	\N	\N	\N	\N	\N	\N	male	\N	f	f	f	t	\N	0	\N	not_sent	2025-07-24	\N	398	2025-07-24 18:04:28.434854+05:30	\N	~	133	1	1	\N	1	1	1	\N	5
18	2025-07-24 15:26:55.605574+05:30	t	\N	\N	f	Sayan Deb	https://ui-avatars.com/api/?name=Sayan Deb		\N	sayan@yopmail.com	+9187657656	recruitment/resume/security_report (12).pdf	3/6 Kolkata	India	\N	West Bengal	Kolkata	700102	male	\N	f	f	f	t	\N	0	\N	not_sent	2025-07-29	\N	1106	2025-07-29 15:39:19.793734+05:30	\N	~	\N	1	18	\N	1	1	1	\N	1
6	2025-06-22 14:58:20.41+05:30	t	\N	\N	f	Lucas Rogers	recruitment/profile/profile-pic-boy_8BU4hEF.jpg		\N	lucas.rogers@horilla.com	9876540107	recruitment/resume/resume_SjCrKeM.pdf		None	\N	None	\N	\N	male	\N	f	f	f	t	\N	0	\N	not_sent	2025-07-29	\N	1107	2025-07-29 15:39:19.813757+05:30	\N	~	128	1	6	\N	3	1	2	\N	7
6	2025-06-22 14:58:20.41+05:30	t	\N	\N	f	Lucas Rogers	recruitment/profile/profile-pic-boy_8BU4hEF.jpg		\N	lucas.rogers@horilla.com	9876540107	recruitment/resume/resume_SjCrKeM.pdf		None	\N	None	\N	\N	male	\N	f	f	f	t	\N	0	\N	not_sent	2025-07-24	\N	404	2025-07-24 18:14:28.407991+05:30	\N	~	128	1	6	\N	3	1	2	\N	7
1	2025-06-22 14:45:26.692+05:30	t	\N	\N	f	Liam Bennett	recruitment/profile/profile-pic-boy.jpg		\N	liam.bennett@horilla.com	9876540101	recruitment/resume/resume.pdf	\N	\N	\N	\N	\N	\N	male	\N	f	f	f	t	\N	0	\N	not_sent	2025-07-24	\N	405	2025-07-24 18:14:28.439776+05:30	\N	~	133	1	1	\N	1	1	1	\N	5
1	2025-06-22 14:45:26.692+05:30	t	\N	\N	f	Liam Bennett	recruitment/profile/profile-pic-boy.jpg		\N	liam.bennett@horilla.com	9876540101	recruitment/resume/resume.pdf	\N	\N	\N	\N	\N	\N	male	\N	f	f	f	t	\N	0	\N	not_sent	2025-07-29	\N	1108	2025-07-29 15:39:19.832098+05:30	\N	~	133	1	1	\N	1	1	1	\N	5
1	2025-06-22 14:45:26.692+05:30	t	\N	\N	f	Liam Bennett	recruitment/profile/profile-pic-boy.jpg		\N	liam.bennett@horilla.com	9876540101	recruitment/resume/resume.pdf	\N	\N	\N	\N	\N	\N	male	\N	f	f	f	t	\N	0	\N	not_sent	2025-07-25	\N	437	2025-07-25 14:50:42.56077+05:30	\N	~	133	1	1	\N	1	1	1	\N	5
6	2025-06-22 14:58:20.41+05:30	t	\N	\N	f	Lucas Rogers	recruitment/profile/profile-pic-boy_8BU4hEF.jpg		\N	lucas.rogers@horilla.com	9876540107	recruitment/resume/resume_SjCrKeM.pdf		None	\N	None	\N	\N	male	\N	f	f	f	t	\N	0	\N	not_sent	2025-07-25	\N	438	2025-07-25 14:50:42.590256+05:30	\N	~	128	1	6	\N	3	1	2	\N	7
1	2025-06-22 14:45:26.692+05:30	t	\N	\N	f	Liam Bennett	recruitment/profile/profile-pic-boy.jpg		\N	liam.bennett@horilla.com	9876540101	recruitment/resume/resume.pdf	\N	\N	\N	\N	\N	\N	male	\N	f	f	f	t	\N	0	\N	not_sent	2025-07-25	\N	557	2025-07-25 16:38:54.072706+05:30	\N	~	133	1	1	\N	1	1	1	\N	5
6	2025-06-22 14:58:20.41+05:30	t	\N	\N	f	Lucas Rogers	recruitment/profile/profile-pic-boy_8BU4hEF.jpg		\N	lucas.rogers@horilla.com	9876540107	recruitment/resume/resume_SjCrKeM.pdf		None	\N	None	\N	\N	male	\N	f	f	f	t	\N	0	\N	not_sent	2025-07-25	\N	558	2025-07-25 16:38:54.088353+05:30	\N	~	128	1	6	\N	3	1	2	\N	7
1	2025-06-22 14:45:26.692+05:30	t	\N	\N	f	Liam Bennett	recruitment/profile/profile-pic-boy.jpg		\N	liam.bennett@horilla.com	9876540101	recruitment/resume/resume.pdf	\N	\N	\N	\N	\N	\N	male	\N	f	f	f	t	\N	0	\N	not_sent	2025-07-25	\N	568	2025-07-25 16:48:54.034912+05:30	\N	~	133	1	1	\N	1	1	1	\N	5
6	2025-06-22 14:58:20.41+05:30	t	\N	\N	f	Lucas Rogers	recruitment/profile/profile-pic-boy_8BU4hEF.jpg		\N	lucas.rogers@horilla.com	9876540107	recruitment/resume/resume_SjCrKeM.pdf		None	\N	None	\N	\N	male	\N	f	f	f	t	\N	0	\N	not_sent	2025-07-25	\N	569	2025-07-25 16:48:54.068075+05:30	\N	~	128	1	6	\N	3	1	2	\N	7
6	2025-06-22 14:58:20.41+05:30	t	\N	\N	f	Lucas Rogers	recruitment/profile/profile-pic-boy_8BU4hEF.jpg		\N	lucas.rogers@horilla.com	9876540107	recruitment/resume/resume_SjCrKeM.pdf		None	\N	None	\N	\N	male	\N	f	f	f	t	\N	0	\N	not_sent	2025-07-25	\N	574	2025-07-25 16:53:54.04634+05:30	\N	~	128	1	6	\N	3	1	2	\N	7
1	2025-06-22 14:45:26.692+05:30	t	\N	\N	f	Liam Bennett	recruitment/profile/profile-pic-boy.jpg		\N	liam.bennett@horilla.com	9876540101	recruitment/resume/resume.pdf	\N	\N	\N	\N	\N	\N	male	\N	f	f	f	t	\N	0	\N	not_sent	2025-07-25	\N	576	2025-07-25 16:53:54.113866+05:30	\N	~	133	1	1	\N	1	1	1	\N	5
1	2025-06-22 14:45:26.692+05:30	t	\N	\N	f	Liam Bennett	recruitment/profile/profile-pic-boy.jpg		\N	liam.bennett@horilla.com	9876540101	recruitment/resume/resume.pdf	\N	\N	\N	\N	\N	\N	male	\N	f	f	f	t	\N	0	\N	not_sent	2025-07-25	\N	586	2025-07-25 17:03:54.034034+05:30	\N	~	133	1	1	\N	1	1	1	\N	5
6	2025-06-22 14:58:20.41+05:30	t	\N	\N	f	Lucas Rogers	recruitment/profile/profile-pic-boy_8BU4hEF.jpg		\N	lucas.rogers@horilla.com	9876540107	recruitment/resume/resume_SjCrKeM.pdf		None	\N	None	\N	\N	male	\N	f	f	f	t	\N	0	\N	not_sent	2025-07-25	\N	587	2025-07-25 17:03:54.054211+05:30	\N	~	128	1	6	\N	3	1	2	\N	7
6	2025-06-22 14:58:20.41+05:30	t	\N	\N	f	Lucas Rogers	recruitment/profile/profile-pic-boy_8BU4hEF.jpg		\N	lucas.rogers@horilla.com	9876540107	recruitment/resume/resume_SjCrKeM.pdf		None	\N	None	\N	\N	male	\N	f	f	f	t	\N	0	\N	not_sent	2025-07-25	\N	633	2025-07-25 17:43:35.999212+05:30	\N	~	128	1	6	\N	3	1	2	\N	7
6	2025-06-22 14:58:20.41+05:30	t	\N	\N	f	Lucas Rogers	recruitment/profile/profile-pic-boy_8BU4hEF.jpg		\N	lucas.rogers@horilla.com	9876540107	recruitment/resume/resume_SjCrKeM.pdf		None	\N	None	\N	\N	male	\N	f	f	f	t	\N	0	\N	not_sent	2025-07-25	\N	644	2025-07-25 17:53:35.927171+05:30	\N	~	128	1	6	\N	3	1	2	\N	7
1	2025-06-22 14:45:26.692+05:30	t	\N	\N	f	Liam Bennett	recruitment/profile/profile-pic-boy.jpg		\N	liam.bennett@horilla.com	9876540101	recruitment/resume/resume.pdf	\N	\N	\N	\N	\N	\N	male	\N	f	f	f	t	\N	0	\N	not_sent	2025-07-25	\N	645	2025-07-25 17:53:35.957518+05:30	\N	~	133	1	1	\N	1	1	1	\N	5
1	2025-06-22 14:45:26.692+05:30	t	\N	\N	f	Liam Bennett	recruitment/profile/profile-pic-boy.jpg		\N	liam.bennett@horilla.com	9876540101	recruitment/resume/resume.pdf	\N	\N	\N	\N	\N	\N	male	\N	f	f	f	t	\N	0	\N	not_sent	2025-07-25	\N	439	2025-07-25 14:58:54.094421+05:30	\N	~	133	1	1	\N	1	1	1	\N	5
6	2025-06-22 14:58:20.41+05:30	t	\N	\N	f	Lucas Rogers	recruitment/profile/profile-pic-boy_8BU4hEF.jpg		\N	lucas.rogers@horilla.com	9876540107	recruitment/resume/resume_SjCrKeM.pdf		None	\N	None	\N	\N	male	\N	f	f	f	t	\N	0	\N	not_sent	2025-07-29	\N	1109	2025-07-29 15:49:44.891018+05:30	\N	~	128	1	6	\N	3	1	2	\N	7
6	2025-06-22 14:58:20.41+05:30	t	\N	\N	f	Lucas Rogers	recruitment/profile/profile-pic-boy_8BU4hEF.jpg		\N	lucas.rogers@horilla.com	9876540107	recruitment/resume/resume_SjCrKeM.pdf		None	\N	None	\N	\N	male	\N	f	f	f	t	\N	0	\N	not_sent	2025-07-25	\N	441	2025-07-25 14:58:54.154049+05:30	\N	~	128	1	6	\N	3	1	2	\N	7
1	2025-06-22 14:45:26.692+05:30	t	\N	\N	f	Liam Bennett	recruitment/profile/profile-pic-boy.jpg		\N	liam.bennett@horilla.com	9876540101	recruitment/resume/resume.pdf	\N	\N	\N	\N	\N	\N	male	\N	f	f	f	t	\N	0	\N	not_sent	2025-07-25	\N	442	2025-07-25 15:03:54.01911+05:30	\N	~	133	1	1	\N	1	1	1	\N	5
6	2025-06-22 14:58:20.41+05:30	t	\N	\N	f	Lucas Rogers	recruitment/profile/profile-pic-boy_8BU4hEF.jpg		\N	lucas.rogers@horilla.com	9876540107	recruitment/resume/resume_SjCrKeM.pdf		None	\N	None	\N	\N	male	\N	f	f	f	t	\N	0	\N	not_sent	2025-07-25	\N	443	2025-07-25 15:03:54.03831+05:30	\N	~	128	1	6	\N	3	1	2	\N	7
1	2025-06-22 14:45:26.692+05:30	t	\N	\N	f	Liam Bennett	recruitment/profile/profile-pic-boy.jpg		\N	liam.bennett@horilla.com	9876540101	recruitment/resume/resume.pdf	\N	\N	\N	\N	\N	\N	male	\N	f	f	f	t	\N	0	\N	not_sent	2025-07-29	\N	1110	2025-07-29 15:49:44.908595+05:30	\N	~	133	1	1	\N	1	1	1	\N	5
1	2025-06-22 14:45:26.692+05:30	t	\N	\N	f	Liam Bennett	recruitment/profile/profile-pic-boy.jpg		\N	liam.bennett@horilla.com	9876540101	recruitment/resume/resume.pdf	\N	\N	\N	\N	\N	\N	male	\N	f	f	f	t	\N	0	\N	not_sent	2025-07-25	\N	448	2025-07-25 15:08:54.115706+05:30	\N	~	133	1	1	\N	1	1	1	\N	5
6	2025-06-22 14:58:20.41+05:30	t	\N	\N	f	Lucas Rogers	recruitment/profile/profile-pic-boy_8BU4hEF.jpg		\N	lucas.rogers@horilla.com	9876540107	recruitment/resume/resume_SjCrKeM.pdf		None	\N	None	\N	\N	male	\N	f	f	f	t	\N	0	\N	not_sent	2025-07-25	\N	449	2025-07-25 15:08:54.148575+05:30	\N	~	128	1	6	\N	3	1	2	\N	7
18	2025-07-24 15:26:55.605574+05:30	t	\N	\N	f	Sayan Deb	https://ui-avatars.com/api/?name=Sayan Deb		\N	sayan@yopmail.com	+9187657656	recruitment/resume/security_report (12).pdf	3/6 Kolkata	India	\N	West Bengal	Kolkata	700102	male	\N	f	f	f	t	\N	0	\N	not_sent	2025-07-29	\N	1111	2025-07-29 15:49:44.920504+05:30	\N	~	\N	1	18	\N	1	1	1	\N	1
6	2025-06-22 14:58:20.41+05:30	t	\N	\N	f	Lucas Rogers	recruitment/profile/profile-pic-boy_8BU4hEF.jpg		\N	lucas.rogers@horilla.com	9876540107	recruitment/resume/resume_SjCrKeM.pdf		None	\N	None	\N	\N	male	\N	f	f	f	t	\N	0	\N	not_sent	2025-07-25	\N	454	2025-07-25 15:13:54.044847+05:30	\N	~	128	1	6	\N	3	1	2	\N	7
1	2025-06-22 14:45:26.692+05:30	t	\N	\N	f	Liam Bennett	recruitment/profile/profile-pic-boy.jpg		\N	liam.bennett@horilla.com	9876540101	recruitment/resume/resume.pdf	\N	\N	\N	\N	\N	\N	male	\N	f	f	f	t	\N	0	\N	not_sent	2025-07-25	\N	456	2025-07-25 15:13:54.086735+05:30	\N	~	133	1	1	\N	1	1	1	\N	5
6	2025-06-22 14:58:20.41+05:30	t	\N	\N	f	Lucas Rogers	recruitment/profile/profile-pic-boy_8BU4hEF.jpg		\N	lucas.rogers@horilla.com	9876540107	recruitment/resume/resume_SjCrKeM.pdf		None	\N	None	\N	\N	male	\N	f	f	f	t	\N	0	\N	not_sent	2025-07-25	\N	565	2025-07-25 16:48:35.910986+05:30	\N	~	128	1	6	\N	3	1	2	\N	7
1	2025-06-22 14:45:26.692+05:30	t	\N	\N	f	Liam Bennett	recruitment/profile/profile-pic-boy.jpg		\N	liam.bennett@horilla.com	9876540101	recruitment/resume/resume.pdf	\N	\N	\N	\N	\N	\N	male	\N	f	f	f	t	\N	0	\N	not_sent	2025-07-25	\N	566	2025-07-25 16:48:35.942256+05:30	\N	~	133	1	1	\N	1	1	1	\N	5
18	2025-07-24 15:26:55.605574+05:30	t	\N	\N	f	Sayan Deb	https://ui-avatars.com/api/?name=Sayan Deb		\N	sayan@yopmail.com	+9187657656	recruitment/resume/security_report (12).pdf	3/6 Kolkata	India	\N	West Bengal	Kolkata	700102	male	\N	f	f	f	f	\N	0	\N	not_sent	2025-07-24	\N	285	2025-07-24 15:26:55.609632+05:30	\N	+	\N	1	18	1	1	1	1	\N	1
6	2025-06-22 14:58:20.41+05:30	t	\N	\N	f	Lucas Rogers	recruitment/profile/profile-pic-boy_8BU4hEF.jpg		\N	lucas.rogers@horilla.com	9876540107	recruitment/resume/resume_SjCrKeM.pdf		None	\N	None	\N	\N	male	\N	f	f	f	t	\N	0	\N	not_sent	2025-07-25	\N	577	2025-07-25 16:58:35.887552+05:30	\N	~	128	1	6	\N	3	1	2	\N	7
18	2025-07-24 15:26:55.605574+05:30	t	\N	\N	f	Sayan Deb	https://ui-avatars.com/api/?name=Sayan Deb		\N	sayan@yopmail.com	+9187657656	recruitment/resume/security_report (12).pdf	3/6 Kolkata	India	\N	West Bengal	Kolkata	700102	male	\N	f	f	f	t	\N	0	\N	not_sent	2025-07-24	\N	287	2025-07-24 15:26:57.635596+05:30	\N	~	\N	1	18	\N	1	1	1	\N	1
19	2025-07-24 15:32:14.622307+05:30	t	\N	\N	f	Sayan Dev			\N	sayan11@yopmail.com	87657656	recruitment/resume/security_report_12.pdf	3/6 Kolkata	India	\N	West Bengal	\N	700102	male	software	f	f	f	f	\N	0	\N	not_sent	2025-07-24	\N	290	2025-07-24 15:32:14.626195+05:30	\N	+	\N	1	19	1	1	1	1	127	2
20	2025-07-24 15:33:10.378348+05:30	t	\N	\N	f	ashu			\N	ashu@yopmail.com	87657656	recruitment/resume/security_report_12_NQHETR6.pdf	3/6 Kolkata	India	\N	West Bengal	\N	700102	male	software	f	f	f	f	\N	0	\N	not_sent	2025-07-24	\N	291	2025-07-24 15:33:10.381454+05:30	\N	+	\N	1	20	1	1	1	1	12	2
1	2025-06-22 14:45:26.692+05:30	t	\N	\N	f	Liam Bennett	recruitment/profile/profile-pic-boy.jpg		\N	liam.bennett@horilla.com	9876540101	recruitment/resume/resume.pdf	\N	\N	\N	\N	\N	\N	male	\N	f	f	f	t	\N	0	\N	not_sent	2025-07-25	\N	578	2025-07-25 16:58:35.925403+05:30	\N	~	133	1	1	\N	1	1	1	\N	5
1	2025-06-22 14:45:26.692+05:30	t	\N	\N	f	Liam Bennett	recruitment/profile/profile-pic-boy.jpg		\N	liam.bennett@horilla.com	9876540101	recruitment/resume/resume.pdf	\N	\N	\N	\N	\N	\N	male	\N	f	f	f	t	\N	0	\N	not_sent	2025-07-25	\N	583	2025-07-25 17:03:35.901728+05:30	\N	~	133	1	1	\N	1	1	1	\N	5
6	2025-06-22 14:58:20.41+05:30	t	\N	\N	f	Lucas Rogers	recruitment/profile/profile-pic-boy_8BU4hEF.jpg		\N	lucas.rogers@horilla.com	9876540107	recruitment/resume/resume_SjCrKeM.pdf		None	\N	None	\N	\N	male	\N	f	f	f	t	\N	0	\N	not_sent	2025-07-29	\N	1112	2025-07-29 15:59:38.387151+05:30	\N	~	128	1	6	\N	3	1	2	\N	7
18	2025-07-24 15:26:55.605574+05:30	t	\N	\N	f	Sayan Deb	https://ui-avatars.com/api/?name=Sayan Deb		\N	sayan@yopmail.com	+9187657656	recruitment/resume/security_report (12).pdf	3/6 Kolkata	India	\N	West Bengal	Kolkata	700102	male	\N	f	f	f	t	\N	0	\N	not_sent	2025-07-29	\N	1113	2025-07-29 15:59:38.401073+05:30	\N	~	\N	1	18	\N	1	1	1	\N	1
6	2025-06-22 14:58:20.41+05:30	t	\N	\N	f	Lucas Rogers	recruitment/profile/profile-pic-boy_8BU4hEF.jpg		\N	lucas.rogers@horilla.com	9876540107	recruitment/resume/resume_SjCrKeM.pdf		None	\N	None	\N	\N	male	\N	f	f	f	t	\N	0	\N	not_sent	2025-07-25	\N	445	2025-07-25 15:08:35.950181+05:30	\N	~	128	1	6	\N	3	1	2	\N	7
1	2025-06-22 14:45:26.692+05:30	t	\N	\N	f	Liam Bennett	recruitment/profile/profile-pic-boy.jpg		\N	liam.bennett@horilla.com	9876540101	recruitment/resume/resume.pdf	\N	\N	\N	\N	\N	\N	male	\N	f	f	f	t	\N	0	\N	not_sent	2025-07-25	\N	446	2025-07-25 15:08:35.983461+05:30	\N	~	133	1	1	\N	1	1	1	\N	5
1	2025-06-22 14:45:26.692+05:30	t	\N	\N	f	Liam Bennett	recruitment/profile/profile-pic-boy.jpg		\N	liam.bennett@horilla.com	9876540101	recruitment/resume/resume.pdf	\N	\N	\N	\N	\N	\N	male	\N	f	f	f	t	\N	0	\N	not_sent	2025-07-29	\N	1114	2025-07-29 15:59:38.422454+05:30	\N	~	133	1	1	\N	1	1	1	\N	5
1	2025-06-22 14:45:26.692+05:30	t	\N	\N	f	Liam Bennett	recruitment/profile/profile-pic-boy.jpg		\N	liam.bennett@horilla.com	9876540101	recruitment/resume/resume.pdf	\N	\N	\N	\N	\N	\N	male	\N	f	f	f	t	\N	0	\N	not_sent	2025-07-29	\N	1115	2025-07-29 16:04:38.431746+05:30	\N	~	133	1	1	\N	1	1	1	\N	5
6	2025-06-22 14:58:20.41+05:30	t	\N	\N	f	Lucas Rogers	recruitment/profile/profile-pic-boy_8BU4hEF.jpg		\N	lucas.rogers@horilla.com	9876540107	recruitment/resume/resume_SjCrKeM.pdf		None	\N	None	\N	\N	male	\N	f	f	f	t	\N	0	\N	not_sent	2025-07-25	\N	452	2025-07-25 15:13:35.964955+05:30	\N	~	128	1	6	\N	3	1	2	\N	7
1	2025-06-22 14:45:26.692+05:30	t	\N	\N	f	Liam Bennett	recruitment/profile/profile-pic-boy.jpg		\N	liam.bennett@horilla.com	9876540101	recruitment/resume/resume.pdf	\N	\N	\N	\N	\N	\N	male	\N	f	f	f	t	\N	0	\N	not_sent	2025-07-25	\N	453	2025-07-25 15:13:35.995164+05:30	\N	~	133	1	1	\N	1	1	1	\N	5
18	2025-07-24 15:26:55.605574+05:30	t	\N	\N	f	Sayan Deb	https://ui-avatars.com/api/?name=Sayan Deb		\N	sayan@yopmail.com	+9187657656	recruitment/resume/security_report (12).pdf	3/6 Kolkata	India	\N	West Bengal	Kolkata	700102	male	\N	f	f	f	t	\N	0	\N	not_sent	2025-07-29	\N	1116	2025-07-29 16:04:38.478068+05:30	\N	~	\N	1	18	\N	1	1	1	\N	1
6	2025-06-22 14:58:20.41+05:30	t	\N	\N	f	Lucas Rogers	recruitment/profile/profile-pic-boy_8BU4hEF.jpg		\N	lucas.rogers@horilla.com	9876540107	recruitment/resume/resume_SjCrKeM.pdf		None	\N	None	\N	\N	male	\N	f	f	f	t	\N	0	\N	not_sent	2025-07-25	\N	585	2025-07-25 17:03:35.936152+05:30	\N	~	128	1	6	\N	3	1	2	\N	7
1	2025-06-22 14:45:26.692+05:30	t	\N	\N	f	Liam Bennett	recruitment/profile/profile-pic-boy.jpg		\N	liam.bennett@horilla.com	9876540101	recruitment/resume/resume.pdf	\N	\N	\N	\N	\N	\N	male	\N	f	f	f	t	\N	0	\N	not_sent	2025-07-28	\N	655	2025-07-28 11:42:21.911128+05:30	\N	~	133	1	1	\N	1	1	1	\N	5
6	2025-06-22 14:58:20.41+05:30	t	\N	\N	f	Lucas Rogers	recruitment/profile/profile-pic-boy_8BU4hEF.jpg		\N	lucas.rogers@horilla.com	9876540107	recruitment/resume/resume_SjCrKeM.pdf		None	\N	None	\N	\N	male	\N	f	f	f	t	\N	0	\N	not_sent	2025-07-29	\N	1117	2025-07-29 16:04:38.505153+05:30	\N	~	128	1	6	\N	3	1	2	\N	7
6	2025-06-22 14:58:20.41+05:30	t	\N	\N	f	Lucas Rogers	recruitment/profile/profile-pic-boy_8BU4hEF.jpg		\N	lucas.rogers@horilla.com	9876540107	recruitment/resume/resume_SjCrKeM.pdf		None	\N	None	\N	\N	male	\N	f	f	f	t	\N	0	\N	not_sent	2025-07-28	\N	657	2025-07-28 11:42:21.954599+05:30	\N	~	128	1	6	\N	3	1	2	\N	7
1	2025-06-22 14:45:26.692+05:30	t	\N	\N	f	Liam Bennett	recruitment/profile/profile-pic-boy.jpg		\N	liam.bennett@horilla.com	9876540101	recruitment/resume/resume.pdf	\N	\N	\N	\N	\N	\N	male	\N	f	f	f	t	\N	0	\N	not_sent	2025-07-28	\N	658	2025-07-28 11:47:21.945682+05:30	\N	~	133	1	1	\N	1	1	1	\N	5
6	2025-06-22 14:58:20.41+05:30	t	\N	\N	f	Lucas Rogers	recruitment/profile/profile-pic-boy_8BU4hEF.jpg		\N	lucas.rogers@horilla.com	9876540107	recruitment/resume/resume_SjCrKeM.pdf		None	\N	None	\N	\N	male	\N	f	f	f	t	\N	0	\N	not_sent	2025-07-28	\N	659	2025-07-28 11:47:21.970889+05:30	\N	~	128	1	6	\N	3	1	2	\N	7
1	2025-06-22 14:45:26.692+05:30	t	\N	\N	f	Liam Bennett	recruitment/profile/profile-pic-boy.jpg		\N	liam.bennett@horilla.com	9876540101	recruitment/resume/resume.pdf	\N	\N	\N	\N	\N	\N	male	\N	f	f	f	t	\N	0	\N	not_sent	2025-07-29	\N	1118	2025-07-29 16:09:38.376712+05:30	\N	~	133	1	1	\N	1	1	1	\N	5
6	2025-06-22 14:58:20.41+05:30	t	\N	\N	f	Lucas Rogers	recruitment/profile/profile-pic-boy_8BU4hEF.jpg		\N	lucas.rogers@horilla.com	9876540107	recruitment/resume/resume_SjCrKeM.pdf		None	\N	None	\N	\N	male	\N	f	f	f	t	\N	0	\N	not_sent	2025-07-28	\N	661	2025-07-28 11:52:21.899459+05:30	\N	~	128	1	6	\N	3	1	2	\N	7
1	2025-06-22 14:45:26.692+05:30	t	\N	\N	f	Liam Bennett	recruitment/profile/profile-pic-boy.jpg		\N	liam.bennett@horilla.com	9876540101	recruitment/resume/resume.pdf	\N	\N	\N	\N	\N	\N	male	\N	f	f	f	t	\N	0	\N	not_sent	2025-07-28	\N	662	2025-07-28 11:52:21.91487+05:30	\N	~	133	1	1	\N	1	1	1	\N	5
6	2025-06-22 14:58:20.41+05:30	t	\N	\N	f	Lucas Rogers	recruitment/profile/profile-pic-boy_8BU4hEF.jpg		\N	lucas.rogers@horilla.com	9876540107	recruitment/resume/resume_SjCrKeM.pdf		None	\N	None	\N	\N	male	\N	f	f	f	t	\N	0	\N	not_sent	2025-07-29	\N	1119	2025-07-29 16:09:38.391036+05:30	\N	~	128	1	6	\N	3	1	2	\N	7
1	2025-06-22 14:45:26.692+05:30	t	\N	\N	f	Liam Bennett	recruitment/profile/profile-pic-boy.jpg		\N	liam.bennett@horilla.com	9876540101	recruitment/resume/resume.pdf	\N	\N	\N	\N	\N	\N	male	\N	f	f	f	t	\N	0	\N	not_sent	2025-07-28	\N	664	2025-07-28 11:57:21.945499+05:30	\N	~	133	1	1	\N	1	1	1	\N	5
6	2025-06-22 14:58:20.41+05:30	t	\N	\N	f	Lucas Rogers	recruitment/profile/profile-pic-boy_8BU4hEF.jpg		\N	lucas.rogers@horilla.com	9876540107	recruitment/resume/resume_SjCrKeM.pdf		None	\N	None	\N	\N	male	\N	f	f	f	t	\N	0	\N	not_sent	2025-07-28	\N	665	2025-07-28 11:57:21.967876+05:30	\N	~	128	1	6	\N	3	1	2	\N	7
18	2025-07-24 15:26:55.605574+05:30	t	\N	\N	f	Sayan Deb	https://ui-avatars.com/api/?name=Sayan Deb		\N	sayan@yopmail.com	+9187657656	recruitment/resume/security_report (12).pdf	3/6 Kolkata	India	\N	West Bengal	Kolkata	700102	male	\N	f	f	f	t	\N	0	\N	not_sent	2025-07-29	\N	1120	2025-07-29 16:09:38.404184+05:30	\N	~	\N	1	18	\N	1	1	1	\N	1
1	2025-06-22 14:45:26.692+05:30	t	\N	\N	f	Liam Bennett	recruitment/profile/profile-pic-boy.jpg		\N	liam.bennett@horilla.com	9876540101	recruitment/resume/resume.pdf	\N	\N	\N	\N	\N	\N	male	\N	f	f	f	t	\N	0	\N	not_sent	2025-07-29	\N	1121	2025-07-29 16:14:38.375975+05:30	\N	~	133	1	1	\N	1	1	1	\N	5
6	2025-06-22 14:58:20.41+05:30	t	\N	\N	f	Lucas Rogers	recruitment/profile/profile-pic-boy_8BU4hEF.jpg		\N	lucas.rogers@horilla.com	9876540107	recruitment/resume/resume_SjCrKeM.pdf		None	\N	None	\N	\N	male	\N	f	f	f	t	\N	0	\N	not_sent	2025-07-28	\N	668	2025-07-28 12:02:21.972878+05:30	\N	~	128	1	6	\N	3	1	2	\N	7
1	2025-06-22 14:45:26.692+05:30	t	\N	\N	f	Liam Bennett	recruitment/profile/profile-pic-boy.jpg		\N	liam.bennett@horilla.com	9876540101	recruitment/resume/resume.pdf	\N	\N	\N	\N	\N	\N	male	\N	f	f	f	t	\N	0	\N	not_sent	2025-07-28	\N	669	2025-07-28 12:02:21.988892+05:30	\N	~	133	1	1	\N	1	1	1	\N	5
6	2025-06-22 14:58:20.41+05:30	t	\N	\N	f	Lucas Rogers	recruitment/profile/profile-pic-boy_8BU4hEF.jpg		\N	lucas.rogers@horilla.com	9876540107	recruitment/resume/resume_SjCrKeM.pdf		None	\N	None	\N	\N	male	\N	f	f	f	t	\N	0	\N	not_sent	2025-07-28	\N	670	2025-07-28 12:07:21.952456+05:30	\N	~	128	1	6	\N	3	1	2	\N	7
18	2025-07-24 15:26:55.605574+05:30	t	\N	\N	f	Sayan Deb	https://ui-avatars.com/api/?name=Sayan Deb		\N	sayan@yopmail.com	+9187657656	recruitment/resume/security_report (12).pdf	3/6 Kolkata	India	\N	West Bengal	Kolkata	700102	male	\N	f	f	f	t	\N	0	\N	not_sent	2025-07-29	\N	1122	2025-07-29 16:14:38.387597+05:30	\N	~	\N	1	18	\N	1	1	1	\N	1
6	2025-06-22 14:58:20.41+05:30	t	\N	\N	f	Lucas Rogers	recruitment/profile/profile-pic-boy_8BU4hEF.jpg		\N	lucas.rogers@horilla.com	9876540107	recruitment/resume/resume_SjCrKeM.pdf		None	\N	None	\N	\N	male	\N	f	f	f	t	\N	0	\N	not_sent	2025-07-28	\N	683	2025-07-28 12:27:21.972846+05:30	\N	~	128	1	6	\N	3	1	2	\N	7
6	2025-06-22 14:58:20.41+05:30	t	\N	\N	f	Lucas Rogers	recruitment/profile/profile-pic-boy_8BU4hEF.jpg		\N	lucas.rogers@horilla.com	9876540107	recruitment/resume/resume_SjCrKeM.pdf		None	\N	None	\N	\N	male	\N	f	f	f	t	\N	0	\N	not_sent	2025-07-29	\N	1123	2025-07-29 16:14:38.400965+05:30	\N	~	128	1	6	\N	3	1	2	\N	7
6	2025-06-22 14:58:20.41+05:30	t	\N	\N	f	Lucas Rogers	recruitment/profile/profile-pic-boy_8BU4hEF.jpg		\N	lucas.rogers@horilla.com	9876540107	recruitment/resume/resume_SjCrKeM.pdf		None	\N	None	\N	\N	male	\N	f	f	f	t	\N	0	\N	not_sent	2025-07-28	\N	685	2025-07-28 12:32:21.899158+05:30	\N	~	128	1	6	\N	3	1	2	\N	7
1	2025-06-22 14:45:26.692+05:30	t	\N	\N	f	Liam Bennett	recruitment/profile/profile-pic-boy.jpg		\N	liam.bennett@horilla.com	9876540101	recruitment/resume/resume.pdf	\N	\N	\N	\N	\N	\N	male	\N	f	f	f	t	\N	0	\N	not_sent	2025-07-28	\N	686	2025-07-28 12:32:21.916898+05:30	\N	~	133	1	1	\N	1	1	1	\N	5
1	2025-06-22 14:45:26.692+05:30	t	\N	\N	f	Liam Bennett	recruitment/profile/profile-pic-boy.jpg		\N	liam.bennett@horilla.com	9876540101	recruitment/resume/resume.pdf	\N	\N	\N	\N	\N	\N	male	\N	f	f	f	t	\N	0	\N	not_sent	2025-07-29	\N	1124	2025-07-29 16:19:38.422035+05:30	\N	~	133	1	1	\N	1	1	1	\N	5
18	2025-07-24 15:26:55.605574+05:30	t	\N	\N	f	Sayan Deb	https://ui-avatars.com/api/?name=Sayan Deb		\N	sayan@yopmail.com	+9187657656	recruitment/resume/security_report (12).pdf	3/6 Kolkata	India	\N	West Bengal	Kolkata	700102	male	\N	f	f	f	t	\N	0	\N	not_sent	2025-07-29	\N	1125	2025-07-29 16:19:38.447917+05:30	\N	~	\N	1	18	\N	1	1	1	\N	1
6	2025-06-22 14:58:20.41+05:30	t	\N	\N	f	Lucas Rogers	recruitment/profile/profile-pic-boy_8BU4hEF.jpg		\N	lucas.rogers@horilla.com	9876540107	recruitment/resume/resume_SjCrKeM.pdf		None	\N	None	\N	\N	male	\N	f	f	f	t	\N	0	\N	not_sent	2025-07-28	\N	692	2025-07-28 12:42:21.967412+05:30	\N	~	128	1	6	\N	3	1	2	\N	7
1	2025-06-22 14:45:26.692+05:30	t	\N	\N	f	Liam Bennett	recruitment/profile/profile-pic-boy.jpg		\N	liam.bennett@horilla.com	9876540101	recruitment/resume/resume.pdf	\N	\N	\N	\N	\N	\N	male	\N	f	f	f	t	\N	0	\N	not_sent	2025-07-28	\N	693	2025-07-28 12:42:21.99226+05:30	\N	~	133	1	1	\N	1	1	1	\N	5
6	2025-06-22 14:58:20.41+05:30	t	\N	\N	f	Lucas Rogers	recruitment/profile/profile-pic-boy_8BU4hEF.jpg		\N	lucas.rogers@horilla.com	9876540107	recruitment/resume/resume_SjCrKeM.pdf		None	\N	None	\N	\N	male	\N	f	f	f	t	\N	0	\N	not_sent	2025-07-28	\N	697	2025-07-28 12:52:21.958903+05:30	\N	~	128	1	6	\N	3	1	2	\N	7
1	2025-06-22 14:45:26.692+05:30	t	\N	\N	f	Liam Bennett	recruitment/profile/profile-pic-boy.jpg		\N	liam.bennett@horilla.com	9876540101	recruitment/resume/resume.pdf	\N	\N	\N	\N	\N	\N	male	\N	f	f	f	t	\N	0	\N	not_sent	2025-07-28	\N	698	2025-07-28 12:52:21.997177+05:30	\N	~	133	1	1	\N	1	1	1	\N	5
6	2025-06-22 14:58:20.41+05:30	t	\N	\N	f	Lucas Rogers	recruitment/profile/profile-pic-boy_8BU4hEF.jpg		\N	lucas.rogers@horilla.com	9876540107	recruitment/resume/resume_SjCrKeM.pdf		None	\N	None	\N	\N	male	\N	f	f	f	t	\N	0	\N	not_sent	2025-07-29	\N	1126	2025-07-29 16:19:38.472477+05:30	\N	~	128	1	6	\N	3	1	2	\N	7
1	2025-06-22 14:45:26.692+05:30	t	\N	\N	f	Liam Bennett	recruitment/profile/profile-pic-boy.jpg		\N	liam.bennett@horilla.com	9876540101	recruitment/resume/resume.pdf	\N	\N	\N	\N	\N	\N	male	\N	f	f	f	t	\N	0	\N	not_sent	2025-07-28	\N	703	2025-07-28 13:02:21.898856+05:30	\N	~	133	1	1	\N	1	1	1	\N	5
1	2025-06-22 14:45:26.692+05:30	t	\N	\N	f	Liam Bennett	recruitment/profile/profile-pic-boy.jpg		\N	liam.bennett@horilla.com	9876540101	recruitment/resume/resume.pdf	\N	\N	\N	\N	\N	\N	male	\N	f	f	f	t	\N	0	\N	not_sent	2025-07-29	\N	1127	2025-07-29 16:24:38.419842+05:30	\N	~	133	1	1	\N	1	1	1	\N	5
6	2025-06-22 14:58:20.41+05:30	t	\N	\N	f	Lucas Rogers	recruitment/profile/profile-pic-boy_8BU4hEF.jpg		\N	lucas.rogers@horilla.com	9876540107	recruitment/resume/resume_SjCrKeM.pdf		None	\N	None	\N	\N	male	\N	f	f	f	t	\N	0	\N	not_sent	2025-07-28	\N	705	2025-07-28 13:02:21.928021+05:30	\N	~	128	1	6	\N	3	1	2	\N	7
6	2025-06-22 14:58:20.41+05:30	t	\N	\N	f	Lucas Rogers	recruitment/profile/profile-pic-boy_8BU4hEF.jpg		\N	lucas.rogers@horilla.com	9876540107	recruitment/resume/resume_SjCrKeM.pdf		None	\N	None	\N	\N	male	\N	f	f	f	t	\N	0	\N	not_sent	2025-07-28	\N	709	2025-07-28 13:12:21.952933+05:30	\N	~	128	1	6	\N	3	1	2	\N	7
1	2025-06-22 14:45:26.692+05:30	t	\N	\N	f	Liam Bennett	recruitment/profile/profile-pic-boy.jpg		\N	liam.bennett@horilla.com	9876540101	recruitment/resume/resume.pdf	\N	\N	\N	\N	\N	\N	male	\N	f	f	f	t	\N	0	\N	not_sent	2025-07-28	\N	710	2025-07-28 13:12:21.982615+05:30	\N	~	133	1	1	\N	1	1	1	\N	5
6	2025-06-22 14:58:20.41+05:30	t	\N	\N	f	Lucas Rogers	recruitment/profile/profile-pic-boy_8BU4hEF.jpg		\N	lucas.rogers@horilla.com	9876540107	recruitment/resume/resume_SjCrKeM.pdf		None	\N	None	\N	\N	male	\N	f	f	f	t	\N	0	\N	not_sent	2025-07-29	\N	1128	2025-07-29 16:24:38.440098+05:30	\N	~	128	1	6	\N	3	1	2	\N	7
18	2025-07-24 15:26:55.605574+05:30	t	\N	\N	f	Sayan Deb	https://ui-avatars.com/api/?name=Sayan Deb		\N	sayan@yopmail.com	+9187657656	recruitment/resume/security_report (12).pdf	3/6 Kolkata	India	\N	West Bengal	Kolkata	700102	male	\N	f	f	f	t	\N	0	\N	not_sent	2025-07-29	\N	1129	2025-07-29 16:24:38.454498+05:30	\N	~	\N	1	18	\N	1	1	1	\N	1
6	2025-06-22 14:58:20.41+05:30	t	\N	\N	f	Lucas Rogers	recruitment/profile/profile-pic-boy_8BU4hEF.jpg		\N	lucas.rogers@horilla.com	9876540107	recruitment/resume/resume_SjCrKeM.pdf		None	\N	None	\N	\N	male	\N	f	f	f	t	\N	0	\N	not_sent	2025-07-28	\N	716	2025-07-28 13:22:21.961063+05:30	\N	~	128	1	6	\N	3	1	2	\N	7
1	2025-06-22 14:45:26.692+05:30	t	\N	\N	f	Liam Bennett	recruitment/profile/profile-pic-boy.jpg		\N	liam.bennett@horilla.com	9876540101	recruitment/resume/resume.pdf	\N	\N	\N	\N	\N	\N	male	\N	f	f	f	t	\N	0	\N	not_sent	2025-07-28	\N	717	2025-07-28 13:22:21.978211+05:30	\N	~	133	1	1	\N	1	1	1	\N	5
6	2025-06-22 14:58:20.41+05:30	t	\N	\N	f	Lucas Rogers	recruitment/profile/profile-pic-boy_8BU4hEF.jpg		\N	lucas.rogers@horilla.com	9876540107	recruitment/resume/resume_SjCrKeM.pdf		None	\N	None	\N	\N	male	\N	f	f	f	t	\N	0	\N	not_sent	2025-07-28	\N	721	2025-07-28 13:32:21.898813+05:30	\N	~	128	1	6	\N	3	1	2	\N	7
1	2025-06-22 14:45:26.692+05:30	t	\N	\N	f	Liam Bennett	recruitment/profile/profile-pic-boy.jpg		\N	liam.bennett@horilla.com	9876540101	recruitment/resume/resume.pdf	\N	\N	\N	\N	\N	\N	male	\N	f	f	f	t	\N	0	\N	not_sent	2025-07-28	\N	722	2025-07-28 13:32:21.914858+05:30	\N	~	133	1	1	\N	1	1	1	\N	5
6	2025-06-22 14:58:20.41+05:30	t	\N	\N	f	Lucas Rogers	recruitment/profile/profile-pic-boy_8BU4hEF.jpg		\N	lucas.rogers@horilla.com	9876540107	recruitment/resume/resume_SjCrKeM.pdf		None	\N	None	\N	\N	male	\N	f	f	f	t	\N	0	\N	not_sent	2025-07-29	\N	1130	2025-07-29 16:29:38.376219+05:30	\N	~	128	1	6	\N	3	1	2	\N	7
1	2025-06-22 14:45:26.692+05:30	t	\N	\N	f	Liam Bennett	recruitment/profile/profile-pic-boy.jpg		\N	liam.bennett@horilla.com	9876540101	recruitment/resume/resume.pdf	\N	\N	\N	\N	\N	\N	male	\N	f	f	f	t	\N	0	\N	not_sent	2025-07-28	\N	727	2025-07-28 13:42:21.902031+05:30	\N	~	133	1	1	\N	1	1	1	\N	5
18	2025-07-24 15:26:55.605574+05:30	t	\N	\N	f	Sayan Deb	https://ui-avatars.com/api/?name=Sayan Deb		\N	sayan@yopmail.com	+9187657656	recruitment/resume/security_report (12).pdf	3/6 Kolkata	India	\N	West Bengal	Kolkata	700102	male	\N	f	f	f	t	\N	0	\N	not_sent	2025-07-29	\N	1131	2025-07-29 16:29:38.38846+05:30	\N	~	\N	1	18	\N	1	1	1	\N	1
6	2025-06-22 14:58:20.41+05:30	t	\N	\N	f	Lucas Rogers	recruitment/profile/profile-pic-boy_8BU4hEF.jpg		\N	lucas.rogers@horilla.com	9876540107	recruitment/resume/resume_SjCrKeM.pdf		None	\N	None	\N	\N	male	\N	f	f	f	t	\N	0	\N	not_sent	2025-07-28	\N	729	2025-07-28 13:42:21.930209+05:30	\N	~	128	1	6	\N	3	1	2	\N	7
1	2025-06-22 14:45:26.692+05:30	t	\N	\N	f	Liam Bennett	recruitment/profile/profile-pic-boy.jpg		\N	liam.bennett@horilla.com	9876540101	recruitment/resume/resume.pdf	\N	\N	\N	\N	\N	\N	male	\N	f	f	f	t	\N	0	\N	not_sent	2025-07-29	\N	1132	2025-07-29 16:29:38.402644+05:30	\N	~	133	1	1	\N	1	1	1	\N	5
6	2025-06-22 14:58:20.41+05:30	t	\N	\N	f	Lucas Rogers	recruitment/profile/profile-pic-boy_8BU4hEF.jpg		\N	lucas.rogers@horilla.com	9876540107	recruitment/resume/resume_SjCrKeM.pdf		None	\N	None	\N	\N	male	\N	f	f	f	t	\N	0	\N	not_sent	2025-07-28	\N	689	2025-07-28 12:37:22.066081+05:30	\N	~	128	1	6	\N	3	1	2	\N	7
22	2025-07-29 16:30:27.378138+05:30	t	\N	\N	f	Anil Sharma	recruitment/profile/Anil_Sharma_Members.PNG_4bb52ea9-6133-4f6e-81ee-d205df0bf012.PNG		\N	sharmaanil@gmail.com	8790231298	recruitment/resume/index-only (1).pdf	kolkata	India	\N	West Bengal	Kolkata	711321	male	\N	f	f	f	f	\N	0	\N	not_sent	2025-07-29	\N	1133	2025-07-29 16:30:27.380149+05:30	\N	+	\N	1	22	1	16	1	7	\N	14
6	2025-06-22 14:58:20.41+05:30	t	\N	\N	f	Lucas Rogers	recruitment/profile/profile-pic-boy_8BU4hEF.jpg		\N	lucas.rogers@horilla.com	9876540107	recruitment/resume/resume_SjCrKeM.pdf		None	\N	None	\N	\N	male	\N	f	f	f	t	\N	0	\N	not_sent	2025-07-28	\N	694	2025-07-28 12:47:21.94724+05:30	\N	~	128	1	6	\N	3	1	2	\N	7
1	2025-06-22 14:45:26.692+05:30	t	\N	\N	f	Liam Bennett	recruitment/profile/profile-pic-boy.jpg		\N	liam.bennett@horilla.com	9876540101	recruitment/resume/resume.pdf	\N	\N	\N	\N	\N	\N	male	\N	f	f	f	t	\N	0	\N	not_sent	2025-07-28	\N	696	2025-07-28 12:47:21.981625+05:30	\N	~	133	1	1	\N	1	1	1	\N	5
1	2025-06-22 14:45:26.692+05:30	t	\N	\N	f	Liam Bennett	recruitment/profile/profile-pic-boy.jpg		\N	liam.bennett@horilla.com	9876540101	recruitment/resume/resume.pdf	\N	\N	\N	\N	\N	\N	male	\N	f	f	f	t	\N	0	\N	not_sent	2025-07-28	\N	701	2025-07-28 12:57:21.913568+05:30	\N	~	133	1	1	\N	1	1	1	\N	5
6	2025-06-22 14:58:20.41+05:30	t	\N	\N	f	Lucas Rogers	recruitment/profile/profile-pic-boy_8BU4hEF.jpg		\N	lucas.rogers@horilla.com	9876540107	recruitment/resume/resume_SjCrKeM.pdf		None	\N	None	\N	\N	male	\N	f	f	f	t	\N	0	\N	not_sent	2025-07-28	\N	702	2025-07-28 12:57:21.92851+05:30	\N	~	128	1	6	\N	3	1	2	\N	7
1	2025-06-22 14:45:26.692+05:30	t	\N	\N	f	Liam Bennett	recruitment/profile/profile-pic-boy.jpg		\N	liam.bennett@horilla.com	9876540101	recruitment/resume/resume.pdf	\N	\N	\N	\N	\N	\N	male	\N	f	f	f	t	\N	0	\N	not_sent	2025-07-28	\N	706	2025-07-28 13:07:21.951444+05:30	\N	~	133	1	1	\N	1	1	1	\N	5
6	2025-06-22 14:58:20.41+05:30	t	\N	\N	f	Lucas Rogers	recruitment/profile/profile-pic-boy_8BU4hEF.jpg		\N	lucas.rogers@horilla.com	9876540107	recruitment/resume/resume_SjCrKeM.pdf		None	\N	None	\N	\N	male	\N	f	f	f	t	\N	0	\N	not_sent	2025-07-28	\N	707	2025-07-28 13:07:21.986529+05:30	\N	~	128	1	6	\N	3	1	2	\N	7
1	2025-06-22 14:45:26.692+05:30	t	\N	\N	f	Liam Bennett	recruitment/profile/profile-pic-boy.jpg		\N	liam.bennett@horilla.com	9876540101	recruitment/resume/resume.pdf	\N	\N	\N	\N	\N	\N	male	\N	f	f	f	t	\N	0	\N	not_sent	2025-07-28	\N	712	2025-07-28 13:17:21.901764+05:30	\N	~	133	1	1	\N	1	1	1	\N	5
6	2025-06-22 14:58:20.41+05:30	t	\N	\N	f	Lucas Rogers	recruitment/profile/profile-pic-boy_8BU4hEF.jpg		\N	lucas.rogers@horilla.com	9876540107	recruitment/resume/resume_SjCrKeM.pdf		None	\N	None	\N	\N	male	\N	f	f	f	t	\N	0	\N	not_sent	2025-07-28	\N	713	2025-07-28 13:17:21.918384+05:30	\N	~	128	1	6	\N	3	1	2	\N	7
6	2025-06-22 14:58:20.41+05:30	t	\N	\N	f	Lucas Rogers	recruitment/profile/profile-pic-boy_8BU4hEF.jpg		\N	lucas.rogers@horilla.com	9876540107	recruitment/resume/resume_SjCrKeM.pdf		None	\N	None	\N	\N	male	\N	f	f	f	t	\N	0	\N	not_sent	2025-07-28	\N	718	2025-07-28 13:27:21.900073+05:30	\N	~	128	1	6	\N	3	1	2	\N	7
1	2025-06-22 14:45:26.692+05:30	t	\N	\N	f	Liam Bennett	recruitment/profile/profile-pic-boy.jpg		\N	liam.bennett@horilla.com	9876540101	recruitment/resume/resume.pdf	\N	\N	\N	\N	\N	\N	male	\N	f	f	f	t	\N	0	\N	not_sent	2025-07-28	\N	720	2025-07-28 13:27:21.92849+05:30	\N	~	133	1	1	\N	1	1	1	\N	5
1	2025-06-22 14:45:26.692+05:30	t	\N	\N	f	Liam Bennett	recruitment/profile/profile-pic-boy.jpg		\N	liam.bennett@horilla.com	9876540101	recruitment/resume/resume.pdf	\N	\N	\N	\N	\N	\N	male	\N	f	f	f	t	\N	0	\N	not_sent	2025-07-28	\N	725	2025-07-28 13:37:21.924945+05:30	\N	~	133	1	1	\N	1	1	1	\N	5
6	2025-06-22 14:58:20.41+05:30	t	\N	\N	f	Lucas Rogers	recruitment/profile/profile-pic-boy_8BU4hEF.jpg		\N	lucas.rogers@horilla.com	9876540107	recruitment/resume/resume_SjCrKeM.pdf		None	\N	None	\N	\N	male	\N	f	f	f	t	\N	0	\N	not_sent	2025-07-28	\N	726	2025-07-28 13:37:21.947963+05:30	\N	~	128	1	6	\N	3	1	2	\N	7
1	2025-06-22 14:45:26.692+05:30	t	\N	\N	f	Liam Bennett	recruitment/profile/profile-pic-boy.jpg		\N	liam.bennett@horilla.com	9876540101	recruitment/resume/resume.pdf	\N	\N	\N	\N	\N	\N	male	\N	f	f	f	t	\N	0	\N	not_sent	2025-07-28	\N	730	2025-07-28 13:47:21.951944+05:30	\N	~	133	1	1	\N	1	1	1	\N	5
6	2025-06-22 14:58:20.41+05:30	t	\N	\N	f	Lucas Rogers	recruitment/profile/profile-pic-boy_8BU4hEF.jpg		\N	lucas.rogers@horilla.com	9876540107	recruitment/resume/resume_SjCrKeM.pdf		None	\N	None	\N	\N	male	\N	f	f	f	t	\N	0	\N	not_sent	2025-07-28	\N	731	2025-07-28 13:47:22.014491+05:30	\N	~	128	1	6	\N	3	1	2	\N	7
1	2025-06-22 14:45:26.692+05:30	t	\N	\N	f	Liam Bennett	recruitment/profile/profile-pic-boy.jpg		\N	liam.bennett@horilla.com	9876540101	recruitment/resume/resume.pdf	\N	\N	\N	\N	\N	\N	male	\N	f	f	f	t	\N	0	\N	not_sent	2025-07-28	\N	736	2025-07-28 13:57:21.952916+05:30	\N	~	133	1	1	\N	1	1	1	\N	5
6	2025-06-22 14:58:20.41+05:30	t	\N	\N	f	Lucas Rogers	recruitment/profile/profile-pic-boy_8BU4hEF.jpg		\N	lucas.rogers@horilla.com	9876540107	recruitment/resume/resume_SjCrKeM.pdf		None	\N	None	\N	\N	male	\N	f	f	f	t	\N	0	\N	not_sent	2025-07-28	\N	737	2025-07-28 13:57:21.979943+05:30	\N	~	128	1	6	\N	3	1	2	\N	7
6	2025-06-22 14:58:20.41+05:30	t	\N	\N	f	Lucas Rogers	recruitment/profile/profile-pic-boy_8BU4hEF.jpg		\N	lucas.rogers@horilla.com	9876540107	recruitment/resume/resume_SjCrKeM.pdf		None	\N	None	\N	\N	male	\N	f	f	f	t	\N	0	\N	not_sent	2025-07-28	\N	733	2025-07-28 13:52:21.9471+05:30	\N	~	128	1	6	\N	3	1	2	\N	7
1	2025-06-22 14:45:26.692+05:30	t	\N	\N	f	Liam Bennett	recruitment/profile/profile-pic-boy.jpg		\N	liam.bennett@horilla.com	9876540101	recruitment/resume/resume.pdf	\N	\N	\N	\N	\N	\N	male	\N	f	f	f	t	\N	0	\N	not_sent	2025-07-28	\N	734	2025-07-28 13:52:21.970082+05:30	\N	~	133	1	1	\N	1	1	1	\N	5
6	2025-06-22 14:58:20.41+05:30	t	\N	\N	f	Lucas Rogers	recruitment/profile/profile-pic-boy_8BU4hEF.jpg		\N	lucas.rogers@horilla.com	9876540107	recruitment/resume/resume_SjCrKeM.pdf		None	\N	None	\N	\N	male	\N	f	f	f	t	\N	0	\N	not_sent	2025-07-29	\N	1134	2025-07-29 16:34:38.375629+05:30	\N	~	128	1	6	\N	3	1	2	\N	7
1	2025-06-22 14:45:26.692+05:30	t	\N	\N	f	Liam Bennett	recruitment/profile/profile-pic-boy.jpg		\N	liam.bennett@horilla.com	9876540101	recruitment/resume/resume.pdf	\N	\N	\N	\N	\N	\N	male	\N	f	f	f	t	\N	0	\N	not_sent	2025-07-29	\N	1135	2025-07-29 16:34:38.39206+05:30	\N	~	133	1	1	\N	1	1	1	\N	5
6	2025-06-22 14:58:20.41+05:30	t	\N	\N	f	Lucas Rogers	recruitment/profile/profile-pic-boy_8BU4hEF.jpg		\N	lucas.rogers@horilla.com	9876540107	recruitment/resume/resume_SjCrKeM.pdf		None	\N	None	\N	\N	male	\N	f	f	f	t	\N	0	\N	not_sent	2025-07-28	\N	740	2025-07-28 14:02:21.965356+05:30	\N	~	128	1	6	\N	3	1	2	\N	7
1	2025-06-22 14:45:26.692+05:30	t	\N	\N	f	Liam Bennett	recruitment/profile/profile-pic-boy.jpg		\N	liam.bennett@horilla.com	9876540101	recruitment/resume/resume.pdf	\N	\N	\N	\N	\N	\N	male	\N	f	f	f	t	\N	0	\N	not_sent	2025-07-28	\N	741	2025-07-28 14:02:21.980716+05:30	\N	~	133	1	1	\N	1	1	1	\N	5
6	2025-06-22 14:58:20.41+05:30	t	\N	\N	f	Lucas Rogers	recruitment/profile/profile-pic-boy_8BU4hEF.jpg		\N	lucas.rogers@horilla.com	9876540107	recruitment/resume/resume_SjCrKeM.pdf		None	\N	None	\N	\N	male	\N	f	f	f	t	\N	0	\N	not_sent	2025-07-28	\N	745	2025-07-28 14:12:21.943703+05:30	\N	~	128	1	6	\N	3	1	2	\N	7
1	2025-06-22 14:45:26.692+05:30	t	\N	\N	f	Liam Bennett	recruitment/profile/profile-pic-boy.jpg		\N	liam.bennett@horilla.com	9876540101	recruitment/resume/resume.pdf	\N	\N	\N	\N	\N	\N	male	\N	f	f	f	t	\N	0	\N	not_sent	2025-07-28	\N	746	2025-07-28 14:12:21.963178+05:30	\N	~	133	1	1	\N	1	1	1	\N	5
18	2025-07-24 15:26:55.605574+05:30	t	\N	\N	f	Sayan Deb	https://ui-avatars.com/api/?name=Sayan Deb		\N	sayan@yopmail.com	+9187657656	recruitment/resume/security_report (12).pdf	3/6 Kolkata	India	\N	West Bengal	Kolkata	700102	male	\N	f	f	f	t	\N	0	\N	not_sent	2025-07-29	\N	1136	2025-07-29 16:34:38.407647+05:30	\N	~	\N	1	18	\N	1	1	1	\N	1
1	2025-06-22 14:45:26.692+05:30	t	\N	\N	f	Liam Bennett	recruitment/profile/profile-pic-boy.jpg		\N	liam.bennett@horilla.com	9876540101	recruitment/resume/resume.pdf	\N	\N	\N	\N	\N	\N	male	\N	f	f	f	t	\N	0	\N	not_sent	2025-07-28	\N	751	2025-07-28 14:22:21.915537+05:30	\N	~	133	1	1	\N	1	1	1	\N	5
6	2025-06-22 14:58:20.41+05:30	t	\N	\N	f	Lucas Rogers	recruitment/profile/profile-pic-boy_8BU4hEF.jpg		\N	lucas.rogers@horilla.com	9876540107	recruitment/resume/resume_SjCrKeM.pdf		None	\N	None	\N	\N	male	\N	f	f	f	t	\N	0	\N	not_sent	2025-07-29	\N	1137	2025-07-29 16:39:38.414132+05:30	\N	~	128	1	6	\N	3	1	2	\N	7
6	2025-06-22 14:58:20.41+05:30	t	\N	\N	f	Lucas Rogers	recruitment/profile/profile-pic-boy_8BU4hEF.jpg		\N	lucas.rogers@horilla.com	9876540107	recruitment/resume/resume_SjCrKeM.pdf		None	\N	None	\N	\N	male	\N	f	f	f	t	\N	0	\N	not_sent	2025-07-28	\N	753	2025-07-28 14:22:21.968761+05:30	\N	~	128	1	6	\N	3	1	2	\N	7
6	2025-06-22 14:58:20.41+05:30	t	\N	\N	f	Lucas Rogers	recruitment/profile/profile-pic-boy_8BU4hEF.jpg		\N	lucas.rogers@horilla.com	9876540107	recruitment/resume/resume_SjCrKeM.pdf		None	\N	None	\N	\N	male	\N	f	f	f	t	\N	0	\N	not_sent	2025-07-28	\N	757	2025-07-28 14:32:21.943685+05:30	\N	~	128	1	6	\N	3	1	2	\N	7
1	2025-06-22 14:45:26.692+05:30	t	\N	\N	f	Liam Bennett	recruitment/profile/profile-pic-boy.jpg		\N	liam.bennett@horilla.com	9876540101	recruitment/resume/resume.pdf	\N	\N	\N	\N	\N	\N	male	\N	f	f	f	t	\N	0	\N	not_sent	2025-07-28	\N	758	2025-07-28 14:32:21.966283+05:30	\N	~	133	1	1	\N	1	1	1	\N	5
1	2025-06-22 14:45:26.692+05:30	t	\N	\N	f	Liam Bennett	recruitment/profile/profile-pic-boy.jpg		\N	liam.bennett@horilla.com	9876540101	recruitment/resume/resume.pdf	\N	\N	\N	\N	\N	\N	male	\N	f	f	f	t	\N	0	\N	not_sent	2025-07-29	\N	1138	2025-07-29 16:39:38.432342+05:30	\N	~	133	1	1	\N	1	1	1	\N	5
18	2025-07-24 15:26:55.605574+05:30	t	\N	\N	f	Sayan Deb	https://ui-avatars.com/api/?name=Sayan Deb		\N	sayan@yopmail.com	+9187657656	recruitment/resume/security_report (12).pdf	3/6 Kolkata	India	\N	West Bengal	Kolkata	700102	male	\N	f	f	f	t	\N	0	\N	not_sent	2025-07-29	\N	1139	2025-07-29 16:39:38.44343+05:30	\N	~	\N	1	18	\N	1	1	1	\N	1
18	2025-07-24 15:26:55.605574+05:30	t	\N	\N	f	Sayan Deb	https://ui-avatars.com/api/?name=Sayan Deb		\N	sayan@yopmail.com	+9187657656	recruitment/resume/security_report (12).pdf	3/6 Kolkata	India	\N	West Bengal	Kolkata	700102	male	\N	f	f	f	t	\N	0	\N	not_sent	2025-07-29	\N	1140	2025-07-29 16:44:38.372684+05:30	\N	~	\N	1	18	\N	1	1	1	\N	1
6	2025-06-22 14:58:20.41+05:30	t	\N	\N	f	Lucas Rogers	recruitment/profile/profile-pic-boy_8BU4hEF.jpg		\N	lucas.rogers@horilla.com	9876540107	recruitment/resume/resume_SjCrKeM.pdf		None	\N	None	\N	\N	male	\N	f	f	f	t	\N	0	\N	not_sent	2025-07-29	\N	1141	2025-07-29 16:44:38.388138+05:30	\N	~	128	1	6	\N	3	1	2	\N	7
1	2025-06-22 14:45:26.692+05:30	t	\N	\N	f	Liam Bennett	recruitment/profile/profile-pic-boy.jpg		\N	liam.bennett@horilla.com	9876540101	recruitment/resume/resume.pdf	\N	\N	\N	\N	\N	\N	male	\N	f	f	f	t	\N	0	\N	not_sent	2025-07-29	\N	1142	2025-07-29 16:44:38.40254+05:30	\N	~	133	1	1	\N	1	1	1	\N	5
18	2025-07-24 15:26:55.605574+05:30	t	\N	\N	f	Sayan Deb	https://ui-avatars.com/api/?name=Sayan Deb		\N	sayan@yopmail.com	+9187657656	recruitment/resume/security_report (12).pdf	3/6 Kolkata	India	\N	West Bengal	Kolkata	700102	male	\N	f	f	f	t	\N	0	\N	not_sent	2025-07-29	\N	1143	2025-07-29 16:49:38.423764+05:30	\N	~	\N	1	18	\N	1	1	1	\N	1
6	2025-06-22 14:58:20.41+05:30	t	\N	\N	f	Lucas Rogers	recruitment/profile/profile-pic-boy_8BU4hEF.jpg		\N	lucas.rogers@horilla.com	9876540107	recruitment/resume/resume_SjCrKeM.pdf		None	\N	None	\N	\N	male	\N	f	f	f	t	\N	0	\N	not_sent	2025-07-29	\N	1144	2025-07-29 16:49:38.477018+05:30	\N	~	128	1	6	\N	3	1	2	\N	7
1	2025-06-22 14:45:26.692+05:30	t	\N	\N	f	Liam Bennett	recruitment/profile/profile-pic-boy.jpg		\N	liam.bennett@horilla.com	9876540101	recruitment/resume/resume.pdf	\N	\N	\N	\N	\N	\N	male	\N	f	f	f	t	\N	0	\N	not_sent	2025-07-29	\N	1145	2025-07-29 16:49:38.497563+05:30	\N	~	133	1	1	\N	1	1	1	\N	5
1	2025-06-22 14:45:26.692+05:30	t	\N	\N	f	Liam Bennett	recruitment/profile/profile-pic-boy.jpg		\N	liam.bennett@horilla.com	9876540101	recruitment/resume/resume.pdf	\N	\N	\N	\N	\N	\N	male	\N	f	f	f	t	\N	0	\N	not_sent	2025-07-29	\N	1146	2025-07-29 16:54:38.419472+05:30	\N	~	133	1	1	\N	1	1	1	\N	5
18	2025-07-24 15:26:55.605574+05:30	t	\N	\N	f	Sayan Deb	https://ui-avatars.com/api/?name=Sayan Deb		\N	sayan@yopmail.com	+9187657656	recruitment/resume/security_report (12).pdf	3/6 Kolkata	India	\N	West Bengal	Kolkata	700102	male	\N	f	f	f	t	\N	0	\N	not_sent	2025-07-29	\N	1147	2025-07-29 16:54:38.436718+05:30	\N	~	\N	1	18	\N	1	1	1	\N	1
6	2025-06-22 14:58:20.41+05:30	t	\N	\N	f	Lucas Rogers	recruitment/profile/profile-pic-boy_8BU4hEF.jpg		\N	lucas.rogers@horilla.com	9876540107	recruitment/resume/resume_SjCrKeM.pdf		None	\N	None	\N	\N	male	\N	f	f	f	t	\N	0	\N	not_sent	2025-07-29	\N	1148	2025-07-29 16:54:38.457653+05:30	\N	~	128	1	6	\N	3	1	2	\N	7
6	2025-06-22 14:58:20.41+05:30	t	\N	\N	f	Lucas Rogers	recruitment/profile/profile-pic-boy_8BU4hEF.jpg		\N	lucas.rogers@horilla.com	9876540107	recruitment/resume/resume_SjCrKeM.pdf		None	\N	None	\N	\N	male	\N	f	f	f	t	\N	0	\N	not_sent	2025-07-29	\N	1152	2025-07-29 17:04:38.386456+05:30	\N	~	128	1	6	\N	3	1	2	\N	7
1	2025-06-22 14:45:26.692+05:30	t	\N	\N	f	Liam Bennett	recruitment/profile/profile-pic-boy.jpg		\N	liam.bennett@horilla.com	9876540101	recruitment/resume/resume.pdf	\N	\N	\N	\N	\N	\N	male	\N	f	f	f	t	\N	0	\N	not_sent	2025-07-29	\N	1153	2025-07-29 17:04:38.409312+05:30	\N	~	133	1	1	\N	1	1	1	\N	5
6	2025-06-22 14:58:20.41+05:30	t	\N	\N	f	Lucas Rogers	recruitment/profile/profile-pic-boy_8BU4hEF.jpg		\N	lucas.rogers@horilla.com	9876540107	recruitment/resume/resume_SjCrKeM.pdf		None	\N	None	\N	\N	male	\N	f	f	f	t	\N	0	\N	not_sent	2025-07-28	\N	742	2025-07-28 14:07:21.942875+05:30	\N	~	128	1	6	\N	3	1	2	\N	7
1	2025-06-22 14:45:26.692+05:30	t	\N	\N	f	Liam Bennett	recruitment/profile/profile-pic-boy.jpg		\N	liam.bennett@horilla.com	9876540101	recruitment/resume/resume.pdf	\N	\N	\N	\N	\N	\N	male	\N	f	f	f	t	\N	0	\N	not_sent	2025-07-29	\N	1149	2025-07-29 16:59:38.38071+05:30	\N	~	133	1	1	\N	1	1	1	\N	5
1	2025-06-22 14:45:26.692+05:30	t	\N	\N	f	Liam Bennett	recruitment/profile/profile-pic-boy.jpg		\N	liam.bennett@horilla.com	9876540101	recruitment/resume/resume.pdf	\N	\N	\N	\N	\N	\N	male	\N	f	f	f	t	\N	0	\N	not_sent	2025-07-28	\N	744	2025-07-28 14:07:21.984913+05:30	\N	~	133	1	1	\N	1	1	1	\N	5
18	2025-07-24 15:26:55.605574+05:30	t	\N	\N	f	Sayan Deb	https://ui-avatars.com/api/?name=Sayan Deb		\N	sayan@yopmail.com	+9187657656	recruitment/resume/security_report (12).pdf	3/6 Kolkata	India	\N	West Bengal	Kolkata	700102	male	\N	f	f	f	t	\N	0	\N	not_sent	2025-07-29	\N	1150	2025-07-29 16:59:38.394324+05:30	\N	~	\N	1	18	\N	1	1	1	\N	1
1	2025-06-22 14:45:26.692+05:30	t	\N	\N	f	Liam Bennett	recruitment/profile/profile-pic-boy.jpg		\N	liam.bennett@horilla.com	9876540101	recruitment/resume/resume.pdf	\N	\N	\N	\N	\N	\N	male	\N	f	f	f	t	\N	0	\N	not_sent	2025-07-28	\N	749	2025-07-28 14:17:21.95755+05:30	\N	~	133	1	1	\N	1	1	1	\N	5
6	2025-06-22 14:58:20.41+05:30	t	\N	\N	f	Lucas Rogers	recruitment/profile/profile-pic-boy_8BU4hEF.jpg		\N	lucas.rogers@horilla.com	9876540107	recruitment/resume/resume_SjCrKeM.pdf		None	\N	None	\N	\N	male	\N	f	f	f	t	\N	0	\N	not_sent	2025-07-28	\N	750	2025-07-28 14:17:21.972222+05:30	\N	~	128	1	6	\N	3	1	2	\N	7
1	2025-06-22 14:45:26.692+05:30	t	\N	\N	f	Liam Bennett	recruitment/profile/profile-pic-boy.jpg		\N	liam.bennett@horilla.com	9876540101	recruitment/resume/resume.pdf	\N	\N	\N	\N	\N	\N	male	\N	f	f	f	t	\N	0	\N	not_sent	2025-07-28	\N	754	2025-07-28 14:27:21.953477+05:30	\N	~	133	1	1	\N	1	1	1	\N	5
6	2025-06-22 14:58:20.41+05:30	t	\N	\N	f	Lucas Rogers	recruitment/profile/profile-pic-boy_8BU4hEF.jpg		\N	lucas.rogers@horilla.com	9876540107	recruitment/resume/resume_SjCrKeM.pdf		None	\N	None	\N	\N	male	\N	f	f	f	t	\N	0	\N	not_sent	2025-07-28	\N	755	2025-07-28 14:27:22.011696+05:30	\N	~	128	1	6	\N	3	1	2	\N	7
6	2025-06-22 14:58:20.41+05:30	t	\N	\N	f	Lucas Rogers	recruitment/profile/profile-pic-boy_8BU4hEF.jpg		\N	lucas.rogers@horilla.com	9876540107	recruitment/resume/resume_SjCrKeM.pdf		None	\N	None	\N	\N	male	\N	f	f	f	t	\N	0	\N	not_sent	2025-07-29	\N	1151	2025-07-29 16:59:38.408713+05:30	\N	~	128	1	6	\N	3	1	2	\N	7
1	2025-06-22 14:45:26.692+05:30	t	\N	\N	f	Liam Bennett	recruitment/profile/profile-pic-boy.jpg		\N	liam.bennett@horilla.com	9876540101	recruitment/resume/resume.pdf	\N	\N	\N	\N	\N	\N	male	\N	f	f	f	t	\N	0	\N	not_sent	2025-07-28	\N	760	2025-07-28 14:37:21.950413+05:30	\N	~	133	1	1	\N	1	1	1	\N	5
6	2025-06-22 14:58:20.41+05:30	t	\N	\N	f	Lucas Rogers	recruitment/profile/profile-pic-boy_8BU4hEF.jpg		\N	lucas.rogers@horilla.com	9876540107	recruitment/resume/resume_SjCrKeM.pdf		None	\N	None	\N	\N	male	\N	f	f	f	t	\N	0	\N	not_sent	2025-07-28	\N	761	2025-07-28 14:37:21.976378+05:30	\N	~	128	1	6	\N	3	1	2	\N	7
6	2025-06-22 14:58:20.41+05:30	t	\N	\N	f	Lucas Rogers	recruitment/profile/profile-pic-boy_8BU4hEF.jpg		\N	lucas.rogers@horilla.com	9876540107	recruitment/resume/resume_SjCrKeM.pdf		None	\N	None	\N	\N	male	\N	f	f	f	t	\N	0	\N	not_sent	2025-07-29	\N	1155	2025-07-29 17:09:38.411543+05:30	\N	~	128	1	6	\N	3	1	2	\N	7
18	2025-07-24 15:26:55.605574+05:30	t	\N	\N	f	Sayan Deb	https://ui-avatars.com/api/?name=Sayan Deb		\N	sayan@yopmail.com	+9187657656	recruitment/resume/security_report (12).pdf	3/6 Kolkata	India	\N	West Bengal	Kolkata	700102	male	\N	f	f	f	t	\N	0	\N	not_sent	2025-07-29	\N	1156	2025-07-29 17:09:38.444338+05:30	\N	~	\N	1	18	\N	1	1	1	\N	1
6	2025-06-22 14:58:20.41+05:30	t	\N	\N	f	Lucas Rogers	recruitment/profile/profile-pic-boy_8BU4hEF.jpg		\N	lucas.rogers@horilla.com	9876540107	recruitment/resume/resume_SjCrKeM.pdf		None	\N	None	\N	\N	male	\N	f	f	f	t	\N	0	\N	not_sent	2025-07-28	\N	764	2025-07-28 14:42:21.940341+05:30	\N	~	128	1	6	\N	3	1	2	\N	7
1	2025-06-22 14:45:26.692+05:30	t	\N	\N	f	Liam Bennett	recruitment/profile/profile-pic-boy.jpg		\N	liam.bennett@horilla.com	9876540101	recruitment/resume/resume.pdf	\N	\N	\N	\N	\N	\N	male	\N	f	f	f	t	\N	0	\N	not_sent	2025-07-28	\N	765	2025-07-28 14:42:21.971894+05:30	\N	~	133	1	1	\N	1	1	1	\N	5
6	2025-06-22 14:58:20.41+05:30	t	\N	\N	f	Lucas Rogers	recruitment/profile/profile-pic-boy_8BU4hEF.jpg		\N	lucas.rogers@horilla.com	9876540107	recruitment/resume/resume_SjCrKeM.pdf		None	\N	None	\N	\N	male	\N	f	f	f	t	\N	0	\N	not_sent	2025-07-28	\N	766	2025-07-28 14:47:21.941674+05:30	\N	~	128	1	6	\N	3	1	2	\N	7
1	2025-06-22 14:45:26.692+05:30	t	\N	\N	f	Liam Bennett	recruitment/profile/profile-pic-boy.jpg		\N	liam.bennett@horilla.com	9876540101	recruitment/resume/resume.pdf	\N	\N	\N	\N	\N	\N	male	\N	f	f	f	t	\N	0	\N	not_sent	2025-07-29	\N	1157	2025-07-29 17:09:38.477314+05:30	\N	~	133	1	1	\N	1	1	1	\N	5
1	2025-06-22 14:45:26.692+05:30	t	\N	\N	f	Liam Bennett	recruitment/profile/profile-pic-boy.jpg		\N	liam.bennett@horilla.com	9876540101	recruitment/resume/resume.pdf	\N	\N	\N	\N	\N	\N	male	\N	f	f	f	t	\N	0	\N	not_sent	2025-07-28	\N	768	2025-07-28 14:47:21.974169+05:30	\N	~	133	1	1	\N	1	1	1	\N	5
6	2025-06-22 14:58:20.41+05:30	t	\N	\N	f	Lucas Rogers	recruitment/profile/profile-pic-boy_8BU4hEF.jpg		\N	lucas.rogers@horilla.com	9876540107	recruitment/resume/resume_SjCrKeM.pdf		None	\N	None	\N	\N	male	\N	f	f	f	t	\N	0	\N	not_sent	2025-07-28	\N	769	2025-07-28 14:53:23.728499+05:30	\N	~	128	1	6	\N	3	1	2	\N	7
1	2025-06-22 14:45:26.692+05:30	t	\N	\N	f	Liam Bennett	recruitment/profile/profile-pic-boy.jpg		\N	liam.bennett@horilla.com	9876540101	recruitment/resume/resume.pdf	\N	\N	\N	\N	\N	\N	male	\N	f	f	f	t	\N	0	\N	not_sent	2025-07-28	\N	770	2025-07-28 14:53:23.751615+05:30	\N	~	133	1	1	\N	1	1	1	\N	5
6	2025-06-22 14:58:20.41+05:30	t	\N	\N	f	Lucas Rogers	recruitment/profile/profile-pic-boy_8BU4hEF.jpg		\N	lucas.rogers@horilla.com	9876540107	recruitment/resume/resume_SjCrKeM.pdf		None	\N	None	\N	\N	male	\N	f	f	f	t	\N	0	\N	not_sent	2025-07-29	\N	1161	2025-07-29 17:19:38.426647+05:30	\N	~	128	1	6	\N	3	1	2	\N	7
18	2025-07-24 15:26:55.605574+05:30	t	\N	\N	f	Sayan Deb	https://ui-avatars.com/api/?name=Sayan Deb		\N	sayan@yopmail.com	+9187657656	recruitment/resume/security_report (12).pdf	3/6 Kolkata	India	\N	West Bengal	Kolkata	700102	male	\N	f	f	f	t	\N	0	\N	not_sent	2025-07-29	\N	1162	2025-07-29 17:19:38.44523+05:30	\N	~	\N	1	18	\N	1	1	1	\N	1
1	2025-06-22 14:45:26.692+05:30	t	\N	\N	f	Liam Bennett	recruitment/profile/profile-pic-boy.jpg		\N	liam.bennett@horilla.com	9876540101	recruitment/resume/resume.pdf	\N	\N	\N	\N	\N	\N	male	\N	f	f	f	t	\N	0	\N	not_sent	2025-07-28	\N	773	2025-07-28 14:58:23.727008+05:30	\N	~	133	1	1	\N	1	1	1	\N	5
6	2025-06-22 14:58:20.41+05:30	t	\N	\N	f	Lucas Rogers	recruitment/profile/profile-pic-boy_8BU4hEF.jpg		\N	lucas.rogers@horilla.com	9876540107	recruitment/resume/resume_SjCrKeM.pdf		None	\N	None	\N	\N	male	\N	f	f	f	t	\N	0	\N	not_sent	2025-07-28	\N	774	2025-07-28 14:58:23.76+05:30	\N	~	128	1	6	\N	3	1	2	\N	7
1	2025-06-22 14:45:26.692+05:30	t	\N	\N	f	Liam Bennett	recruitment/profile/profile-pic-boy.jpg		\N	liam.bennett@horilla.com	9876540101	recruitment/resume/resume.pdf	\N	\N	\N	\N	\N	\N	male	\N	f	f	f	t	\N	0	\N	not_sent	2025-07-28	\N	775	2025-07-28 15:03:23.728253+05:30	\N	~	133	1	1	\N	1	1	1	\N	5
1	2025-06-22 14:45:26.692+05:30	t	\N	\N	f	Liam Bennett	recruitment/profile/profile-pic-boy.jpg		\N	liam.bennett@horilla.com	9876540101	recruitment/resume/resume.pdf	\N	\N	\N	\N	\N	\N	male	\N	f	f	f	t	\N	0	\N	not_sent	2025-07-29	\N	1163	2025-07-29 17:19:38.460601+05:30	\N	~	133	1	1	\N	1	1	1	\N	5
1	2025-06-22 14:45:26.692+05:30	t	\N	\N	f	Liam Bennett	recruitment/profile/profile-pic-boy.jpg		\N	liam.bennett@horilla.com	9876540101	recruitment/resume/resume.pdf	\N	\N	\N	\N	\N	\N	male	\N	f	f	f	t	\N	0	\N	not_sent	2025-07-28	\N	808	2025-07-28 16:00:34.294066+05:30	\N	~	133	1	1	\N	1	1	1	\N	5
6	2025-06-22 14:58:20.41+05:30	t	\N	\N	f	Lucas Rogers	recruitment/profile/profile-pic-boy_8BU4hEF.jpg		\N	lucas.rogers@horilla.com	9876540107	recruitment/resume/resume_SjCrKeM.pdf		None	\N	None	\N	\N	male	\N	f	f	f	t	\N	0	\N	not_sent	2025-07-28	\N	777	2025-07-28 15:03:23.765687+05:30	\N	~	128	1	6	\N	3	1	2	\N	7
1	2025-06-22 14:45:26.692+05:30	t	\N	\N	f	Liam Bennett	recruitment/profile/profile-pic-boy.jpg		\N	liam.bennett@horilla.com	9876540101	recruitment/resume/resume.pdf	\N	\N	\N	\N	\N	\N	male	\N	f	f	f	t	\N	0	\N	not_sent	2025-07-28	\N	778	2025-07-28 15:08:23.728123+05:30	\N	~	133	1	1	\N	1	1	1	\N	5
6	2025-06-22 14:58:20.41+05:30	t	\N	\N	f	Lucas Rogers	recruitment/profile/profile-pic-boy_8BU4hEF.jpg		\N	lucas.rogers@horilla.com	9876540107	recruitment/resume/resume_SjCrKeM.pdf		None	\N	None	\N	\N	male	\N	f	f	f	t	\N	0	\N	not_sent	2025-07-28	\N	779	2025-07-28 15:08:23.750988+05:30	\N	~	128	1	6	\N	3	1	2	\N	7
18	2025-07-24 15:26:55.605574+05:30	t	\N	\N	f	Sayan Deb	https://ui-avatars.com/api/?name=Sayan Deb		\N	sayan@yopmail.com	+9187657656	recruitment/resume/security_report (12).pdf	3/6 Kolkata	India	\N	West Bengal	Kolkata	700102	male	\N	f	f	f	t	\N	0	\N	not_sent	2025-07-29	\N	1154	2025-07-29 17:04:38.426963+05:30	\N	~	\N	1	18	\N	1	1	1	\N	1
6	2025-06-22 14:58:20.41+05:30	t	\N	\N	f	Lucas Rogers	recruitment/profile/profile-pic-boy_8BU4hEF.jpg		\N	lucas.rogers@horilla.com	9876540107	recruitment/resume/resume_SjCrKeM.pdf		None	\N	None	\N	\N	male	\N	f	f	f	t	\N	0	\N	not_sent	2025-07-28	\N	781	2025-07-28 15:13:23.734429+05:30	\N	~	128	1	6	\N	3	1	2	\N	7
1	2025-06-22 14:45:26.692+05:30	t	\N	\N	f	Liam Bennett	recruitment/profile/profile-pic-boy.jpg		\N	liam.bennett@horilla.com	9876540101	recruitment/resume/resume.pdf	\N	\N	\N	\N	\N	\N	male	\N	f	f	f	t	\N	0	\N	not_sent	2025-07-28	\N	782	2025-07-28 15:13:23.788466+05:30	\N	~	133	1	1	\N	1	1	1	\N	5
18	2025-07-24 15:26:55.605574+05:30	t	\N	\N	f	Sayan Deb	https://ui-avatars.com/api/?name=Sayan Deb		\N	sayan@yopmail.com	+9187657656	recruitment/resume/security_report (12).pdf	3/6 Kolkata	India	\N	West Bengal	Kolkata	700102	male	\N	f	f	f	t	\N	0	\N	not_sent	2025-07-29	\N	1158	2025-07-29 17:14:38.41646+05:30	\N	~	\N	1	18	\N	1	1	1	\N	1
1	2025-06-22 14:45:26.692+05:30	t	\N	\N	f	Liam Bennett	recruitment/profile/profile-pic-boy.jpg		\N	liam.bennett@horilla.com	9876540101	recruitment/resume/resume.pdf	\N	\N	\N	\N	\N	\N	male	\N	f	f	f	t	\N	0	\N	not_sent	2025-07-28	\N	784	2025-07-28 15:18:23.729699+05:30	\N	~	133	1	1	\N	1	1	1	\N	5
6	2025-06-22 14:58:20.41+05:30	t	\N	\N	f	Lucas Rogers	recruitment/profile/profile-pic-boy_8BU4hEF.jpg		\N	lucas.rogers@horilla.com	9876540107	recruitment/resume/resume_SjCrKeM.pdf		None	\N	None	\N	\N	male	\N	f	f	f	t	\N	0	\N	not_sent	2025-07-28	\N	785	2025-07-28 15:18:23.768308+05:30	\N	~	128	1	6	\N	3	1	2	\N	7
1	2025-06-22 14:45:26.692+05:30	t	\N	\N	f	Liam Bennett	recruitment/profile/profile-pic-boy.jpg		\N	liam.bennett@horilla.com	9876540101	recruitment/resume/resume.pdf	\N	\N	\N	\N	\N	\N	male	\N	f	f	f	t	\N	0	\N	not_sent	2025-07-29	\N	1159	2025-07-29 17:14:38.443363+05:30	\N	~	133	1	1	\N	1	1	1	\N	5
6	2025-06-22 14:58:20.41+05:30	t	\N	\N	f	Lucas Rogers	recruitment/profile/profile-pic-boy_8BU4hEF.jpg		\N	lucas.rogers@horilla.com	9876540107	recruitment/resume/resume_SjCrKeM.pdf		None	\N	None	\N	\N	male	\N	f	f	f	t	\N	0	\N	not_sent	2025-07-29	\N	1160	2025-07-29 17:14:38.467683+05:30	\N	~	128	1	6	\N	3	1	2	\N	7
6	2025-06-22 14:58:20.41+05:30	t	\N	\N	f	Lucas Rogers	recruitment/profile/profile-pic-boy_8BU4hEF.jpg		\N	lucas.rogers@horilla.com	9876540107	recruitment/resume/resume_SjCrKeM.pdf		None	\N	None	\N	\N	male	\N	f	f	f	t	\N	0	\N	not_sent	2025-07-28	\N	788	2025-07-28 15:23:23.758732+05:30	\N	~	128	1	6	\N	3	1	2	\N	7
1	2025-06-22 14:45:26.692+05:30	t	\N	\N	f	Liam Bennett	recruitment/profile/profile-pic-boy.jpg		\N	liam.bennett@horilla.com	9876540101	recruitment/resume/resume.pdf	\N	\N	\N	\N	\N	\N	male	\N	f	f	f	t	\N	0	\N	not_sent	2025-07-28	\N	789	2025-07-28 15:23:23.775568+05:30	\N	~	133	1	1	\N	1	1	1	\N	5
6	2025-06-22 14:58:20.41+05:30	t	\N	\N	f	Lucas Rogers	recruitment/profile/profile-pic-boy_8BU4hEF.jpg		\N	lucas.rogers@horilla.com	9876540107	recruitment/resume/resume_SjCrKeM.pdf		None	\N	None	\N	\N	male	\N	f	f	f	t	\N	0	\N	not_sent	2025-07-28	\N	790	2025-07-28 15:28:23.726806+05:30	\N	~	128	1	6	\N	3	1	2	\N	7
18	2025-07-24 15:26:55.605574+05:30	t	\N	\N	f	Sayan Deb	https://ui-avatars.com/api/?name=Sayan Deb		\N	sayan@yopmail.com	+9187657656	recruitment/resume/security_report (12).pdf	3/6 Kolkata	India	\N	West Bengal	Kolkata	700102	male	\N	f	f	f	t	\N	0	\N	not_sent	2025-07-29	\N	1164	2025-07-29 17:24:38.376735+05:30	\N	~	\N	1	18	\N	1	1	1	\N	1
1	2025-06-22 14:45:26.692+05:30	t	\N	\N	f	Liam Bennett	recruitment/profile/profile-pic-boy.jpg		\N	liam.bennett@horilla.com	9876540101	recruitment/resume/resume.pdf	\N	\N	\N	\N	\N	\N	male	\N	f	f	f	t	\N	0	\N	not_sent	2025-07-28	\N	792	2025-07-28 15:28:23.765906+05:30	\N	~	133	1	1	\N	1	1	1	\N	5
6	2025-06-22 14:58:20.41+05:30	t	\N	\N	f	Lucas Rogers	recruitment/profile/profile-pic-boy_8BU4hEF.jpg		\N	lucas.rogers@horilla.com	9876540107	recruitment/resume/resume_SjCrKeM.pdf		None	\N	None	\N	\N	male	\N	f	f	f	t	\N	0	\N	not_sent	2025-07-28	\N	793	2025-07-28 15:33:23.727432+05:30	\N	~	128	1	6	\N	3	1	2	\N	7
1	2025-06-22 14:45:26.692+05:30	t	\N	\N	f	Liam Bennett	recruitment/profile/profile-pic-boy.jpg		\N	liam.bennett@horilla.com	9876540101	recruitment/resume/resume.pdf	\N	\N	\N	\N	\N	\N	male	\N	f	f	f	t	\N	0	\N	not_sent	2025-07-28	\N	794	2025-07-28 15:33:23.784581+05:30	\N	~	133	1	1	\N	1	1	1	\N	5
1	2025-06-22 14:45:26.692+05:30	t	\N	\N	f	Liam Bennett	recruitment/profile/profile-pic-boy.jpg		\N	liam.bennett@horilla.com	9876540101	recruitment/resume/resume.pdf	\N	\N	\N	\N	\N	\N	male	\N	f	f	f	t	\N	0	\N	not_sent	2025-07-29	\N	1165	2025-07-29 17:24:38.396214+05:30	\N	~	133	1	1	\N	1	1	1	\N	5
6	2025-06-22 14:58:20.41+05:30	t	\N	\N	f	Lucas Rogers	recruitment/profile/profile-pic-boy_8BU4hEF.jpg		\N	lucas.rogers@horilla.com	9876540107	recruitment/resume/resume_SjCrKeM.pdf		None	\N	None	\N	\N	male	\N	f	f	f	t	\N	0	\N	not_sent	2025-07-29	\N	1166	2025-07-29 17:24:38.414743+05:30	\N	~	128	1	6	\N	3	1	2	\N	7
1	2025-06-22 14:45:26.692+05:30	t	\N	\N	f	Liam Bennett	recruitment/profile/profile-pic-boy.jpg		\N	liam.bennett@horilla.com	9876540101	recruitment/resume/resume.pdf	\N	\N	\N	\N	\N	\N	male	\N	f	f	f	t	\N	0	\N	not_sent	2025-07-28	\N	797	2025-07-28 15:38:23.770766+05:30	\N	~	133	1	1	\N	1	1	1	\N	5
6	2025-06-22 14:58:20.41+05:30	t	\N	\N	f	Lucas Rogers	recruitment/profile/profile-pic-boy_8BU4hEF.jpg		\N	lucas.rogers@horilla.com	9876540107	recruitment/resume/resume_SjCrKeM.pdf		None	\N	None	\N	\N	male	\N	f	f	f	t	\N	0	\N	not_sent	2025-07-28	\N	798	2025-07-28 15:38:23.810124+05:30	\N	~	128	1	6	\N	3	1	2	\N	7
1	2025-06-22 14:45:26.692+05:30	t	\N	\N	f	Liam Bennett	recruitment/profile/profile-pic-boy.jpg		\N	liam.bennett@horilla.com	9876540101	recruitment/resume/resume.pdf	\N	\N	\N	\N	\N	\N	male	\N	f	f	f	t	\N	0	\N	not_sent	2025-07-28	\N	799	2025-07-28 15:43:23.697269+05:30	\N	~	133	1	1	\N	1	1	1	\N	5
18	2025-07-24 15:26:55.605574+05:30	t	\N	\N	f	Sayan Deb	https://ui-avatars.com/api/?name=Sayan Deb		\N	sayan@yopmail.com	+9187657656	recruitment/resume/security_report (12).pdf	3/6 Kolkata	India	\N	West Bengal	Kolkata	700102	male	\N	f	f	f	t	\N	0	\N	not_sent	2025-07-29	\N	1170	2025-07-29 17:34:38.416407+05:30	\N	~	\N	1	18	\N	1	1	1	\N	1
6	2025-06-22 14:58:20.41+05:30	t	\N	\N	f	Lucas Rogers	recruitment/profile/profile-pic-boy_8BU4hEF.jpg		\N	lucas.rogers@horilla.com	9876540107	recruitment/resume/resume_SjCrKeM.pdf		None	\N	None	\N	\N	male	\N	f	f	f	t	\N	0	\N	not_sent	2025-07-28	\N	801	2025-07-28 15:43:23.748184+05:30	\N	~	128	1	6	\N	3	1	2	\N	7
1	2025-06-22 14:45:26.692+05:30	t	\N	\N	f	Liam Bennett	recruitment/profile/profile-pic-boy.jpg		\N	liam.bennett@horilla.com	9876540101	recruitment/resume/resume.pdf	\N	\N	\N	\N	\N	\N	male	\N	f	f	f	t	\N	0	\N	not_sent	2025-07-28	\N	802	2025-07-28 15:48:23.688315+05:30	\N	~	133	1	1	\N	1	1	1	\N	5
6	2025-06-22 14:58:20.41+05:30	t	\N	\N	f	Lucas Rogers	recruitment/profile/profile-pic-boy_8BU4hEF.jpg		\N	lucas.rogers@horilla.com	9876540107	recruitment/resume/resume_SjCrKeM.pdf		None	\N	None	\N	\N	male	\N	f	f	f	t	\N	0	\N	not_sent	2025-07-28	\N	803	2025-07-28 15:48:23.702973+05:30	\N	~	128	1	6	\N	3	1	2	\N	7
18	2025-07-24 15:26:55.605574+05:30	t	\N	\N	f	Sayan Deb	https://ui-avatars.com/api/?name=Sayan Deb		\N	sayan@yopmail.com	+9187657656	recruitment/resume/security_report (12).pdf	3/6 Kolkata	India	\N	West Bengal	Kolkata	700102	male	\N	f	f	f	t	\N	0	\N	not_sent	2025-07-29	\N	1167	2025-07-29 17:29:38.373913+05:30	\N	~	\N	1	18	\N	1	1	1	\N	1
6	2025-06-22 14:58:20.41+05:30	t	\N	\N	f	Lucas Rogers	recruitment/profile/profile-pic-boy_8BU4hEF.jpg		\N	lucas.rogers@horilla.com	9876540107	recruitment/resume/resume_SjCrKeM.pdf		None	\N	None	\N	\N	male	\N	f	f	f	t	\N	0	\N	not_sent	2025-07-28	\N	805	2025-07-28 15:53:23.717923+05:30	\N	~	128	1	6	\N	3	1	2	\N	7
1	2025-06-22 14:45:26.692+05:30	t	\N	\N	f	Liam Bennett	recruitment/profile/profile-pic-boy.jpg		\N	liam.bennett@horilla.com	9876540101	recruitment/resume/resume.pdf	\N	\N	\N	\N	\N	\N	male	\N	f	f	f	t	\N	0	\N	not_sent	2025-07-28	\N	806	2025-07-28 15:53:23.735166+05:30	\N	~	133	1	1	\N	1	1	1	\N	5
6	2025-06-22 14:58:20.41+05:30	t	\N	\N	f	Lucas Rogers	recruitment/profile/profile-pic-boy_8BU4hEF.jpg		\N	lucas.rogers@horilla.com	9876540107	recruitment/resume/resume_SjCrKeM.pdf		None	\N	None	\N	\N	male	\N	f	f	f	t	\N	0	\N	not_sent	2025-07-29	\N	1168	2025-07-29 17:29:38.388766+05:30	\N	~	128	1	6	\N	3	1	2	\N	7
1	2025-06-22 14:45:26.692+05:30	t	\N	\N	f	Liam Bennett	recruitment/profile/profile-pic-boy.jpg		\N	liam.bennett@horilla.com	9876540101	recruitment/resume/resume.pdf	\N	\N	\N	\N	\N	\N	male	\N	f	f	f	t	\N	0	\N	not_sent	2025-07-29	\N	1169	2025-07-29 17:29:38.402803+05:30	\N	~	133	1	1	\N	1	1	1	\N	5
1	2025-06-22 14:45:26.692+05:30	t	\N	\N	f	Liam Bennett	recruitment/profile/profile-pic-boy.jpg		\N	liam.bennett@horilla.com	9876540101	recruitment/resume/resume.pdf	\N	\N	\N	\N	\N	\N	male	\N	f	f	f	t	\N	0	\N	not_sent	2025-07-29	\N	1173	2025-07-29 17:39:38.431175+05:30	\N	~	133	1	1	\N	1	1	1	\N	5
18	2025-07-24 15:26:55.605574+05:30	t	\N	\N	f	Sayan Deb	https://ui-avatars.com/api/?name=Sayan Deb		\N	sayan@yopmail.com	+9187657656	recruitment/resume/security_report (12).pdf	3/6 Kolkata	India	\N	West Bengal	Kolkata	700102	male	\N	f	f	f	t	\N	0	\N	not_sent	2025-07-29	\N	1174	2025-07-29 17:39:38.451991+05:30	\N	~	\N	1	18	\N	1	1	1	\N	1
6	2025-06-22 14:58:20.41+05:30	t	\N	\N	f	Lucas Rogers	recruitment/profile/profile-pic-boy_8BU4hEF.jpg		\N	lucas.rogers@horilla.com	9876540107	recruitment/resume/resume_SjCrKeM.pdf		None	\N	None	\N	\N	male	\N	f	f	f	t	\N	0	\N	not_sent	2025-07-29	\N	1175	2025-07-29 17:39:38.472863+05:30	\N	~	128	1	6	\N	3	1	2	\N	7
22	2025-07-29 16:30:27.378138+05:30	t	\N	\N	f	Anil Sharma	recruitment/profile/Anil_Sharma_Members.PNG_4bb52ea9-6133-4f6e-81ee-d205df0bf012.PNG		\N	sharmaanil@gmail.com	8790231298	recruitment/resume/index-only (1).pdf	kolkata	India	\N	West Bengal	Kolkata	711321	male	\N	f	f	f	t	\N	0	\N	not_sent	2025-07-29	\N	1181	2025-07-29 17:49:38.429675+05:30	\N	~	134	1	22	\N	16	1	7	\N	14
18	2025-07-24 15:26:55.605574+05:30	t	\N	\N	f	Sayan Deb	https://ui-avatars.com/api/?name=Sayan Deb		\N	sayan@yopmail.com	+9187657656	recruitment/resume/security_report (12).pdf	3/6 Kolkata	India	\N	West Bengal	Kolkata	700102	male	\N	f	f	f	t	\N	0	\N	not_sent	2025-07-29	\N	1182	2025-07-29 17:49:38.447927+05:30	\N	~	\N	1	18	\N	1	1	1	\N	1
1	2025-06-22 14:45:26.692+05:30	t	\N	\N	f	Liam Bennett	recruitment/profile/profile-pic-boy.jpg		\N	liam.bennett@horilla.com	9876540101	recruitment/resume/resume.pdf	\N	\N	\N	\N	\N	\N	male	\N	f	f	f	t	\N	0	\N	not_sent	2025-07-29	\N	1183	2025-07-29 17:49:38.463515+05:30	\N	~	133	1	1	\N	1	1	1	\N	5
6	2025-06-22 14:58:20.41+05:30	t	\N	\N	f	Lucas Rogers	recruitment/profile/profile-pic-boy_8BU4hEF.jpg		\N	lucas.rogers@horilla.com	9876540107	recruitment/resume/resume_SjCrKeM.pdf		None	\N	None	\N	\N	male	\N	f	f	f	t	\N	0	\N	not_sent	2025-07-29	\N	1184	2025-07-29 17:49:38.476956+05:30	\N	~	128	1	6	\N	3	1	2	\N	7
18	2025-07-24 15:26:55.605574+05:30	t	\N	\N	f	Sayan Deb	https://ui-avatars.com/api/?name=Sayan Deb		\N	sayan@yopmail.com	+9187657656	recruitment/resume/security_report (12).pdf	3/6 Kolkata	India	\N	West Bengal	Kolkata	700102	male	\N	f	f	f	t	\N	0	\N	not_sent	2025-07-29	\N	1190	2025-07-29 17:59:38.392987+05:30	\N	~	\N	1	18	\N	1	1	1	\N	1
6	2025-06-22 14:58:20.41+05:30	t	\N	\N	f	Lucas Rogers	recruitment/profile/profile-pic-boy_8BU4hEF.jpg		\N	lucas.rogers@horilla.com	9876540107	recruitment/resume/resume_SjCrKeM.pdf		None	\N	None	\N	\N	male	\N	f	f	f	t	\N	0	\N	not_sent	2025-07-29	\N	1191	2025-07-29 17:59:38.409177+05:30	\N	~	128	1	6	\N	3	1	2	\N	7
1	2025-06-22 14:45:26.692+05:30	t	\N	\N	f	Liam Bennett	recruitment/profile/profile-pic-boy.jpg		\N	liam.bennett@horilla.com	9876540101	recruitment/resume/resume.pdf	\N	\N	\N	\N	\N	\N	male	\N	f	f	f	t	\N	0	\N	not_sent	2025-07-29	\N	1192	2025-07-29 17:59:38.423563+05:30	\N	~	133	1	1	\N	1	1	1	\N	5
6	2025-06-22 14:58:20.41+05:30	t	\N	\N	f	Lucas Rogers	recruitment/profile/profile-pic-boy_8BU4hEF.jpg		\N	lucas.rogers@horilla.com	9876540107	recruitment/resume/resume_SjCrKeM.pdf		None	\N	None	\N	\N	male	\N	f	f	f	t	\N	0	\N	not_sent	2025-07-29	\N	1197	2025-07-29 18:09:38.426489+05:30	\N	~	128	1	6	\N	3	1	2	\N	7
18	2025-07-24 15:26:55.605574+05:30	t	\N	\N	f	Sayan Deb	https://ui-avatars.com/api/?name=Sayan Deb		\N	sayan@yopmail.com	+9187657656	recruitment/resume/security_report (12).pdf	3/6 Kolkata	India	\N	West Bengal	Kolkata	700102	male	\N	f	f	f	t	\N	0	\N	not_sent	2025-07-29	\N	1199	2025-07-29 18:09:38.459725+05:30	\N	~	\N	1	18	\N	1	1	1	\N	1
1	2025-06-22 14:45:26.692+05:30	t	\N	\N	f	Liam Bennett	recruitment/profile/profile-pic-boy.jpg		\N	liam.bennett@horilla.com	9876540101	recruitment/resume/resume.pdf	\N	\N	\N	\N	\N	\N	male	\N	f	f	f	t	\N	0	\N	not_sent	2025-07-29	\N	1200	2025-07-29 18:09:38.473212+05:30	\N	~	133	1	1	\N	1	1	1	\N	5
6	2025-06-22 14:58:20.41+05:30	t	\N	\N	f	Lucas Rogers	recruitment/profile/profile-pic-boy_8BU4hEF.jpg		\N	lucas.rogers@horilla.com	9876540107	recruitment/resume/resume_SjCrKeM.pdf		None	\N	None	\N	\N	male	\N	f	f	f	t	\N	0	\N	not_sent	2025-07-29	\N	1206	2025-07-29 18:19:38.450468+05:30	\N	~	128	1	6	\N	3	1	2	\N	7
18	2025-07-24 15:26:55.605574+05:30	t	\N	\N	f	Sayan Deb	https://ui-avatars.com/api/?name=Sayan Deb		\N	sayan@yopmail.com	+9187657656	recruitment/resume/security_report (12).pdf	3/6 Kolkata	India	\N	West Bengal	Kolkata	700102	male	\N	f	f	f	t	\N	0	\N	not_sent	2025-07-29	\N	1207	2025-07-29 18:19:38.462219+05:30	\N	~	\N	1	18	\N	1	1	1	\N	1
1	2025-06-22 14:45:26.692+05:30	t	\N	\N	f	Liam Bennett	recruitment/profile/profile-pic-boy.jpg		\N	liam.bennett@horilla.com	9876540101	recruitment/resume/resume.pdf	\N	\N	\N	\N	\N	\N	male	\N	f	f	f	t	\N	0	\N	not_sent	2025-07-29	\N	1208	2025-07-29 18:19:38.475647+05:30	\N	~	133	1	1	\N	1	1	1	\N	5
6	2025-06-22 14:58:20.41+05:30	t	\N	\N	f	Lucas Rogers	recruitment/profile/profile-pic-boy_8BU4hEF.jpg		\N	lucas.rogers@horilla.com	9876540107	recruitment/resume/resume_SjCrKeM.pdf		None	\N	None	\N	\N	male	\N	f	f	f	t	\N	0	\N	not_sent	2025-07-28	\N	809	2025-07-28 16:00:34.317874+05:30	\N	~	128	1	6	\N	3	1	2	\N	7
6	2025-06-22 14:58:20.41+05:30	t	\N	\N	f	Lucas Rogers	recruitment/profile/profile-pic-boy_8BU4hEF.jpg		\N	lucas.rogers@horilla.com	9876540107	recruitment/resume/resume_SjCrKeM.pdf		None	\N	None	\N	\N	male	\N	f	f	f	t	\N	0	\N	not_sent	2025-07-29	\N	1171	2025-07-29 17:34:38.455609+05:30	\N	~	128	1	6	\N	3	1	2	\N	7
1	2025-06-22 14:45:26.692+05:30	t	\N	\N	f	Liam Bennett	recruitment/profile/profile-pic-boy.jpg		\N	liam.bennett@horilla.com	9876540101	recruitment/resume/resume.pdf	\N	\N	\N	\N	\N	\N	male	\N	f	f	f	t	\N	0	\N	not_sent	2025-07-29	\N	1172	2025-07-29 17:34:38.472408+05:30	\N	~	133	1	1	\N	1	1	1	\N	5
6	2025-06-22 14:58:20.41+05:30	t	\N	\N	f	Lucas Rogers	recruitment/profile/profile-pic-boy_8BU4hEF.jpg		\N	lucas.rogers@horilla.com	9876540107	recruitment/resume/resume_SjCrKeM.pdf		None	\N	None	\N	\N	male	\N	f	f	f	t	\N	0	\N	not_sent	2025-07-28	\N	812	2025-07-28 16:05:34.275919+05:30	\N	~	128	1	6	\N	3	1	2	\N	7
1	2025-06-22 14:45:26.692+05:30	t	\N	\N	f	Liam Bennett	recruitment/profile/profile-pic-boy.jpg		\N	liam.bennett@horilla.com	9876540101	recruitment/resume/resume.pdf	\N	\N	\N	\N	\N	\N	male	\N	f	f	f	t	\N	0	\N	not_sent	2025-07-28	\N	813	2025-07-28 16:05:34.305158+05:30	\N	~	133	1	1	\N	1	1	1	\N	5
6	2025-06-22 14:58:20.41+05:30	t	\N	\N	f	Lucas Rogers	recruitment/profile/profile-pic-boy_8BU4hEF.jpg		\N	lucas.rogers@horilla.com	9876540107	recruitment/resume/resume_SjCrKeM.pdf		None	\N	None	\N	\N	male	\N	f	f	f	t	\N	0	\N	not_sent	2025-07-28	\N	814	2025-07-28 16:10:34.243164+05:30	\N	~	128	1	6	\N	3	1	2	\N	7
1	2025-06-22 14:45:26.692+05:30	t	\N	\N	f	Liam Bennett	recruitment/profile/profile-pic-boy.jpg		\N	liam.bennett@horilla.com	9876540101	recruitment/resume/resume.pdf	\N	\N	\N	\N	\N	\N	male	\N	f	f	f	t	\N	0	\N	not_sent	2025-07-29	\N	1176	2025-07-29 17:44:38.440024+05:30	\N	~	133	1	1	\N	1	1	1	\N	5
1	2025-06-22 14:45:26.692+05:30	t	\N	\N	f	Liam Bennett	recruitment/profile/profile-pic-boy.jpg		\N	liam.bennett@horilla.com	9876540101	recruitment/resume/resume.pdf	\N	\N	\N	\N	\N	\N	male	\N	f	f	f	t	\N	0	\N	not_sent	2025-07-28	\N	816	2025-07-28 16:10:34.278871+05:30	\N	~	133	1	1	\N	1	1	1	\N	5
6	2025-06-22 14:58:20.41+05:30	t	\N	\N	f	Lucas Rogers	recruitment/profile/profile-pic-boy_8BU4hEF.jpg		\N	lucas.rogers@horilla.com	9876540107	recruitment/resume/resume_SjCrKeM.pdf		None	\N	None	\N	\N	male	\N	f	f	f	t	\N	0	\N	not_sent	2025-07-28	\N	817	2025-07-28 16:15:34.247922+05:30	\N	~	128	1	6	\N	3	1	2	\N	7
1	2025-06-22 14:45:26.692+05:30	t	\N	\N	f	Liam Bennett	recruitment/profile/profile-pic-boy.jpg		\N	liam.bennett@horilla.com	9876540101	recruitment/resume/resume.pdf	\N	\N	\N	\N	\N	\N	male	\N	f	f	f	t	\N	0	\N	not_sent	2025-07-28	\N	818	2025-07-28 16:15:34.272738+05:30	\N	~	133	1	1	\N	1	1	1	\N	5
18	2025-07-24 15:26:55.605574+05:30	t	\N	\N	f	Sayan Deb	https://ui-avatars.com/api/?name=Sayan Deb		\N	sayan@yopmail.com	+9187657656	recruitment/resume/security_report (12).pdf	3/6 Kolkata	India	\N	West Bengal	Kolkata	700102	male	\N	f	f	f	t	\N	0	\N	not_sent	2025-07-29	\N	1177	2025-07-29 17:44:38.49009+05:30	\N	~	\N	1	18	\N	1	1	1	\N	1
6	2025-06-22 14:58:20.41+05:30	t	\N	\N	f	Lucas Rogers	recruitment/profile/profile-pic-boy_8BU4hEF.jpg		\N	lucas.rogers@horilla.com	9876540107	recruitment/resume/resume_SjCrKeM.pdf		None	\N	None	\N	\N	male	\N	f	f	f	t	\N	0	\N	not_sent	2025-07-29	\N	1178	2025-07-29 17:44:38.538953+05:30	\N	~	128	1	6	\N	3	1	2	\N	7
1	2025-06-22 14:45:26.692+05:30	t	\N	\N	f	Liam Bennett	recruitment/profile/profile-pic-boy.jpg		\N	liam.bennett@horilla.com	9876540101	recruitment/resume/resume.pdf	\N	\N	\N	\N	\N	\N	male	\N	f	f	f	t	\N	0	\N	not_sent	2025-07-28	\N	821	2025-07-28 16:20:34.274224+05:30	\N	~	133	1	1	\N	1	1	1	\N	5
6	2025-06-22 14:58:20.41+05:30	t	\N	\N	f	Lucas Rogers	recruitment/profile/profile-pic-boy_8BU4hEF.jpg		\N	lucas.rogers@horilla.com	9876540107	recruitment/resume/resume_SjCrKeM.pdf		None	\N	None	\N	\N	male	\N	f	f	f	t	\N	0	\N	not_sent	2025-07-28	\N	822	2025-07-28 16:20:34.295864+05:30	\N	~	128	1	6	\N	3	1	2	\N	7
1	2025-06-22 14:45:26.692+05:30	t	\N	\N	f	Liam Bennett	recruitment/profile/profile-pic-boy.jpg		\N	liam.bennett@horilla.com	9876540101	recruitment/resume/resume.pdf	\N	\N	\N	\N	\N	\N	male	\N	f	f	f	t	\N	0	\N	not_sent	2025-07-28	\N	823	2025-07-28 16:25:34.250472+05:30	\N	~	133	1	1	\N	1	1	1	\N	5
6	2025-06-22 14:58:20.41+05:30	t	\N	\N	f	Lucas Rogers	recruitment/profile/profile-pic-boy_8BU4hEF.jpg		\N	lucas.rogers@horilla.com	9876540107	recruitment/resume/resume_SjCrKeM.pdf		None	\N	None	\N	\N	male	\N	f	f	f	t	\N	0	\N	not_sent	2025-07-29	\N	1185	2025-07-29 17:54:38.430257+05:30	\N	~	128	1	6	\N	3	1	2	\N	7
6	2025-06-22 14:58:20.41+05:30	t	\N	\N	f	Lucas Rogers	recruitment/profile/profile-pic-boy_8BU4hEF.jpg		\N	lucas.rogers@horilla.com	9876540107	recruitment/resume/resume_SjCrKeM.pdf		None	\N	None	\N	\N	male	\N	f	f	f	t	\N	0	\N	not_sent	2025-07-28	\N	825	2025-07-28 16:25:34.351515+05:30	\N	~	128	1	6	\N	3	1	2	\N	7
1	2025-06-22 14:45:26.692+05:30	t	\N	\N	f	Liam Bennett	recruitment/profile/profile-pic-boy.jpg		\N	liam.bennett@horilla.com	9876540101	recruitment/resume/resume.pdf	\N	\N	\N	\N	\N	\N	male	\N	f	f	f	t	\N	0	\N	not_sent	2025-07-28	\N	826	2025-07-28 16:30:34.249674+05:30	\N	~	133	1	1	\N	1	1	1	\N	5
6	2025-06-22 14:58:20.41+05:30	t	\N	\N	f	Lucas Rogers	recruitment/profile/profile-pic-boy_8BU4hEF.jpg		\N	lucas.rogers@horilla.com	9876540107	recruitment/resume/resume_SjCrKeM.pdf		None	\N	None	\N	\N	male	\N	f	f	f	t	\N	0	\N	not_sent	2025-07-28	\N	827	2025-07-28 16:30:34.293343+05:30	\N	~	128	1	6	\N	3	1	2	\N	7
18	2025-07-24 15:26:55.605574+05:30	t	\N	\N	f	Sayan Deb	https://ui-avatars.com/api/?name=Sayan Deb		\N	sayan@yopmail.com	+9187657656	recruitment/resume/security_report (12).pdf	3/6 Kolkata	India	\N	West Bengal	Kolkata	700102	male	\N	f	f	f	t	\N	0	\N	not_sent	2025-07-29	\N	1186	2025-07-29 17:54:38.452098+05:30	\N	~	\N	1	18	\N	1	1	1	\N	1
6	2025-06-22 14:58:20.41+05:30	t	\N	\N	f	Lucas Rogers	recruitment/profile/profile-pic-boy_8BU4hEF.jpg		\N	lucas.rogers@horilla.com	9876540107	recruitment/resume/resume_SjCrKeM.pdf		None	\N	None	\N	\N	male	\N	f	f	f	t	\N	0	\N	not_sent	2025-07-28	\N	829	2025-07-28 16:35:34.202664+05:30	\N	~	128	1	6	\N	3	1	2	\N	7
1	2025-06-22 14:45:26.692+05:30	t	\N	\N	f	Liam Bennett	recruitment/profile/profile-pic-boy.jpg		\N	liam.bennett@horilla.com	9876540101	recruitment/resume/resume.pdf	\N	\N	\N	\N	\N	\N	male	\N	f	f	f	t	\N	0	\N	not_sent	2025-07-28	\N	830	2025-07-28 16:35:34.221398+05:30	\N	~	133	1	1	\N	1	1	1	\N	5
1	2025-06-22 14:45:26.692+05:30	t	\N	\N	f	Liam Bennett	recruitment/profile/profile-pic-boy.jpg		\N	liam.bennett@horilla.com	9876540101	recruitment/resume/resume.pdf	\N	\N	\N	\N	\N	\N	male	\N	f	f	f	t	\N	0	\N	not_sent	2025-07-28	\N	832	2025-07-28 16:40:34.250614+05:30	\N	~	133	1	1	\N	1	1	1	\N	5
6	2025-06-22 14:58:20.41+05:30	t	\N	\N	f	Lucas Rogers	recruitment/profile/profile-pic-boy_8BU4hEF.jpg		\N	lucas.rogers@horilla.com	9876540107	recruitment/resume/resume_SjCrKeM.pdf		None	\N	None	\N	\N	male	\N	f	f	f	t	\N	0	\N	not_sent	2025-07-28	\N	833	2025-07-28 16:40:34.308137+05:30	\N	~	128	1	6	\N	3	1	2	\N	7
1	2025-06-22 14:45:26.692+05:30	t	\N	\N	f	Liam Bennett	recruitment/profile/profile-pic-boy.jpg		\N	liam.bennett@horilla.com	9876540101	recruitment/resume/resume.pdf	\N	\N	\N	\N	\N	\N	male	\N	f	f	f	t	\N	0	\N	not_sent	2025-07-29	\N	1188	2025-07-29 17:54:38.481622+05:30	\N	~	133	1	1	\N	1	1	1	\N	5
7	2025-06-22 14:59:03.806+05:30	t	\N	\N	f	Mia Reed	recruitment/profile/profile-pic-girl_JQCdXBh.jpg		\N	mia.reed@horilla.com	9876540108	recruitment/resume/resume_ZGFTZr3.pdf		None	\N	None	\N	\N	female	\N	t	f	f	f	2025-06-15	0	\N	not_sent	2025-07-29	\N	1179	2025-07-29 17:44:43.89602+05:30	\N	~	\N	1	7	1	1	1	1	\N	4
6	2025-06-22 14:58:20.41+05:30	t	\N	\N	f	Lucas Rogers	recruitment/profile/profile-pic-boy_8BU4hEF.jpg		\N	lucas.rogers@horilla.com	9876540107	recruitment/resume/resume_SjCrKeM.pdf		None	\N	None	\N	\N	male	\N	f	f	f	t	\N	0	\N	not_sent	2025-07-28	\N	836	2025-07-28 16:45:34.209296+05:30	\N	~	128	1	6	\N	3	1	2	\N	7
1	2025-06-22 14:45:26.692+05:30	t	\N	\N	f	Liam Bennett	recruitment/profile/profile-pic-boy.jpg		\N	liam.bennett@horilla.com	9876540101	recruitment/resume/resume.pdf	\N	\N	\N	\N	\N	\N	male	\N	f	f	f	t	\N	0	\N	not_sent	2025-07-28	\N	837	2025-07-28 16:45:34.223283+05:30	\N	~	133	1	1	\N	1	1	1	\N	5
6	2025-06-22 14:58:20.41+05:30	t	\N	\N	f	Lucas Rogers	recruitment/profile/profile-pic-boy_8BU4hEF.jpg		\N	lucas.rogers@horilla.com	9876540107	recruitment/resume/resume_SjCrKeM.pdf		None	\N	None	\N	\N	male	\N	f	f	f	t	\N	0	\N	not_sent	2025-07-28	\N	838	2025-07-28 16:50:34.24859+05:30	\N	~	128	1	6	\N	3	1	2	\N	7
1	2025-06-22 14:45:26.692+05:30	t	\N	\N	f	Liam Bennett	recruitment/profile/profile-pic-boy.jpg		\N	liam.bennett@horilla.com	9876540101	recruitment/resume/resume.pdf	\N	\N	\N	\N	\N	\N	male	\N	f	f	f	t	\N	0	\N	not_sent	2025-07-28	\N	840	2025-07-28 16:50:34.281442+05:30	\N	~	133	1	1	\N	1	1	1	\N	5
6	2025-06-22 14:58:20.41+05:30	t	\N	\N	f	Lucas Rogers	recruitment/profile/profile-pic-boy_8BU4hEF.jpg		\N	lucas.rogers@horilla.com	9876540107	recruitment/resume/resume_SjCrKeM.pdf		None	\N	None	\N	\N	male	\N	f	f	f	t	\N	0	\N	not_sent	2025-07-28	\N	841	2025-07-28 16:55:34.20192+05:30	\N	~	128	1	6	\N	3	1	2	\N	7
1	2025-06-22 14:45:26.692+05:30	t	\N	\N	f	Liam Bennett	recruitment/profile/profile-pic-boy.jpg		\N	liam.bennett@horilla.com	9876540101	recruitment/resume/resume.pdf	\N	\N	\N	\N	\N	\N	male	\N	f	f	f	t	\N	0	\N	not_sent	2025-07-28	\N	842	2025-07-28 16:55:34.218208+05:30	\N	~	133	1	1	\N	1	1	1	\N	5
1	2025-06-22 14:45:26.692+05:30	t	\N	\N	f	Liam Bennett	recruitment/profile/profile-pic-boy.jpg		\N	liam.bennett@horilla.com	9876540101	recruitment/resume/resume.pdf	\N	\N	\N	\N	\N	\N	male	\N	f	f	f	t	\N	0	\N	not_sent	2025-07-28	\N	845	2025-07-28 17:00:34.274477+05:30	\N	~	133	1	1	\N	1	1	1	\N	5
6	2025-06-22 14:58:20.41+05:30	t	\N	\N	f	Lucas Rogers	recruitment/profile/profile-pic-boy_8BU4hEF.jpg		\N	lucas.rogers@horilla.com	9876540107	recruitment/resume/resume_SjCrKeM.pdf		None	\N	None	\N	\N	male	\N	f	f	f	t	\N	0	\N	not_sent	2025-07-28	\N	846	2025-07-28 17:00:34.290143+05:30	\N	~	128	1	6	\N	3	1	2	\N	7
1	2025-06-22 14:45:26.692+05:30	t	\N	\N	f	Liam Bennett	recruitment/profile/profile-pic-boy.jpg		\N	liam.bennett@horilla.com	9876540101	recruitment/resume/resume.pdf	\N	\N	\N	\N	\N	\N	male	\N	f	f	f	t	\N	0	\N	not_sent	2025-07-28	\N	847	2025-07-28 17:05:34.244137+05:30	\N	~	133	1	1	\N	1	1	1	\N	5
6	2025-06-22 14:58:20.41+05:30	t	\N	\N	f	Lucas Rogers	recruitment/profile/profile-pic-boy_8BU4hEF.jpg		\N	lucas.rogers@horilla.com	9876540107	recruitment/resume/resume_SjCrKeM.pdf		None	\N	None	\N	\N	male	\N	f	f	f	t	\N	0	\N	not_sent	2025-07-28	\N	849	2025-07-28 17:05:34.276725+05:30	\N	~	128	1	6	\N	3	1	2	\N	7
1	2025-06-22 14:45:26.692+05:30	t	\N	\N	f	Liam Bennett	recruitment/profile/profile-pic-boy.jpg		\N	liam.bennett@horilla.com	9876540101	recruitment/resume/resume.pdf	\N	\N	\N	\N	\N	\N	male	\N	f	f	f	t	\N	0	\N	not_sent	2025-07-28	\N	850	2025-07-28 17:10:34.24564+05:30	\N	~	133	1	1	\N	1	1	1	\N	5
6	2025-06-22 14:58:20.41+05:30	t	\N	\N	f	Lucas Rogers	recruitment/profile/profile-pic-boy_8BU4hEF.jpg		\N	lucas.rogers@horilla.com	9876540107	recruitment/resume/resume_SjCrKeM.pdf		None	\N	None	\N	\N	male	\N	f	f	f	t	\N	0	\N	not_sent	2025-07-28	\N	851	2025-07-28 17:10:34.267972+05:30	\N	~	128	1	6	\N	3	1	2	\N	7
6	2025-06-22 14:58:20.41+05:30	t	\N	\N	f	Lucas Rogers	recruitment/profile/profile-pic-boy_8BU4hEF.jpg		\N	lucas.rogers@horilla.com	9876540107	recruitment/resume/resume_SjCrKeM.pdf		None	\N	None	\N	\N	male	\N	f	f	f	t	\N	0	\N	not_sent	2025-07-28	\N	853	2025-07-28 17:15:34.252401+05:30	\N	~	128	1	6	\N	3	1	2	\N	7
1	2025-06-22 14:45:26.692+05:30	t	\N	\N	f	Liam Bennett	recruitment/profile/profile-pic-boy.jpg		\N	liam.bennett@horilla.com	9876540101	recruitment/resume/resume.pdf	\N	\N	\N	\N	\N	\N	male	\N	f	f	f	t	\N	0	\N	not_sent	2025-07-28	\N	854	2025-07-28 17:15:34.28981+05:30	\N	~	133	1	1	\N	1	1	1	\N	5
1	2025-06-22 14:45:26.692+05:30	t	\N	\N	f	Liam Bennett	recruitment/profile/profile-pic-boy.jpg		\N	liam.bennett@horilla.com	9876540101	recruitment/resume/resume.pdf	\N	\N	\N	\N	\N	\N	male	\N	f	f	f	t	\N	0	\N	not_sent	2025-07-28	\N	856	2025-07-28 17:20:34.244216+05:30	\N	~	133	1	1	\N	1	1	1	\N	5
6	2025-06-22 14:58:20.41+05:30	t	\N	\N	f	Lucas Rogers	recruitment/profile/profile-pic-boy_8BU4hEF.jpg		\N	lucas.rogers@horilla.com	9876540107	recruitment/resume/resume_SjCrKeM.pdf		None	\N	None	\N	\N	male	\N	f	f	f	t	\N	0	\N	not_sent	2025-07-28	\N	857	2025-07-28 17:20:34.264826+05:30	\N	~	128	1	6	\N	3	1	2	\N	7
6	2025-06-22 14:58:20.41+05:30	t	\N	\N	f	Lucas Rogers	recruitment/profile/profile-pic-boy_8BU4hEF.jpg		\N	lucas.rogers@horilla.com	9876540107	recruitment/resume/resume_SjCrKeM.pdf		None	\N	None	\N	\N	male	\N	f	f	f	t	\N	0	\N	not_sent	2025-07-28	\N	860	2025-07-28 17:25:34.219098+05:30	\N	~	128	1	6	\N	3	1	2	\N	7
6	2025-06-22 14:58:20.41+05:30	t	\N	\N	f	Lucas Rogers	recruitment/profile/profile-pic-boy_8BU4hEF.jpg		\N	lucas.rogers@horilla.com	9876540107	recruitment/resume/resume_SjCrKeM.pdf		None	\N	None	\N	\N	male	\N	f	f	f	t	\N	0	\N	not_sent	2025-07-28	\N	862	2025-07-28 17:30:34.235367+05:30	\N	~	128	1	6	\N	3	1	2	\N	7
22	2025-07-29 16:30:27.378138+05:30	t	\N	\N	f	Anil Sharma	recruitment/profile/Anil_Sharma_Members.PNG_4bb52ea9-6133-4f6e-81ee-d205df0bf012.PNG		\N	sharmaanil@gmail.com	8790231298	recruitment/resume/index-only (1).pdf	kolkata	India	\N	West Bengal	Kolkata	711321	male	\N	f	f	f	f	\N	0	\N	not_sent	2025-07-29	\N	1180	2025-07-29 17:49:21.19342+05:30	\N	~	134	1	22	1	16	1	7	\N	14
1	2025-06-22 14:45:26.692+05:30	t	\N	\N	f	Liam Bennett	recruitment/profile/profile-pic-boy.jpg		\N	liam.bennett@horilla.com	9876540101	recruitment/resume/resume.pdf	\N	\N	\N	\N	\N	\N	male	\N	f	f	f	t	\N	0	\N	not_sent	2025-07-28	\N	864	2025-07-28 17:30:34.293193+05:30	\N	~	133	1	1	\N	1	1	1	\N	5
1	2025-06-22 14:45:26.692+05:30	t	\N	\N	f	Liam Bennett	recruitment/profile/profile-pic-boy.jpg		\N	liam.bennett@horilla.com	9876540101	recruitment/resume/resume.pdf	\N	\N	\N	\N	\N	\N	male	\N	f	f	f	t	\N	0	\N	not_sent	2025-07-28	\N	869	2025-07-28 17:40:34.277291+05:30	\N	~	133	1	1	\N	1	1	1	\N	5
6	2025-06-22 14:58:20.41+05:30	t	\N	\N	f	Lucas Rogers	recruitment/profile/profile-pic-boy_8BU4hEF.jpg		\N	lucas.rogers@horilla.com	9876540107	recruitment/resume/resume_SjCrKeM.pdf		None	\N	None	\N	\N	male	\N	f	f	f	t	\N	0	\N	not_sent	2025-07-28	\N	870	2025-07-28 17:40:34.317573+05:30	\N	~	128	1	6	\N	3	1	2	\N	7
1	2025-06-22 14:45:26.692+05:30	t	\N	\N	f	Liam Bennett	recruitment/profile/profile-pic-boy.jpg		\N	liam.bennett@horilla.com	9876540101	recruitment/resume/resume.pdf	\N	\N	\N	\N	\N	\N	male	\N	f	f	f	t	\N	0	\N	not_sent	2025-07-28	\N	874	2025-07-28 17:50:34.251272+05:30	\N	~	133	1	1	\N	1	1	1	\N	5
6	2025-06-22 14:58:20.41+05:30	t	\N	\N	f	Lucas Rogers	recruitment/profile/profile-pic-boy_8BU4hEF.jpg		\N	lucas.rogers@horilla.com	9876540107	recruitment/resume/resume_SjCrKeM.pdf		None	\N	None	\N	\N	male	\N	f	f	f	t	\N	0	\N	not_sent	2025-07-28	\N	875	2025-07-28 17:50:34.310149+05:30	\N	~	128	1	6	\N	3	1	2	\N	7
1	2025-06-22 14:45:26.692+05:30	t	\N	\N	f	Liam Bennett	recruitment/profile/profile-pic-boy.jpg		\N	liam.bennett@horilla.com	9876540101	recruitment/resume/resume.pdf	\N	\N	\N	\N	\N	\N	male	\N	f	f	f	t	\N	0	\N	not_sent	2025-07-28	\N	880	2025-07-28 18:00:34.248559+05:30	\N	~	133	1	1	\N	1	1	1	\N	5
6	2025-06-22 14:58:20.41+05:30	t	\N	\N	f	Lucas Rogers	recruitment/profile/profile-pic-boy_8BU4hEF.jpg		\N	lucas.rogers@horilla.com	9876540107	recruitment/resume/resume_SjCrKeM.pdf		None	\N	None	\N	\N	male	\N	f	f	f	t	\N	0	\N	not_sent	2025-07-28	\N	881	2025-07-28 18:00:34.274116+05:30	\N	~	128	1	6	\N	3	1	2	\N	7
6	2025-06-22 14:58:20.41+05:30	t	\N	\N	f	Lucas Rogers	recruitment/profile/profile-pic-boy_8BU4hEF.jpg		\N	lucas.rogers@horilla.com	9876540107	recruitment/resume/resume_SjCrKeM.pdf		None	\N	None	\N	\N	male	\N	f	f	f	t	\N	0	\N	not_sent	2025-07-28	\N	886	2025-07-28 18:10:34.233417+05:30	\N	~	128	1	6	\N	3	1	2	\N	7
1	2025-06-22 14:45:26.692+05:30	t	\N	\N	f	Liam Bennett	recruitment/profile/profile-pic-boy.jpg		\N	liam.bennett@horilla.com	9876540101	recruitment/resume/resume.pdf	\N	\N	\N	\N	\N	\N	male	\N	f	f	f	t	\N	0	\N	not_sent	2025-07-28	\N	888	2025-07-28 18:10:34.292349+05:30	\N	~	133	1	1	\N	1	1	1	\N	5
6	2025-06-22 14:58:20.41+05:30	t	\N	\N	f	Lucas Rogers	recruitment/profile/profile-pic-boy_8BU4hEF.jpg		\N	lucas.rogers@horilla.com	9876540107	recruitment/resume/resume_SjCrKeM.pdf		None	\N	None	\N	\N	male	\N	f	f	f	t	\N	0	\N	not_sent	2025-07-28	\N	865	2025-07-28 17:35:34.246235+05:30	\N	~	128	1	6	\N	3	1	2	\N	7
1	2025-06-22 14:45:26.692+05:30	t	\N	\N	f	Liam Bennett	recruitment/profile/profile-pic-boy.jpg		\N	liam.bennett@horilla.com	9876540101	recruitment/resume/resume.pdf	\N	\N	\N	\N	\N	\N	male	\N	f	f	f	t	\N	0	\N	not_sent	2025-07-28	\N	866	2025-07-28 17:35:34.269251+05:30	\N	~	133	1	1	\N	1	1	1	\N	5
1	2025-06-22 14:45:26.692+05:30	t	\N	\N	f	Liam Bennett	recruitment/profile/profile-pic-boy.jpg		\N	liam.bennett@horilla.com	9876540101	recruitment/resume/resume.pdf	\N	\N	\N	\N	\N	\N	male	\N	f	f	f	t	\N	0	\N	not_sent	2025-07-28	\N	871	2025-07-28 17:45:34.197641+05:30	\N	~	133	1	1	\N	1	1	1	\N	5
6	2025-06-22 14:58:20.41+05:30	t	\N	\N	f	Lucas Rogers	recruitment/profile/profile-pic-boy_8BU4hEF.jpg		\N	lucas.rogers@horilla.com	9876540107	recruitment/resume/resume_SjCrKeM.pdf		None	\N	None	\N	\N	male	\N	f	f	f	t	\N	0	\N	not_sent	2025-07-29	\N	1194	2025-07-29 18:04:38.450447+05:30	\N	~	128	1	6	\N	3	1	2	\N	7
6	2025-06-22 14:58:20.41+05:30	t	\N	\N	f	Lucas Rogers	recruitment/profile/profile-pic-boy_8BU4hEF.jpg		\N	lucas.rogers@horilla.com	9876540107	recruitment/resume/resume_SjCrKeM.pdf		None	\N	None	\N	\N	male	\N	f	f	f	t	\N	0	\N	not_sent	2025-07-28	\N	873	2025-07-28 17:45:34.223966+05:30	\N	~	128	1	6	\N	3	1	2	\N	7
6	2025-06-22 14:58:20.41+05:30	t	\N	\N	f	Lucas Rogers	recruitment/profile/profile-pic-boy_8BU4hEF.jpg		\N	lucas.rogers@horilla.com	9876540107	recruitment/resume/resume_SjCrKeM.pdf		None	\N	None	\N	\N	male	\N	f	f	f	t	\N	0	\N	not_sent	2025-07-28	\N	877	2025-07-28 17:55:34.246886+05:30	\N	~	128	1	6	\N	3	1	2	\N	7
1	2025-06-22 14:45:26.692+05:30	t	\N	\N	f	Liam Bennett	recruitment/profile/profile-pic-boy.jpg		\N	liam.bennett@horilla.com	9876540101	recruitment/resume/resume.pdf	\N	\N	\N	\N	\N	\N	male	\N	f	f	f	t	\N	0	\N	not_sent	2025-07-28	\N	878	2025-07-28 17:55:34.269039+05:30	\N	~	133	1	1	\N	1	1	1	\N	5
18	2025-07-24 15:26:55.605574+05:30	t	\N	\N	f	Sayan Deb	https://ui-avatars.com/api/?name=Sayan Deb		\N	sayan@yopmail.com	+9187657656	recruitment/resume/security_report (12).pdf	3/6 Kolkata	India	\N	West Bengal	Kolkata	700102	male	\N	f	f	f	t	\N	0	\N	not_sent	2025-07-29	\N	1195	2025-07-29 18:04:38.46327+05:30	\N	~	\N	1	18	\N	1	1	1	\N	1
1	2025-06-22 14:45:26.692+05:30	t	\N	\N	f	Liam Bennett	recruitment/profile/profile-pic-boy.jpg		\N	liam.bennett@horilla.com	9876540101	recruitment/resume/resume.pdf	\N	\N	\N	\N	\N	\N	male	\N	f	f	f	t	\N	0	\N	not_sent	2025-07-29	\N	1196	2025-07-29 18:04:38.476605+05:30	\N	~	133	1	1	\N	1	1	1	\N	5
6	2025-06-22 14:58:20.41+05:30	t	\N	\N	f	Lucas Rogers	recruitment/profile/profile-pic-boy_8BU4hEF.jpg		\N	lucas.rogers@horilla.com	9876540107	recruitment/resume/resume_SjCrKeM.pdf		None	\N	None	\N	\N	male	\N	f	f	f	t	\N	0	\N	not_sent	2025-07-28	\N	884	2025-07-28 18:05:34.274699+05:30	\N	~	128	1	6	\N	3	1	2	\N	7
1	2025-06-22 14:45:26.692+05:30	t	\N	\N	f	Liam Bennett	recruitment/profile/profile-pic-boy.jpg		\N	liam.bennett@horilla.com	9876540101	recruitment/resume/resume.pdf	\N	\N	\N	\N	\N	\N	male	\N	f	f	f	t	\N	0	\N	not_sent	2025-07-28	\N	885	2025-07-28 18:05:34.2913+05:30	\N	~	133	1	1	\N	1	1	1	\N	5
6	2025-06-22 14:58:20.41+05:30	t	\N	\N	f	Lucas Rogers	recruitment/profile/profile-pic-boy_8BU4hEF.jpg		\N	lucas.rogers@horilla.com	9876540107	recruitment/resume/resume_SjCrKeM.pdf		None	\N	None	\N	\N	male	\N	f	f	f	t	\N	0	\N	not_sent	2025-07-28	\N	889	2025-07-28 18:23:21.147253+05:30	\N	~	128	1	6	\N	3	1	2	\N	7
1	2025-06-22 14:45:26.692+05:30	t	\N	\N	f	Liam Bennett	recruitment/profile/profile-pic-boy.jpg		\N	liam.bennett@horilla.com	9876540101	recruitment/resume/resume.pdf	\N	\N	\N	\N	\N	\N	male	\N	f	f	f	t	\N	0	\N	not_sent	2025-07-28	\N	890	2025-07-28 18:23:21.172592+05:30	\N	~	133	1	1	\N	1	1	1	\N	5
18	2025-07-24 15:26:55.605574+05:30	t	\N	\N	f	Sayan Deb	https://ui-avatars.com/api/?name=Sayan Deb		\N	sayan@yopmail.com	+9187657656	recruitment/resume/security_report (12).pdf	3/6 Kolkata	India	\N	West Bengal	Kolkata	700102	male	\N	f	f	f	t	\N	0	\N	not_sent	2025-07-29	\N	1201	2025-07-29 18:14:38.387971+05:30	\N	~	\N	1	18	\N	1	1	1	\N	1
6	2025-06-22 14:58:20.41+05:30	t	\N	\N	f	Lucas Rogers	recruitment/profile/profile-pic-boy_8BU4hEF.jpg		\N	lucas.rogers@horilla.com	9876540107	recruitment/resume/resume_SjCrKeM.pdf		None	\N	None	\N	\N	male	\N	f	f	f	t	\N	0	\N	not_sent	2025-07-29	\N	1202	2025-07-29 18:14:38.421592+05:30	\N	~	128	1	6	\N	3	1	2	\N	7
1	2025-06-22 14:45:26.692+05:30	t	\N	\N	f	Liam Bennett	recruitment/profile/profile-pic-boy.jpg		\N	liam.bennett@horilla.com	9876540101	recruitment/resume/resume.pdf	\N	\N	\N	\N	\N	\N	male	\N	f	f	f	t	\N	0	\N	not_sent	2025-07-28	\N	893	2025-07-28 18:28:21.184863+05:30	\N	~	133	1	1	\N	1	1	1	\N	5
6	2025-06-22 14:58:20.41+05:30	t	\N	\N	f	Lucas Rogers	recruitment/profile/profile-pic-boy_8BU4hEF.jpg		\N	lucas.rogers@horilla.com	9876540107	recruitment/resume/resume_SjCrKeM.pdf		None	\N	None	\N	\N	male	\N	f	f	f	t	\N	0	\N	not_sent	2025-07-28	\N	894	2025-07-28 18:28:21.21079+05:30	\N	~	128	1	6	\N	3	1	2	\N	7
1	2025-06-22 14:45:26.692+05:30	t	\N	\N	f	Liam Bennett	recruitment/profile/profile-pic-boy.jpg		\N	liam.bennett@horilla.com	9876540101	recruitment/resume/resume.pdf	\N	\N	\N	\N	\N	\N	male	\N	f	f	f	t	\N	0	\N	not_sent	2025-07-28	\N	895	2025-07-28 18:33:21.107374+05:30	\N	~	133	1	1	\N	1	1	1	\N	5
1	2025-06-22 14:45:26.692+05:30	t	\N	\N	f	Liam Bennett	recruitment/profile/profile-pic-boy.jpg		\N	liam.bennett@horilla.com	9876540101	recruitment/resume/resume.pdf	\N	\N	\N	\N	\N	\N	male	\N	f	f	f	t	\N	0	\N	not_sent	2025-07-29	\N	1203	2025-07-29 18:14:38.454926+05:30	\N	~	133	1	1	\N	1	1	1	\N	5
6	2025-06-22 14:58:20.41+05:30	t	\N	\N	f	Lucas Rogers	recruitment/profile/profile-pic-boy_8BU4hEF.jpg		\N	lucas.rogers@horilla.com	9876540107	recruitment/resume/resume_SjCrKeM.pdf		None	\N	None	\N	\N	male	\N	f	f	f	t	\N	0	\N	not_sent	2025-07-28	\N	897	2025-07-28 18:33:21.15771+05:30	\N	~	128	1	6	\N	3	1	2	\N	7
6	2025-06-22 14:58:20.41+05:30	t	\N	\N	f	Lucas Rogers	recruitment/profile/profile-pic-boy_8BU4hEF.jpg		\N	lucas.rogers@horilla.com	9876540107	recruitment/resume/resume_SjCrKeM.pdf		None	\N	None	\N	\N	male	\N	f	f	f	t	\N	0	\N	not_sent	2025-07-28	\N	899	2025-07-28 18:43:25.746249+05:30	\N	~	128	1	6	\N	3	1	2	\N	7
23	2025-07-29 18:23:31.973312+05:30	t	\N	\N	f	Ravi Kumar	recruitment/profile/Ravi_Kumar_Sorce.PNG_050e0ef6-d5a8-47eb-b36a-c734e305d851		\N	kumarravi@gmail.com	8564566456	recruitment/resume/index-only (1).pdf	Kolkata, West Bengal	India	\N	West Bengal	Kolkata	711321	male	\N	f	f	f	f	\N	0	\N	not_sent	2025-07-29	\N	1209	2025-07-29 18:23:31.975402+05:30	\N	+	\N	1	23	1	4	1	5	\N	10
6	2025-06-22 14:58:20.41+05:30	t	\N	\N	f	Lucas Rogers	recruitment/profile/profile-pic-boy_8BU4hEF.jpg		\N	lucas.rogers@horilla.com	9876540107	recruitment/resume/resume_SjCrKeM.pdf		None	\N	None	\N	\N	male	\N	f	f	f	t	\N	0	\N	not_sent	2025-07-28	\N	901	2025-07-28 18:48:25.753016+05:30	\N	~	128	1	6	\N	3	1	2	\N	7
1	2025-06-22 14:45:26.692+05:30	t	\N	\N	f	Liam Bennett	recruitment/profile/profile-pic-boy.jpg		\N	liam.bennett@horilla.com	9876540101	recruitment/resume/resume.pdf	\N	\N	\N	\N	\N	\N	male	\N	f	f	f	t	\N	0	\N	not_sent	2025-07-28	\N	902	2025-07-28 18:48:25.801303+05:30	\N	~	133	1	1	\N	1	1	1	\N	5
1	2025-06-22 14:45:26.692+05:30	t	\N	\N	f	Liam Bennett	recruitment/profile/profile-pic-boy.jpg		\N	liam.bennett@horilla.com	9876540101	recruitment/resume/resume.pdf	\N	\N	\N	\N	\N	\N	male	\N	f	f	f	t	\N	0	\N	not_sent	2025-07-28	\N	904	2025-07-28 18:53:25.752242+05:30	\N	~	133	1	1	\N	1	1	1	\N	5
6	2025-06-22 14:58:20.41+05:30	t	\N	\N	f	Lucas Rogers	recruitment/profile/profile-pic-boy_8BU4hEF.jpg		\N	lucas.rogers@horilla.com	9876540107	recruitment/resume/resume_SjCrKeM.pdf		None	\N	None	\N	\N	male	\N	f	f	f	t	\N	0	\N	not_sent	2025-07-28	\N	905	2025-07-28 18:53:25.777454+05:30	\N	~	128	1	6	\N	3	1	2	\N	7
6	2025-06-22 14:58:20.41+05:30	t	\N	\N	f	Lucas Rogers	recruitment/profile/profile-pic-boy_8BU4hEF.jpg		\N	lucas.rogers@horilla.com	9876540107	recruitment/resume/resume_SjCrKeM.pdf		None	\N	None	\N	\N	male	\N	f	f	f	t	\N	0	\N	not_sent	2025-07-28	\N	908	2025-07-28 18:58:25.767337+05:30	\N	~	128	1	6	\N	3	1	2	\N	7
1	2025-06-22 14:45:26.692+05:30	t	\N	\N	f	Liam Bennett	recruitment/profile/profile-pic-boy.jpg		\N	liam.bennett@horilla.com	9876540101	recruitment/resume/resume.pdf	\N	\N	\N	\N	\N	\N	male	\N	f	f	f	t	\N	0	\N	not_sent	2025-07-28	\N	909	2025-07-28 18:58:25.782427+05:30	\N	~	133	1	1	\N	1	1	1	\N	5
6	2025-06-22 14:58:20.41+05:30	t	\N	\N	f	Lucas Rogers	recruitment/profile/profile-pic-boy_8BU4hEF.jpg		\N	lucas.rogers@horilla.com	9876540107	recruitment/resume/resume_SjCrKeM.pdf		None	\N	None	\N	\N	male	\N	f	f	f	t	\N	0	\N	not_sent	2025-07-28	\N	910	2025-07-28 19:03:25.750048+05:30	\N	~	128	1	6	\N	3	1	2	\N	7
1	2025-06-22 14:45:26.692+05:30	t	\N	\N	f	Liam Bennett	recruitment/profile/profile-pic-boy.jpg		\N	liam.bennett@horilla.com	9876540101	recruitment/resume/resume.pdf	\N	\N	\N	\N	\N	\N	male	\N	f	f	f	t	\N	0	\N	not_sent	2025-07-28	\N	912	2025-07-28 19:03:25.783704+05:30	\N	~	133	1	1	\N	1	1	1	\N	5
6	2025-06-22 14:58:20.41+05:30	t	\N	\N	f	Lucas Rogers	recruitment/profile/profile-pic-boy_8BU4hEF.jpg		\N	lucas.rogers@horilla.com	9876540107	recruitment/resume/resume_SjCrKeM.pdf		None	\N	None	\N	\N	male	\N	f	f	f	t	\N	0	\N	not_sent	2025-07-28	\N	913	2025-07-28 19:08:25.745618+05:30	\N	~	128	1	6	\N	3	1	2	\N	7
1	2025-06-22 14:45:26.692+05:30	t	\N	\N	f	Liam Bennett	recruitment/profile/profile-pic-boy.jpg		\N	liam.bennett@horilla.com	9876540101	recruitment/resume/resume.pdf	\N	\N	\N	\N	\N	\N	male	\N	f	f	f	t	\N	0	\N	not_sent	2025-07-28	\N	914	2025-07-28 19:08:25.764294+05:30	\N	~	133	1	1	\N	1	1	1	\N	5
1	2025-06-22 14:45:26.692+05:30	t	\N	\N	f	Liam Bennett	recruitment/profile/profile-pic-boy.jpg		\N	liam.bennett@horilla.com	9876540101	recruitment/resume/resume.pdf	\N	\N	\N	\N	\N	\N	male	\N	f	f	f	t	\N	0	\N	not_sent	2025-07-28	\N	917	2025-07-28 19:13:25.714956+05:30	\N	~	133	1	1	\N	1	1	1	\N	5
6	2025-06-22 14:58:20.41+05:30	t	\N	\N	f	Lucas Rogers	recruitment/profile/profile-pic-boy_8BU4hEF.jpg		\N	lucas.rogers@horilla.com	9876540107	recruitment/resume/resume_SjCrKeM.pdf		None	\N	None	\N	\N	male	\N	f	f	f	t	\N	0	\N	not_sent	2025-07-28	\N	918	2025-07-28 19:13:25.728982+05:30	\N	~	128	1	6	\N	3	1	2	\N	7
1	2025-06-22 14:45:26.692+05:30	t	\N	\N	f	Liam Bennett	recruitment/profile/profile-pic-boy.jpg		\N	liam.bennett@horilla.com	9876540101	recruitment/resume/resume.pdf	\N	\N	\N	\N	\N	\N	male	\N	f	f	f	t	\N	0	\N	not_sent	2025-07-28	\N	919	2025-07-28 19:18:25.750188+05:30	\N	~	133	1	1	\N	1	1	1	\N	5
6	2025-06-22 14:58:20.41+05:30	t	\N	\N	f	Lucas Rogers	recruitment/profile/profile-pic-boy_8BU4hEF.jpg		\N	lucas.rogers@horilla.com	9876540107	recruitment/resume/resume_SjCrKeM.pdf		None	\N	None	\N	\N	male	\N	f	f	f	t	\N	0	\N	not_sent	2025-07-28	\N	921	2025-07-28 19:18:25.788343+05:30	\N	~	128	1	6	\N	3	1	2	\N	7
1	2025-06-22 14:45:26.692+05:30	t	\N	\N	f	Liam Bennett	recruitment/profile/profile-pic-boy.jpg		\N	liam.bennett@horilla.com	9876540101	recruitment/resume/resume.pdf	\N	\N	\N	\N	\N	\N	male	\N	f	f	f	t	\N	0	\N	not_sent	2025-07-29	\N	922	2025-07-29 10:17:00.844164+05:30	\N	~	133	1	1	\N	1	1	1	\N	5
6	2025-06-22 14:58:20.41+05:30	t	\N	\N	f	Lucas Rogers	recruitment/profile/profile-pic-boy_8BU4hEF.jpg		\N	lucas.rogers@horilla.com	9876540107	recruitment/resume/resume_SjCrKeM.pdf		None	\N	None	\N	\N	male	\N	f	f	f	t	\N	0	\N	not_sent	2025-07-29	\N	923	2025-07-29 10:17:00.920965+05:30	\N	~	128	1	6	\N	3	1	2	\N	7
6	2025-06-22 14:58:20.41+05:30	t	\N	\N	f	Lucas Rogers	recruitment/profile/profile-pic-boy_8BU4hEF.jpg		\N	lucas.rogers@horilla.com	9876540107	recruitment/resume/resume_SjCrKeM.pdf		None	\N	None	\N	\N	male	\N	f	f	f	t	\N	0	\N	not_sent	2025-07-29	\N	925	2025-07-29 10:22:00.777193+05:30	\N	~	128	1	6	\N	3	1	2	\N	7
1	2025-06-22 14:45:26.692+05:30	t	\N	\N	f	Liam Bennett	recruitment/profile/profile-pic-boy.jpg		\N	liam.bennett@horilla.com	9876540101	recruitment/resume/resume.pdf	\N	\N	\N	\N	\N	\N	male	\N	f	f	f	t	\N	0	\N	not_sent	2025-07-29	\N	926	2025-07-29 10:22:00.798999+05:30	\N	~	133	1	1	\N	1	1	1	\N	5
18	2025-07-24 15:26:55.605574+05:30	t	\N	\N	f	Sayan Deb	https://ui-avatars.com/api/?name=Sayan Deb		\N	sayan@yopmail.com	+9187657656	recruitment/resume/security_report (12).pdf	3/6 Kolkata	India	\N	West Bengal	Kolkata	700102	male	\N	f	f	f	t	\N	0	\N	not_sent	2025-07-29	\N	1210	2025-07-29 18:24:38.373683+05:30	\N	~	\N	1	18	\N	1	1	1	\N	1
1	2025-06-22 14:45:26.692+05:30	t	\N	\N	f	Liam Bennett	recruitment/profile/profile-pic-boy.jpg		\N	liam.bennett@horilla.com	9876540101	recruitment/resume/resume.pdf	\N	\N	\N	\N	\N	\N	male	\N	f	f	f	t	\N	0	\N	not_sent	2025-07-29	\N	928	2025-07-29 10:27:00.757564+05:30	\N	~	133	1	1	\N	1	1	1	\N	5
6	2025-06-22 14:58:20.41+05:30	t	\N	\N	f	Lucas Rogers	recruitment/profile/profile-pic-boy_8BU4hEF.jpg		\N	lucas.rogers@horilla.com	9876540107	recruitment/resume/resume_SjCrKeM.pdf		None	\N	None	\N	\N	male	\N	f	f	f	t	\N	0	\N	not_sent	2025-07-29	\N	929	2025-07-29 10:27:00.783675+05:30	\N	~	128	1	6	\N	3	1	2	\N	7
6	2025-06-22 14:58:20.41+05:30	t	\N	\N	f	Lucas Rogers	recruitment/profile/profile-pic-boy_8BU4hEF.jpg		\N	lucas.rogers@horilla.com	9876540107	recruitment/resume/resume_SjCrKeM.pdf		None	\N	None	\N	\N	male	\N	f	f	f	t	\N	0	\N	not_sent	2025-07-29	\N	1211	2025-07-29 18:24:38.389658+05:30	\N	~	128	1	6	\N	3	1	2	\N	7
1	2025-06-22 14:45:26.692+05:30	t	\N	\N	f	Liam Bennett	recruitment/profile/profile-pic-boy.jpg		\N	liam.bennett@horilla.com	9876540101	recruitment/resume/resume.pdf	\N	\N	\N	\N	\N	\N	male	\N	f	f	f	t	\N	0	\N	not_sent	2025-07-29	\N	1212	2025-07-29 18:24:38.404005+05:30	\N	~	133	1	1	\N	1	1	1	\N	5
6	2025-06-22 14:58:20.41+05:30	t	\N	\N	f	Lucas Rogers	recruitment/profile/profile-pic-boy_8BU4hEF.jpg		\N	lucas.rogers@horilla.com	9876540107	recruitment/resume/resume_SjCrKeM.pdf		None	\N	None	\N	\N	male	\N	f	f	f	t	\N	0	\N	not_sent	2025-07-29	\N	932	2025-07-29 10:32:00.803132+05:30	\N	~	128	1	6	\N	3	1	2	\N	7
1	2025-06-22 14:45:26.692+05:30	t	\N	\N	f	Liam Bennett	recruitment/profile/profile-pic-boy.jpg		\N	liam.bennett@horilla.com	9876540101	recruitment/resume/resume.pdf	\N	\N	\N	\N	\N	\N	male	\N	f	f	f	t	\N	0	\N	not_sent	2025-07-29	\N	933	2025-07-29 10:32:00.819047+05:30	\N	~	133	1	1	\N	1	1	1	\N	5
6	2025-06-22 14:58:20.41+05:30	t	\N	\N	f	Lucas Rogers	recruitment/profile/profile-pic-boy_8BU4hEF.jpg		\N	lucas.rogers@horilla.com	9876540107	recruitment/resume/resume_SjCrKeM.pdf		None	\N	None	\N	\N	male	\N	f	f	f	t	\N	0	\N	not_sent	2025-07-29	\N	934	2025-07-29 10:37:00.74189+05:30	\N	~	128	1	6	\N	3	1	2	\N	7
1	2025-06-22 14:45:26.692+05:30	t	\N	\N	f	Liam Bennett	recruitment/profile/profile-pic-boy.jpg		\N	liam.bennett@horilla.com	9876540101	recruitment/resume/resume.pdf	\N	\N	\N	\N	\N	\N	male	\N	f	f	f	t	\N	0	\N	not_sent	2025-07-29	\N	936	2025-07-29 10:37:00.78891+05:30	\N	~	133	1	1	\N	1	1	1	\N	5
6	2025-06-22 14:58:20.41+05:30	t	\N	\N	f	Lucas Rogers	recruitment/profile/profile-pic-boy_8BU4hEF.jpg		\N	lucas.rogers@horilla.com	9876540107	recruitment/resume/resume_SjCrKeM.pdf		None	\N	None	\N	\N	male	\N	f	f	f	t	\N	0	\N	not_sent	2025-07-29	\N	937	2025-07-29 10:42:00.731687+05:30	\N	~	128	1	6	\N	3	1	2	\N	7
1	2025-06-22 14:45:26.692+05:30	t	\N	\N	f	Liam Bennett	recruitment/profile/profile-pic-boy.jpg		\N	liam.bennett@horilla.com	9876540101	recruitment/resume/resume.pdf	\N	\N	\N	\N	\N	\N	male	\N	f	f	f	t	\N	0	\N	not_sent	2025-07-29	\N	938	2025-07-29 10:42:00.750575+05:30	\N	~	133	1	1	\N	1	1	1	\N	5
18	2025-07-24 15:26:55.605574+05:30	t	\N	\N	f	Sayan Deb	https://ui-avatars.com/api/?name=Sayan Deb		\N	sayan@yopmail.com	+9187657656	recruitment/resume/security_report (12).pdf	3/6 Kolkata	India	\N	West Bengal	Kolkata	700102	male	\N	f	f	f	t	\N	0	\N	not_sent	2025-07-29	\N	1218	2025-07-29 18:34:38.416736+05:30	\N	~	\N	1	18	\N	1	1	1	\N	1
6	2025-06-22 14:58:20.41+05:30	t	\N	\N	f	Lucas Rogers	recruitment/profile/profile-pic-boy_8BU4hEF.jpg		\N	lucas.rogers@horilla.com	9876540107	recruitment/resume/resume_SjCrKeM.pdf		None	\N	None	\N	\N	male	\N	f	f	f	t	\N	0	\N	not_sent	2025-07-29	\N	1219	2025-07-29 18:34:38.457937+05:30	\N	~	128	1	6	\N	3	1	2	\N	7
1	2025-06-22 14:45:26.692+05:30	t	\N	\N	f	Liam Bennett	recruitment/profile/profile-pic-boy.jpg		\N	liam.bennett@horilla.com	9876540101	recruitment/resume/resume.pdf	\N	\N	\N	\N	\N	\N	male	\N	f	f	f	t	\N	0	\N	not_sent	2025-07-29	\N	941	2025-07-29 10:47:00.82456+05:30	\N	~	133	1	1	\N	1	1	1	\N	5
6	2025-06-22 14:58:20.41+05:30	t	\N	\N	f	Lucas Rogers	recruitment/profile/profile-pic-boy_8BU4hEF.jpg		\N	lucas.rogers@horilla.com	9876540107	recruitment/resume/resume_SjCrKeM.pdf		None	\N	None	\N	\N	male	\N	f	f	f	t	\N	0	\N	not_sent	2025-07-29	\N	942	2025-07-29 10:47:00.881211+05:30	\N	~	128	1	6	\N	3	1	2	\N	7
1	2025-06-22 14:45:26.692+05:30	t	\N	\N	f	Liam Bennett	recruitment/profile/profile-pic-boy.jpg		\N	liam.bennett@horilla.com	9876540101	recruitment/resume/resume.pdf	\N	\N	\N	\N	\N	\N	male	\N	f	f	f	t	\N	0	\N	not_sent	2025-07-29	\N	943	2025-07-29 10:52:00.776965+05:30	\N	~	133	1	1	\N	1	1	1	\N	5
22	2025-07-29 16:30:27.378138+05:30	t	\N	\N	f	Anil Sharma	recruitment/profile/Anil_Sharma_Members.PNG_4bb52ea9-6133-4f6e-81ee-d205df0bf012.PNG		\N	sharmaanil@gmail.com	8790231298	recruitment/resume/index-only (1).pdf	kolkata	India	\N	West Bengal	Kolkata	711321	male	\N	f	f	f	t	\N	0	\N	not_sent	2025-07-29	\N	1220	2025-07-29 18:34:38.491343+05:30	\N	~	134	1	22	\N	16	1	7	\N	14
6	2025-06-22 14:58:20.41+05:30	t	\N	\N	f	Lucas Rogers	recruitment/profile/profile-pic-boy_8BU4hEF.jpg		\N	lucas.rogers@horilla.com	9876540107	recruitment/resume/resume_SjCrKeM.pdf		None	\N	None	\N	\N	male	\N	f	f	f	t	\N	0	\N	not_sent	2025-07-29	\N	945	2025-07-29 10:52:00.80994+05:30	\N	~	128	1	6	\N	3	1	2	\N	7
1	2025-06-22 14:45:26.692+05:30	t	\N	\N	f	Liam Bennett	recruitment/profile/profile-pic-boy.jpg		\N	liam.bennett@horilla.com	9876540101	recruitment/resume/resume.pdf	\N	\N	\N	\N	\N	\N	male	\N	f	f	f	t	\N	0	\N	not_sent	2025-07-29	\N	946	2025-07-29 10:57:00.735902+05:30	\N	~	133	1	1	\N	1	1	1	\N	5
6	2025-06-22 14:58:20.41+05:30	t	\N	\N	f	Lucas Rogers	recruitment/profile/profile-pic-boy_8BU4hEF.jpg		\N	lucas.rogers@horilla.com	9876540107	recruitment/resume/resume_SjCrKeM.pdf		None	\N	None	\N	\N	male	\N	f	f	f	t	\N	0	\N	not_sent	2025-07-29	\N	947	2025-07-29 10:57:00.757516+05:30	\N	~	128	1	6	\N	3	1	2	\N	7
1	2025-06-22 14:45:26.692+05:30	t	\N	\N	f	Liam Bennett	recruitment/profile/profile-pic-boy.jpg		\N	liam.bennett@horilla.com	9876540101	recruitment/resume/resume.pdf	\N	\N	\N	\N	\N	\N	male	\N	f	f	f	t	\N	0	\N	not_sent	2025-07-29	\N	1221	2025-07-29 18:34:38.508483+05:30	\N	~	133	1	1	\N	1	1	1	\N	5
6	2025-06-22 14:58:20.41+05:30	t	\N	\N	f	Lucas Rogers	recruitment/profile/profile-pic-boy_8BU4hEF.jpg		\N	lucas.rogers@horilla.com	9876540107	recruitment/resume/resume_SjCrKeM.pdf		None	\N	None	\N	\N	male	\N	f	f	f	t	\N	0	\N	not_sent	2025-07-29	\N	949	2025-07-29 11:02:00.778574+05:30	\N	~	128	1	6	\N	3	1	2	\N	7
1	2025-06-22 14:45:26.692+05:30	t	\N	\N	f	Liam Bennett	recruitment/profile/profile-pic-boy.jpg		\N	liam.bennett@horilla.com	9876540101	recruitment/resume/resume.pdf	\N	\N	\N	\N	\N	\N	male	\N	f	f	f	t	\N	0	\N	not_sent	2025-07-29	\N	950	2025-07-29 11:02:00.802091+05:30	\N	~	133	1	1	\N	1	1	1	\N	5
1	2025-06-22 14:45:26.692+05:30	t	\N	\N	f	Liam Bennett	recruitment/profile/profile-pic-boy.jpg		\N	liam.bennett@horilla.com	9876540101	recruitment/resume/resume.pdf	\N	\N	\N	\N	\N	\N	male	\N	f	f	f	t	\N	0	\N	not_sent	2025-07-29	\N	1214	2025-07-29 18:29:38.375882+05:30	\N	~	133	1	1	\N	1	1	1	\N	5
1	2025-06-22 14:45:26.692+05:30	t	\N	\N	f	Liam Bennett	recruitment/profile/profile-pic-boy.jpg		\N	liam.bennett@horilla.com	9876540101	recruitment/resume/resume.pdf	\N	\N	\N	\N	\N	\N	male	\N	f	f	f	t	\N	0	\N	not_sent	2025-07-29	\N	952	2025-07-29 11:07:00.746537+05:30	\N	~	133	1	1	\N	1	1	1	\N	5
6	2025-06-22 14:58:20.41+05:30	t	\N	\N	f	Lucas Rogers	recruitment/profile/profile-pic-boy_8BU4hEF.jpg		\N	lucas.rogers@horilla.com	9876540107	recruitment/resume/resume_SjCrKeM.pdf		None	\N	None	\N	\N	male	\N	f	f	f	t	\N	0	\N	not_sent	2025-07-29	\N	953	2025-07-29 11:07:00.76632+05:30	\N	~	128	1	6	\N	3	1	2	\N	7
6	2025-06-22 14:58:20.41+05:30	t	\N	\N	f	Lucas Rogers	recruitment/profile/profile-pic-boy_8BU4hEF.jpg		\N	lucas.rogers@horilla.com	9876540107	recruitment/resume/resume_SjCrKeM.pdf		None	\N	None	\N	\N	male	\N	f	f	f	t	\N	0	\N	not_sent	2025-07-29	\N	1215	2025-07-29 18:29:38.391157+05:30	\N	~	128	1	6	\N	3	1	2	\N	7
18	2025-07-24 15:26:55.605574+05:30	t	\N	\N	f	Sayan Deb	https://ui-avatars.com/api/?name=Sayan Deb		\N	sayan@yopmail.com	+9187657656	recruitment/resume/security_report (12).pdf	3/6 Kolkata	India	\N	West Bengal	Kolkata	700102	male	\N	f	f	f	t	\N	0	\N	not_sent	2025-07-29	\N	1216	2025-07-29 18:29:38.402297+05:30	\N	~	\N	1	18	\N	1	1	1	\N	1
6	2025-06-22 14:58:20.41+05:30	t	\N	\N	f	Lucas Rogers	recruitment/profile/profile-pic-boy_8BU4hEF.jpg		\N	lucas.rogers@horilla.com	9876540107	recruitment/resume/resume_SjCrKeM.pdf		None	\N	None	\N	\N	male	\N	f	f	f	t	\N	0	\N	not_sent	2025-07-29	\N	956	2025-07-29 11:12:00.789702+05:30	\N	~	128	1	6	\N	3	1	2	\N	7
1	2025-06-22 14:45:26.692+05:30	t	\N	\N	f	Liam Bennett	recruitment/profile/profile-pic-boy.jpg		\N	liam.bennett@horilla.com	9876540101	recruitment/resume/resume.pdf	\N	\N	\N	\N	\N	\N	male	\N	f	f	f	t	\N	0	\N	not_sent	2025-07-29	\N	957	2025-07-29 11:12:00.81011+05:30	\N	~	133	1	1	\N	1	1	1	\N	5
6	2025-06-22 14:58:20.41+05:30	t	\N	\N	f	Lucas Rogers	recruitment/profile/profile-pic-boy_8BU4hEF.jpg		\N	lucas.rogers@horilla.com	9876540107	recruitment/resume/resume_SjCrKeM.pdf		None	\N	None	\N	\N	male	\N	f	f	f	t	\N	0	\N	not_sent	2025-07-29	\N	958	2025-07-29 11:17:00.746801+05:30	\N	~	128	1	6	\N	3	1	2	\N	7
1	2025-06-22 14:45:26.692+05:30	t	\N	\N	f	Liam Bennett	recruitment/profile/profile-pic-boy.jpg		\N	liam.bennett@horilla.com	9876540101	recruitment/resume/resume.pdf	\N	\N	\N	\N	\N	\N	male	\N	f	f	f	t	\N	0	\N	not_sent	2025-07-29	\N	960	2025-07-29 11:17:00.800652+05:30	\N	~	133	1	1	\N	1	1	1	\N	5
6	2025-06-22 14:58:20.41+05:30	t	\N	\N	f	Lucas Rogers	recruitment/profile/profile-pic-boy_8BU4hEF.jpg		\N	lucas.rogers@horilla.com	9876540107	recruitment/resume/resume_SjCrKeM.pdf		None	\N	None	\N	\N	male	\N	f	f	f	t	\N	0	\N	not_sent	2025-07-29	\N	961	2025-07-29 11:22:00.762148+05:30	\N	~	128	1	6	\N	3	1	2	\N	7
1	2025-06-22 14:45:26.692+05:30	t	\N	\N	f	Liam Bennett	recruitment/profile/profile-pic-boy.jpg		\N	liam.bennett@horilla.com	9876540101	recruitment/resume/resume.pdf	\N	\N	\N	\N	\N	\N	male	\N	f	f	f	t	\N	0	\N	not_sent	2025-07-29	\N	962	2025-07-29 11:22:00.78511+05:30	\N	~	133	1	1	\N	1	1	1	\N	5
6	2025-06-22 14:58:20.41+05:30	t	\N	\N	f	Lucas Rogers	recruitment/profile/profile-pic-boy_8BU4hEF.jpg		\N	lucas.rogers@horilla.com	9876540107	recruitment/resume/resume_SjCrKeM.pdf		None	\N	None	\N	\N	male	\N	f	f	f	t	\N	0	\N	not_sent	2025-07-29	\N	1222	2025-07-29 18:39:38.399168+05:30	\N	~	128	1	6	\N	3	1	2	\N	3
22	2025-07-29 16:30:27.378138+05:30	t	\N	\N	f	Anil Sharma	recruitment/profile/Anil_Sharma_Members.PNG_4bb52ea9-6133-4f6e-81ee-d205df0bf012.PNG		\N	sharmaanil@gmail.com	8790231298	recruitment/resume/index-only (1).pdf	kolkata	India	\N	West Bengal	Kolkata	711321	male	\N	f	f	f	t	\N	0	\N	not_sent	2025-07-29	\N	1223	2025-07-29 18:39:38.433517+05:30	\N	~	134	1	22	\N	16	1	7	\N	14
1	2025-06-22 14:45:26.692+05:30	t	\N	\N	f	Liam Bennett	recruitment/profile/profile-pic-boy.jpg		\N	liam.bennett@horilla.com	9876540101	recruitment/resume/resume.pdf	\N	\N	\N	\N	\N	\N	male	\N	f	f	f	t	\N	0	\N	not_sent	2025-07-29	\N	965	2025-07-29 11:27:00.815476+05:30	\N	~	133	1	1	\N	1	1	1	\N	5
6	2025-06-22 14:58:20.41+05:30	t	\N	\N	f	Lucas Rogers	recruitment/profile/profile-pic-boy_8BU4hEF.jpg		\N	lucas.rogers@horilla.com	9876540107	recruitment/resume/resume_SjCrKeM.pdf		None	\N	None	\N	\N	male	\N	f	f	f	t	\N	0	\N	not_sent	2025-07-29	\N	966	2025-07-29 11:27:00.832769+05:30	\N	~	128	1	6	\N	3	1	2	\N	7
1	2025-06-22 14:45:26.692+05:30	t	\N	\N	f	Liam Bennett	recruitment/profile/profile-pic-boy.jpg		\N	liam.bennett@horilla.com	9876540101	recruitment/resume/resume.pdf	\N	\N	\N	\N	\N	\N	male	\N	f	f	f	t	\N	0	\N	not_sent	2025-07-29	\N	967	2025-07-29 11:32:00.777686+05:30	\N	~	133	1	1	\N	1	1	1	\N	5
1	2025-06-22 14:45:26.692+05:30	t	\N	\N	f	Liam Bennett	recruitment/profile/profile-pic-boy.jpg		\N	liam.bennett@horilla.com	9876540101	recruitment/resume/resume.pdf	\N	\N	\N	\N	\N	\N	male	\N	f	f	f	t	\N	0	\N	not_sent	2025-07-29	\N	1224	2025-07-29 18:39:38.457328+05:30	\N	~	133	1	1	\N	1	1	1	\N	5
6	2025-06-22 14:58:20.41+05:30	t	\N	\N	f	Lucas Rogers	recruitment/profile/profile-pic-boy_8BU4hEF.jpg		\N	lucas.rogers@horilla.com	9876540107	recruitment/resume/resume_SjCrKeM.pdf		None	\N	None	\N	\N	male	\N	f	f	f	t	\N	0	\N	not_sent	2025-07-29	\N	969	2025-07-29 11:32:00.816439+05:30	\N	~	128	1	6	\N	3	1	2	\N	7
1	2025-06-22 14:45:26.692+05:30	t	\N	\N	f	Liam Bennett	recruitment/profile/profile-pic-boy.jpg		\N	liam.bennett@horilla.com	9876540101	recruitment/resume/resume.pdf	\N	\N	\N	\N	\N	\N	male	\N	f	f	f	t	\N	0	\N	not_sent	2025-07-29	\N	970	2025-07-29 11:37:00.741177+05:30	\N	~	133	1	1	\N	1	1	1	\N	5
6	2025-06-22 14:58:20.41+05:30	t	\N	\N	f	Lucas Rogers	recruitment/profile/profile-pic-boy_8BU4hEF.jpg		\N	lucas.rogers@horilla.com	9876540107	recruitment/resume/resume_SjCrKeM.pdf		None	\N	None	\N	\N	male	\N	f	f	f	t	\N	0	\N	not_sent	2025-07-29	\N	971	2025-07-29 11:37:00.767989+05:30	\N	~	128	1	6	\N	3	1	2	\N	7
18	2025-07-24 15:26:55.605574+05:30	t	\N	\N	f	Sayan Deb	https://ui-avatars.com/api/?name=Sayan Deb		\N	sayan@yopmail.com	+9187657656	recruitment/resume/security_report (12).pdf	3/6 Kolkata	India	\N	West Bengal	Kolkata	700102	male	\N	f	f	f	t	\N	0	\N	not_sent	2025-07-29	\N	1225	2025-07-29 18:39:38.472748+05:30	\N	~	\N	1	18	\N	1	1	1	\N	1
6	2025-06-22 14:58:20.41+05:30	t	\N	\N	f	Lucas Rogers	recruitment/profile/profile-pic-boy_8BU4hEF.jpg		\N	lucas.rogers@horilla.com	9876540107	recruitment/resume/resume_SjCrKeM.pdf		None	\N	None	\N	\N	male	\N	f	f	f	t	\N	0	\N	not_sent	2025-07-29	\N	973	2025-07-29 11:42:00.774784+05:30	\N	~	128	1	6	\N	3	1	2	\N	7
1	2025-06-22 14:45:26.692+05:30	t	\N	\N	f	Liam Bennett	recruitment/profile/profile-pic-boy.jpg		\N	liam.bennett@horilla.com	9876540101	recruitment/resume/resume.pdf	\N	\N	\N	\N	\N	\N	male	\N	f	f	f	t	\N	0	\N	not_sent	2025-07-29	\N	974	2025-07-29 11:42:00.81701+05:30	\N	~	133	1	1	\N	1	1	1	\N	5
22	2025-07-29 16:30:27.378138+05:30	t	\N	\N	f	Anil Sharma	recruitment/profile/Anil_Sharma_Members.PNG_4bb52ea9-6133-4f6e-81ee-d205df0bf012.PNG		\N	sharmaanil@gmail.com	8790231298	recruitment/resume/index-only (1).pdf	kolkata	India	\N	West Bengal	Kolkata	711321	male	\N	f	f	f	t	\N	0	\N	not_sent	2025-07-29	\N	1230	2025-07-29 18:49:38.399065+05:30	\N	~	134	1	22	\N	16	1	7	\N	14
1	2025-06-22 14:45:26.692+05:30	t	\N	\N	f	Liam Bennett	recruitment/profile/profile-pic-boy.jpg		\N	liam.bennett@horilla.com	9876540101	recruitment/resume/resume.pdf	\N	\N	\N	\N	\N	\N	male	\N	f	f	f	t	\N	0	\N	not_sent	2025-07-29	\N	976	2025-07-29 11:47:00.759706+05:30	\N	~	133	1	1	\N	1	1	1	\N	5
6	2025-06-22 14:58:20.41+05:30	t	\N	\N	f	Lucas Rogers	recruitment/profile/profile-pic-boy_8BU4hEF.jpg		\N	lucas.rogers@horilla.com	9876540107	recruitment/resume/resume_SjCrKeM.pdf		None	\N	None	\N	\N	male	\N	f	f	f	t	\N	0	\N	not_sent	2025-07-29	\N	977	2025-07-29 11:47:00.783372+05:30	\N	~	128	1	6	\N	3	1	2	\N	7
6	2025-06-22 14:58:20.41+05:30	t	\N	\N	f	Lucas Rogers	recruitment/profile/profile-pic-boy_8BU4hEF.jpg		\N	lucas.rogers@horilla.com	9876540107	recruitment/resume/resume_SjCrKeM.pdf		None	\N	None	\N	\N	male	\N	f	f	f	t	\N	0	\N	not_sent	2025-07-29	\N	1226	2025-07-29 18:44:38.424666+05:30	\N	~	128	1	6	\N	3	1	2	\N	3
6	2025-06-22 14:58:20.41+05:30	t	\N	\N	f	Lucas Rogers	recruitment/profile/profile-pic-boy_8BU4hEF.jpg		\N	lucas.rogers@horilla.com	9876540107	recruitment/resume/resume_SjCrKeM.pdf		None	\N	None	\N	\N	male	\N	f	f	f	t	\N	0	\N	not_sent	2025-07-29	\N	982	2025-07-29 11:57:00.776722+05:30	\N	~	128	1	6	\N	3	1	2	\N	7
1	2025-06-22 14:45:26.692+05:30	t	\N	\N	f	Liam Bennett	recruitment/profile/profile-pic-boy.jpg		\N	liam.bennett@horilla.com	9876540101	recruitment/resume/resume.pdf	\N	\N	\N	\N	\N	\N	male	\N	f	f	f	t	\N	0	\N	not_sent	2025-07-29	\N	1227	2025-07-29 18:44:38.447498+05:30	\N	~	133	1	1	\N	1	1	1	\N	5
1	2025-06-22 14:45:26.692+05:30	t	\N	\N	f	Liam Bennett	recruitment/profile/profile-pic-boy.jpg		\N	liam.bennett@horilla.com	9876540101	recruitment/resume/resume.pdf	\N	\N	\N	\N	\N	\N	male	\N	f	f	f	t	\N	0	\N	not_sent	2025-07-29	\N	984	2025-07-29 11:57:00.810417+05:30	\N	~	133	1	1	\N	1	1	1	\N	5
22	2025-07-29 16:30:27.378138+05:30	t	\N	\N	f	Anil Sharma	recruitment/profile/Anil_Sharma_Members.PNG_4bb52ea9-6133-4f6e-81ee-d205df0bf012.PNG		\N	sharmaanil@gmail.com	8790231298	recruitment/resume/index-only (1).pdf	kolkata	India	\N	West Bengal	Kolkata	711321	male	\N	f	f	f	t	\N	0	\N	not_sent	2025-07-29	\N	1228	2025-07-29 18:44:38.463061+05:30	\N	~	134	1	22	\N	16	1	7	\N	14
1	2025-06-22 14:45:26.692+05:30	t	\N	\N	f	Liam Bennett	recruitment/profile/profile-pic-boy.jpg		\N	liam.bennett@horilla.com	9876540101	recruitment/resume/resume.pdf	\N	\N	\N	\N	\N	\N	male	\N	f	f	f	t	\N	0	\N	not_sent	2025-07-29	\N	989	2025-07-29 12:07:00.804312+05:30	\N	~	133	1	1	\N	1	1	1	\N	5
6	2025-06-22 14:58:20.41+05:30	t	\N	\N	f	Lucas Rogers	recruitment/profile/profile-pic-boy_8BU4hEF.jpg		\N	lucas.rogers@horilla.com	9876540107	recruitment/resume/resume_SjCrKeM.pdf		None	\N	None	\N	\N	male	\N	f	f	f	t	\N	0	\N	not_sent	2025-07-29	\N	990	2025-07-29 12:07:00.820538+05:30	\N	~	128	1	6	\N	3	1	2	\N	7
1	2025-06-22 14:45:26.692+05:30	t	\N	\N	f	Liam Bennett	recruitment/profile/profile-pic-boy.jpg		\N	liam.bennett@horilla.com	9876540101	recruitment/resume/resume.pdf	\N	\N	\N	\N	\N	\N	male	\N	f	f	f	t	\N	0	\N	not_sent	2025-07-29	\N	994	2025-07-29 12:17:00.778431+05:30	\N	~	133	1	1	\N	1	1	1	\N	5
6	2025-06-22 14:58:20.41+05:30	t	\N	\N	f	Lucas Rogers	recruitment/profile/profile-pic-boy_8BU4hEF.jpg		\N	lucas.rogers@horilla.com	9876540107	recruitment/resume/resume_SjCrKeM.pdf		None	\N	None	\N	\N	male	\N	f	f	f	t	\N	0	\N	not_sent	2025-07-29	\N	995	2025-07-29 12:17:00.803244+05:30	\N	~	128	1	6	\N	3	1	2	\N	7
18	2025-07-24 15:26:55.605574+05:30	t	\N	\N	f	Sayan Deb	https://ui-avatars.com/api/?name=Sayan Deb		\N	sayan@yopmail.com	+9187657656	recruitment/resume/security_report (12).pdf	3/6 Kolkata	India	\N	West Bengal	Kolkata	700102	male	\N	f	f	f	t	\N	0	\N	not_sent	2025-07-29	\N	1229	2025-07-29 18:44:38.474061+05:30	\N	~	\N	1	18	\N	1	1	1	\N	1
1	2025-06-22 14:45:26.692+05:30	t	\N	\N	f	Liam Bennett	recruitment/profile/profile-pic-boy.jpg		\N	liam.bennett@horilla.com	9876540101	recruitment/resume/resume.pdf	\N	\N	\N	\N	\N	\N	male	\N	f	f	f	t	\N	0	\N	not_sent	2025-07-29	\N	1000	2025-07-29 12:27:00.776438+05:30	\N	~	133	1	1	\N	1	1	1	\N	5
6	2025-06-22 14:58:20.41+05:30	t	\N	\N	f	Lucas Rogers	recruitment/profile/profile-pic-boy_8BU4hEF.jpg		\N	lucas.rogers@horilla.com	9876540107	recruitment/resume/resume_SjCrKeM.pdf		None	\N	None	\N	\N	male	\N	f	f	f	t	\N	0	\N	not_sent	2025-07-29	\N	1001	2025-07-29 12:27:00.803484+05:30	\N	~	128	1	6	\N	3	1	2	\N	7
22	2025-07-29 16:30:27.378138+05:30	t	\N	\N	f	Anil Sharma	recruitment/profile/Anil_Sharma_Members.PNG_4bb52ea9-6133-4f6e-81ee-d205df0bf012.PNG		\N	sharmaanil@gmail.com	8790231298	recruitment/resume/index-only (1).pdf	kolkata	India	\N	West Bengal	Kolkata	711321	male	\N	f	f	f	t	\N	0	\N	not_sent	2025-07-29	\N	1234	2025-07-29 18:54:38.376839+05:30	\N	~	134	1	22	\N	16	1	7	\N	14
18	2025-07-24 15:26:55.605574+05:30	t	\N	\N	f	Sayan Deb	https://ui-avatars.com/api/?name=Sayan Deb		\N	sayan@yopmail.com	+9187657656	recruitment/resume/security_report (12).pdf	3/6 Kolkata	India	\N	West Bengal	Kolkata	700102	male	\N	f	f	f	t	\N	0	\N	not_sent	2025-07-29	\N	1235	2025-07-29 18:54:38.38953+05:30	\N	~	\N	1	18	\N	1	1	1	\N	1
1	2025-06-22 14:45:26.692+05:30	t	\N	\N	f	Liam Bennett	recruitment/profile/profile-pic-boy.jpg		\N	liam.bennett@horilla.com	9876540101	recruitment/resume/resume.pdf	\N	\N	\N	\N	\N	\N	male	\N	f	f	f	t	\N	0	\N	not_sent	2025-07-29	\N	1236	2025-07-29 18:54:38.404149+05:30	\N	~	133	1	1	\N	1	1	1	\N	5
6	2025-06-22 14:58:20.41+05:30	t	\N	\N	f	Lucas Rogers	recruitment/profile/profile-pic-boy_8BU4hEF.jpg		\N	lucas.rogers@horilla.com	9876540107	recruitment/resume/resume_SjCrKeM.pdf		None	\N	None	\N	\N	male	\N	f	f	f	t	\N	0	\N	not_sent	2025-07-29	\N	1237	2025-07-29 18:54:38.418478+05:30	\N	~	128	1	6	\N	3	1	2	\N	3
1	2025-06-22 14:45:26.692+05:30	t	\N	\N	f	Liam Bennett	recruitment/profile/profile-pic-boy.jpg		\N	liam.bennett@horilla.com	9876540101	recruitment/resume/resume.pdf	\N	\N	\N	\N	\N	\N	male	\N	f	f	f	t	\N	0	\N	not_sent	2025-07-29	\N	1242	2025-07-29 19:04:38.40174+05:30	\N	~	133	1	1	\N	1	1	1	\N	5
6	2025-06-22 14:58:20.41+05:30	t	\N	\N	f	Lucas Rogers	recruitment/profile/profile-pic-boy_8BU4hEF.jpg		\N	lucas.rogers@horilla.com	9876540107	recruitment/resume/resume_SjCrKeM.pdf		None	\N	None	\N	\N	male	\N	f	f	f	t	\N	0	\N	not_sent	2025-07-29	\N	1243	2025-07-29 19:04:38.43743+05:30	\N	~	128	1	6	\N	3	1	2	\N	3
18	2025-07-24 15:26:55.605574+05:30	t	\N	\N	f	Sayan Deb	https://ui-avatars.com/api/?name=Sayan Deb		\N	sayan@yopmail.com	+9187657656	recruitment/resume/security_report (12).pdf	3/6 Kolkata	India	\N	West Bengal	Kolkata	700102	male	\N	f	f	f	t	\N	0	\N	not_sent	2025-07-29	\N	1244	2025-07-29 19:04:38.459943+05:30	\N	~	\N	1	18	\N	1	1	1	\N	1
22	2025-07-29 16:30:27.378138+05:30	t	\N	\N	f	Anil Sharma	recruitment/profile/Anil_Sharma_Members.PNG_4bb52ea9-6133-4f6e-81ee-d205df0bf012.PNG		\N	sharmaanil@gmail.com	8790231298	recruitment/resume/index-only (1).pdf	kolkata	India	\N	West Bengal	Kolkata	711321	male	\N	f	f	f	t	\N	0	\N	not_sent	2025-07-29	\N	1245	2025-07-29 19:04:38.482655+05:30	\N	~	134	1	22	\N	16	1	7	\N	14
18	2025-07-24 15:26:55.605574+05:30	t	\N	\N	f	Sayan Deb	https://ui-avatars.com/api/?name=Sayan Deb		\N	sayan@yopmail.com	+9187657656	recruitment/resume/security_report (12).pdf	3/6 Kolkata	India	\N	West Bengal	Kolkata	700102	male	\N	f	f	f	t	\N	0	\N	not_sent	2025-07-29	\N	1250	2025-07-29 19:14:38.382322+05:30	\N	~	\N	1	18	\N	1	1	1	\N	1
22	2025-07-29 16:30:27.378138+05:30	t	\N	\N	f	Anil Sharma	recruitment/profile/Anil_Sharma_Members.PNG_4bb52ea9-6133-4f6e-81ee-d205df0bf012.PNG		\N	sharmaanil@gmail.com	8790231298	recruitment/resume/index-only (1).pdf	kolkata	India	\N	West Bengal	Kolkata	711321	male	\N	f	f	f	t	\N	0	\N	not_sent	2025-07-29	\N	1251	2025-07-29 19:14:38.401369+05:30	\N	~	134	1	22	\N	16	1	7	\N	14
6	2025-06-22 14:58:20.41+05:30	t	\N	\N	f	Lucas Rogers	recruitment/profile/profile-pic-boy_8BU4hEF.jpg		\N	lucas.rogers@horilla.com	9876540107	recruitment/resume/resume_SjCrKeM.pdf		None	\N	None	\N	\N	male	\N	f	f	f	t	\N	0	\N	not_sent	2025-07-29	\N	1252	2025-07-29 19:14:38.42551+05:30	\N	~	128	1	6	\N	3	1	2	\N	3
1	2025-06-22 14:45:26.692+05:30	t	\N	\N	f	Liam Bennett	recruitment/profile/profile-pic-boy.jpg		\N	liam.bennett@horilla.com	9876540101	recruitment/resume/resume.pdf	\N	\N	\N	\N	\N	\N	male	\N	f	f	f	t	\N	0	\N	not_sent	2025-07-29	\N	1253	2025-07-29 19:14:38.47362+05:30	\N	~	133	1	1	\N	1	1	1	\N	5
1	2025-06-22 14:45:26.692+05:30	t	\N	\N	f	Liam Bennett	recruitment/profile/profile-pic-boy.jpg		\N	liam.bennett@horilla.com	9876540101	recruitment/resume/resume.pdf	\N	\N	\N	\N	\N	\N	male	\N	f	f	f	t	\N	0	\N	not_sent	2025-07-29	\N	1231	2025-07-29 18:49:38.420743+05:30	\N	~	133	1	1	\N	1	1	1	\N	5
6	2025-06-22 14:58:20.41+05:30	t	\N	\N	f	Lucas Rogers	recruitment/profile/profile-pic-boy_8BU4hEF.jpg		\N	lucas.rogers@horilla.com	9876540107	recruitment/resume/resume_SjCrKeM.pdf		None	\N	None	\N	\N	male	\N	f	f	f	t	\N	0	\N	not_sent	2025-07-29	\N	980	2025-07-29 11:52:00.804966+05:30	\N	~	128	1	6	\N	3	1	2	\N	7
1	2025-06-22 14:45:26.692+05:30	t	\N	\N	f	Liam Bennett	recruitment/profile/profile-pic-boy.jpg		\N	liam.bennett@horilla.com	9876540101	recruitment/resume/resume.pdf	\N	\N	\N	\N	\N	\N	male	\N	f	f	f	t	\N	0	\N	not_sent	2025-07-29	\N	981	2025-07-29 11:52:00.834068+05:30	\N	~	133	1	1	\N	1	1	1	\N	5
6	2025-06-22 14:58:20.41+05:30	t	\N	\N	f	Lucas Rogers	recruitment/profile/profile-pic-boy_8BU4hEF.jpg		\N	lucas.rogers@horilla.com	9876540107	recruitment/resume/resume_SjCrKeM.pdf		None	\N	None	\N	\N	male	\N	f	f	f	t	\N	0	\N	not_sent	2025-07-29	\N	985	2025-07-29 12:02:00.771172+05:30	\N	~	128	1	6	\N	3	1	2	\N	7
1	2025-06-22 14:45:26.692+05:30	t	\N	\N	f	Liam Bennett	recruitment/profile/profile-pic-boy.jpg		\N	liam.bennett@horilla.com	9876540101	recruitment/resume/resume.pdf	\N	\N	\N	\N	\N	\N	male	\N	f	f	f	t	\N	0	\N	not_sent	2025-07-29	\N	986	2025-07-29 12:02:00.790346+05:30	\N	~	133	1	1	\N	1	1	1	\N	5
18	2025-07-24 15:26:55.605574+05:30	t	\N	\N	f	Sayan Deb	https://ui-avatars.com/api/?name=Sayan Deb		\N	sayan@yopmail.com	+9187657656	recruitment/resume/security_report (12).pdf	3/6 Kolkata	India	\N	West Bengal	Kolkata	700102	male	\N	f	f	f	t	\N	0	\N	not_sent	2025-07-29	\N	1232	2025-07-29 18:49:38.436956+05:30	\N	~	\N	1	18	\N	1	1	1	\N	1
1	2025-06-22 14:45:26.692+05:30	t	\N	\N	f	Liam Bennett	recruitment/profile/profile-pic-boy.jpg		\N	liam.bennett@horilla.com	9876540101	recruitment/resume/resume.pdf	\N	\N	\N	\N	\N	\N	male	\N	f	f	f	t	\N	0	\N	not_sent	2025-07-29	\N	991	2025-07-29 12:12:00.734203+05:30	\N	~	133	1	1	\N	1	1	1	\N	5
6	2025-06-22 14:58:20.41+05:30	t	\N	\N	f	Lucas Rogers	recruitment/profile/profile-pic-boy_8BU4hEF.jpg		\N	lucas.rogers@horilla.com	9876540107	recruitment/resume/resume_SjCrKeM.pdf		None	\N	None	\N	\N	male	\N	f	f	f	t	\N	0	\N	not_sent	2025-07-29	\N	1233	2025-07-29 18:49:38.457064+05:30	\N	~	128	1	6	\N	3	1	2	\N	3
6	2025-06-22 14:58:20.41+05:30	t	\N	\N	f	Lucas Rogers	recruitment/profile/profile-pic-boy_8BU4hEF.jpg		\N	lucas.rogers@horilla.com	9876540107	recruitment/resume/resume_SjCrKeM.pdf		None	\N	None	\N	\N	male	\N	f	f	f	t	\N	0	\N	not_sent	2025-07-29	\N	993	2025-07-29 12:12:00.774359+05:30	\N	~	128	1	6	\N	3	1	2	\N	7
6	2025-06-22 14:58:20.41+05:30	t	\N	\N	f	Lucas Rogers	recruitment/profile/profile-pic-boy_8BU4hEF.jpg		\N	lucas.rogers@horilla.com	9876540107	recruitment/resume/resume_SjCrKeM.pdf		None	\N	None	\N	\N	male	\N	f	f	f	t	\N	0	\N	not_sent	2025-07-29	\N	997	2025-07-29 12:22:00.779016+05:30	\N	~	128	1	6	\N	3	1	2	\N	7
1	2025-06-22 14:45:26.692+05:30	t	\N	\N	f	Liam Bennett	recruitment/profile/profile-pic-boy.jpg		\N	liam.bennett@horilla.com	9876540101	recruitment/resume/resume.pdf	\N	\N	\N	\N	\N	\N	male	\N	f	f	f	t	\N	0	\N	not_sent	2025-07-29	\N	998	2025-07-29 12:22:00.805306+05:30	\N	~	133	1	1	\N	1	1	1	\N	5
1	2025-06-22 14:45:26.692+05:30	t	\N	\N	f	Liam Bennett	recruitment/profile/profile-pic-boy.jpg		\N	liam.bennett@horilla.com	9876540101	recruitment/resume/resume.pdf	\N	\N	\N	\N	\N	\N	male	\N	f	f	f	t	\N	0	\N	not_sent	2025-07-29	\N	1238	2025-07-29 18:59:38.376843+05:30	\N	~	133	1	1	\N	1	1	1	\N	5
21	2025-07-29 12:28:19.120933+05:30	t	\N	\N	f	Suparna Das	Members.PNG		\N	dassuparna@gmail.com	9834267190	recruitment/resume/part2.pdf	Kolkata, West Bengal, Pin - 700213	India	\N	West Bengal	Kolkata	700213	female	\N	f	f	f	f	\N	0	\N	not_sent	2025-07-29	\N	1003	2025-07-29 12:28:19.123481+05:30	\N	+	\N	\N	21	\N	3	\N	2	\N	3
6	2025-06-22 14:58:20.41+05:30	t	\N	\N	f	Lucas Rogers	recruitment/profile/profile-pic-boy_8BU4hEF.jpg		\N	lucas.rogers@horilla.com	9876540107	recruitment/resume/resume_SjCrKeM.pdf		None	\N	None	\N	\N	male	\N	f	f	f	t	\N	0	\N	not_sent	2025-07-29	\N	1004	2025-07-29 12:32:00.782277+05:30	\N	~	128	1	6	\N	3	1	2	\N	7
18	2025-07-24 15:26:55.605574+05:30	t	\N	\N	f	Sayan Deb	https://ui-avatars.com/api/?name=Sayan Deb		\N	sayan@yopmail.com	+9187657656	recruitment/resume/security_report (12).pdf	3/6 Kolkata	India	\N	West Bengal	Kolkata	700102	male	\N	f	f	f	t	\N	0	\N	not_sent	2025-07-29	\N	1239	2025-07-29 18:59:38.389095+05:30	\N	~	\N	1	18	\N	1	1	1	\N	1
1	2025-06-22 14:45:26.692+05:30	t	\N	\N	f	Liam Bennett	recruitment/profile/profile-pic-boy.jpg		\N	liam.bennett@horilla.com	9876540101	recruitment/resume/resume.pdf	\N	\N	\N	\N	\N	\N	male	\N	f	f	f	t	\N	0	\N	not_sent	2025-07-29	\N	1006	2025-07-29 12:32:00.883159+05:30	\N	~	133	1	1	\N	1	1	1	\N	5
6	2025-06-22 14:58:20.41+05:30	t	\N	\N	f	Lucas Rogers	recruitment/profile/profile-pic-boy_8BU4hEF.jpg		\N	lucas.rogers@horilla.com	9876540107	recruitment/resume/resume_SjCrKeM.pdf		None	\N	None	\N	\N	male	\N	f	f	f	t	\N	0	\N	not_sent	2025-07-29	\N	1240	2025-07-29 18:59:38.404081+05:30	\N	~	128	1	6	\N	3	1	2	\N	3
22	2025-07-29 16:30:27.378138+05:30	t	\N	\N	f	Anil Sharma	recruitment/profile/Anil_Sharma_Members.PNG_4bb52ea9-6133-4f6e-81ee-d205df0bf012.PNG		\N	sharmaanil@gmail.com	8790231298	recruitment/resume/index-only (1).pdf	kolkata	India	\N	West Bengal	Kolkata	711321	male	\N	f	f	f	t	\N	0	\N	not_sent	2025-07-29	\N	1241	2025-07-29 18:59:38.419325+05:30	\N	~	134	1	22	\N	16	1	7	\N	14
18	2025-07-24 15:26:55.605574+05:30	t	\N	\N	f	Sayan Deb	https://ui-avatars.com/api/?name=Sayan Deb		\N	sayan@yopmail.com	+9187657656	recruitment/resume/security_report (12).pdf	3/6 Kolkata	India	\N	West Bengal	Kolkata	700102	male	\N	f	f	f	t	\N	0	\N	not_sent	2025-07-29	\N	1246	2025-07-29 19:09:38.373358+05:30	\N	~	\N	1	18	\N	1	1	1	\N	1
6	2025-06-22 14:58:20.41+05:30	t	\N	\N	f	Lucas Rogers	recruitment/profile/profile-pic-boy_8BU4hEF.jpg		\N	lucas.rogers@horilla.com	9876540107	recruitment/resume/resume_SjCrKeM.pdf		None	\N	None	\N	\N	male	\N	f	f	f	t	\N	0	\N	not_sent	2025-07-29	\N	1247	2025-07-29 19:09:38.38896+05:30	\N	~	128	1	6	\N	3	1	2	\N	3
22	2025-07-29 16:30:27.378138+05:30	t	\N	\N	f	Anil Sharma	recruitment/profile/Anil_Sharma_Members.PNG_4bb52ea9-6133-4f6e-81ee-d205df0bf012.PNG		\N	sharmaanil@gmail.com	8790231298	recruitment/resume/index-only (1).pdf	kolkata	India	\N	West Bengal	Kolkata	711321	male	\N	f	f	f	t	\N	0	\N	not_sent	2025-07-29	\N	1248	2025-07-29 19:09:38.402618+05:30	\N	~	134	1	22	\N	16	1	7	\N	14
1	2025-06-22 14:45:26.692+05:30	t	\N	\N	f	Liam Bennett	recruitment/profile/profile-pic-boy.jpg		\N	liam.bennett@horilla.com	9876540101	recruitment/resume/resume.pdf	\N	\N	\N	\N	\N	\N	male	\N	f	f	f	t	\N	0	\N	not_sent	2025-07-29	\N	1249	2025-07-29 19:09:38.416307+05:30	\N	~	133	1	1	\N	1	1	1	\N	5
6	2025-06-22 14:58:20.41+05:30	t	\N	\N	f	Lucas Rogers	recruitment/profile/profile-pic-boy_8BU4hEF.jpg		\N	lucas.rogers@horilla.com	9876540107	recruitment/resume/resume_SjCrKeM.pdf		None	\N	None	\N	\N	male	\N	f	f	f	t	\N	0	\N	not_sent	2025-07-29	\N	1254	2025-07-29 19:19:38.377388+05:30	\N	~	128	1	6	\N	3	1	2	\N	3
22	2025-07-29 16:30:27.378138+05:30	t	\N	\N	f	Anil Sharma	recruitment/profile/Anil_Sharma_Members.PNG_4bb52ea9-6133-4f6e-81ee-d205df0bf012.PNG		\N	sharmaanil@gmail.com	8790231298	recruitment/resume/index-only (1).pdf	kolkata	India	\N	West Bengal	Kolkata	711321	male	\N	f	f	f	t	\N	0	\N	not_sent	2025-07-29	\N	1255	2025-07-29 19:19:38.392494+05:30	\N	~	134	1	22	\N	16	1	7	\N	14
1	2025-06-22 14:45:26.692+05:30	t	\N	\N	f	Liam Bennett	recruitment/profile/profile-pic-boy.jpg		\N	liam.bennett@horilla.com	9876540101	recruitment/resume/resume.pdf	\N	\N	\N	\N	\N	\N	male	\N	f	f	f	t	\N	0	\N	not_sent	2025-07-29	\N	1256	2025-07-29 19:19:38.40684+05:30	\N	~	133	1	1	\N	1	1	1	\N	5
18	2025-07-24 15:26:55.605574+05:30	t	\N	\N	f	Sayan Deb	https://ui-avatars.com/api/?name=Sayan Deb		\N	sayan@yopmail.com	+9187657656	recruitment/resume/security_report (12).pdf	3/6 Kolkata	India	\N	West Bengal	Kolkata	700102	male	\N	f	f	f	t	\N	0	\N	not_sent	2025-07-29	\N	1257	2025-07-29 19:19:38.418153+05:30	\N	~	\N	1	18	\N	1	1	1	\N	1
\.


--
